{"id":60434,"date":"2021-07-15T13:55:21","date_gmt":"2021-07-15T11:55:21","guid":{"rendered":"https:\/\/www.right2city.org\/?post_type=document&#038;p=60434"},"modified":"2021-07-15T13:56:48","modified_gmt":"2021-07-15T11:56:48","slug":"avanzando-en-la-implementacion-del-derecho-a-la-ciudad-en-america-latina-y-a-nivel-internacional","status":"publish","type":"document","link":"https:\/\/www.right2city.org\/es\/document\/avanzando-en-la-implementacion-del-derecho-a-la-ciudad-en-america-latina-y-a-nivel-internacional\/","title":{"rendered":"Avanzando en la Implementaci\u00f3n del Derecho a la Ciudad en Am\u00e9rica Latina y a nivel Internacional"},"content":{"rendered":"<p><img loading=\"lazy\" decoding=\"async\" class=\"alignnone wp-image-60435 size-full\" src=\"https:\/\/www.right2city.org\/wp-content\/uploads\/2021\/07\/Captura-de-Pantalla-2021-07-15-a-les-13.55.48-e1626350196640.png\" alt=\"Portada Avanzando en la Implementaci\u00f3n del Derecho a la Ciudad en Am\u00e9rica Latina y a nivel Internacional\" width=\"1868\" height=\"1314\" srcset=\"https:\/\/www.right2city.org\/wp-content\/uploads\/2021\/07\/Captura-de-Pantalla-2021-07-15-a-les-13.55.48-e1626350196640.png 1868w, https:\/\/www.right2city.org\/wp-content\/uploads\/2021\/07\/Captura-de-Pantalla-2021-07-15-a-les-13.55.48-e1626350196640-1280x720.png 1280w, https:\/\/www.right2city.org\/wp-content\/uploads\/2021\/07\/Captura-de-Pantalla-2021-07-15-a-les-13.55.48-e1626350196640-980x551.png 980w, https:\/\/www.right2city.org\/wp-content\/uploads\/2021\/07\/Captura-de-Pantalla-2021-07-15-a-les-13.55.48-e1626350196640-480x270.png 480w\" sizes=\"(min-width: 0px) and (max-width: 480px) 480px, (min-width: 481px) and (max-width: 980px) 980px, (min-width: 981px) and (max-width: 1280px) 1280px, (min-width: 1281px) 1868px, 100vw\" \/><\/p>\n<p><span dir=\"ltr\">La presente publicaci\u00f3n contiene la investigaci\u00f3n \u201cAvanzando <\/span><span dir=\"ltr\">en la Implementaci\u00f3n del Derecho a la Ciudad en Am\u00e9rica <\/span><span dir=\"ltr\">Latina y a nivel Internacional\u201d, una iniciativa de la Plataforma <\/span><span dir=\"ltr\">Global por el Derecho a la Ciudad.<\/span><\/p>\n<p>&nbsp;<\/p>\n","protected":false},"featured_media":60435,"template":"","meta":{"_acf_changed":false,"_et_pb_use_builder":"","_et_pb_old_content":"","_et_gb_content_width":"","cybocfi_hide_featured_image":""},"categories":[98],"tags":[],"themes":[125,121,126],"agendas_globales":[],"document_type":[289],"class_list":["post-60434","document","type-document","status-publish","has-post-thumbnail","hentry","category-sin-categorizar","themes-ciudadania-inclusiva","themes-economias-diversas-e-inclusivas","themes-funcion-social","document_type-publication-es"],"acf":[],"yoast_head":"<!-- This site is optimized with the Yoast SEO plugin v27.4 - https:\/\/yoast.com\/product\/yoast-seo-wordpress\/ -->\n<title>Avanzando en la Implementaci\u00f3n del Derecho a la Ciudad en Am\u00e9rica Latina y a nivel Internacional - Right to the city<\/title>\n<meta name=\"robots\" content=\"index, follow, max-snippet:-1, max-image-preview:large, max-video-preview:-1\" \/>\n<link rel=\"canonical\" href=\"https:\/\/www.right2city.org\/es\/document\/avanzando-en-la-implementacion-del-derecho-a-la-ciudad-en-america-latina-y-a-nivel-internacional\/\" \/>\n<meta property=\"og:locale\" content=\"es_ES\" \/>\n<meta property=\"og:type\" content=\"article\" \/>\n<meta property=\"og:title\" content=\"Avanzando en la Implementaci\u00f3n del Derecho a la Ciudad en Am\u00e9rica Latina y a nivel Internacional - Right to the city\" \/>\n<meta property=\"og:description\" content=\"La presente publicaci\u00f3n contiene la investigaci\u00f3n \u201cAvanzando en la Implementaci\u00f3n del Derecho a la Ciudad en Am\u00e9rica Latina y a nivel Internacional\u201d, una iniciativa de la Plataforma Global por el Derecho a la Ciudad. &nbsp;\" \/>\n<meta property=\"og:url\" content=\"https:\/\/www.right2city.org\/es\/document\/avanzando-en-la-implementacion-del-derecho-a-la-ciudad-en-america-latina-y-a-nivel-internacional\/\" \/>\n<meta property=\"og:site_name\" content=\"Right to the city\" \/>\n<meta property=\"article:modified_time\" content=\"2021-07-15T11:56:48+00:00\" \/>\n<meta property=\"og:image\" content=\"https:\/\/www.right2city.org\/wp-content\/uploads\/2021\/07\/Captura-de-Pantalla-2021-07-15-a-les-13.55.48-e1626350196640.png\" \/>\n\t<meta property=\"og:image:width\" content=\"1868\" \/>\n\t<meta property=\"og:image:height\" content=\"1314\" \/>\n\t<meta property=\"og:image:type\" content=\"image\/png\" \/>\n<meta name=\"twitter:card\" content=\"summary_large_image\" \/>\n<script type=\"application\/ld+json\" class=\"yoast-schema-graph\">{\"@context\":\"https:\\\/\\\/schema.org\",\"@graph\":[{\"@type\":\"WebPage\",\"@id\":\"https:\\\/\\\/www.right2city.org\\\/es\\\/document\\\/avanzando-en-la-implementacion-del-derecho-a-la-ciudad-en-america-latina-y-a-nivel-internacional\\\/\",\"url\":\"https:\\\/\\\/www.right2city.org\\\/es\\\/document\\\/avanzando-en-la-implementacion-del-derecho-a-la-ciudad-en-america-latina-y-a-nivel-internacional\\\/\",\"name\":\"Avanzando en la Implementaci\u00f3n del Derecho a la Ciudad en Am\u00e9rica Latina y a nivel Internacional - Right to the city\",\"isPartOf\":{\"@id\":\"https:\\\/\\\/www.right2city.org\\\/es\\\/#website\"},\"primaryImageOfPage\":{\"@id\":\"https:\\\/\\\/www.right2city.org\\\/es\\\/document\\\/avanzando-en-la-implementacion-del-derecho-a-la-ciudad-en-america-latina-y-a-nivel-internacional\\\/#primaryimage\"},\"image\":{\"@id\":\"https:\\\/\\\/www.right2city.org\\\/es\\\/document\\\/avanzando-en-la-implementacion-del-derecho-a-la-ciudad-en-america-latina-y-a-nivel-internacional\\\/#primaryimage\"},\"thumbnailUrl\":\"https:\\\/\\\/www.right2city.org\\\/wp-content\\\/uploads\\\/2021\\\/07\\\/Captura-de-Pantalla-2021-07-15-a-les-13.55.48-e1626350196640.png\",\"datePublished\":\"2021-07-15T11:55:21+00:00\",\"dateModified\":\"2021-07-15T11:56:48+00:00\",\"breadcrumb\":{\"@id\":\"https:\\\/\\\/www.right2city.org\\\/es\\\/document\\\/avanzando-en-la-implementacion-del-derecho-a-la-ciudad-en-america-latina-y-a-nivel-internacional\\\/#breadcrumb\"},\"inLanguage\":\"es\",\"potentialAction\":[{\"@type\":\"ReadAction\",\"target\":[\"https:\\\/\\\/www.right2city.org\\\/es\\\/document\\\/avanzando-en-la-implementacion-del-derecho-a-la-ciudad-en-america-latina-y-a-nivel-internacional\\\/\"]}]},{\"@type\":\"ImageObject\",\"inLanguage\":\"es\",\"@id\":\"https:\\\/\\\/www.right2city.org\\\/es\\\/document\\\/avanzando-en-la-implementacion-del-derecho-a-la-ciudad-en-america-latina-y-a-nivel-internacional\\\/#primaryimage\",\"url\":\"https:\\\/\\\/www.right2city.org\\\/wp-content\\\/uploads\\\/2021\\\/07\\\/Captura-de-Pantalla-2021-07-15-a-les-13.55.48-e1626350196640.png\",\"contentUrl\":\"https:\\\/\\\/www.right2city.org\\\/wp-content\\\/uploads\\\/2021\\\/07\\\/Captura-de-Pantalla-2021-07-15-a-les-13.55.48-e1626350196640.png\",\"width\":1868,\"height\":1314,\"caption\":\"Portada Avanzando en la Implementaci\u00f3n del Derecho a la Ciudad en Am\u00e9rica Latina y a nivel Internacional\"},{\"@type\":\"BreadcrumbList\",\"@id\":\"https:\\\/\\\/www.right2city.org\\\/es\\\/document\\\/avanzando-en-la-implementacion-del-derecho-a-la-ciudad-en-america-latina-y-a-nivel-internacional\\\/#breadcrumb\",\"itemListElement\":[{\"@type\":\"ListItem\",\"position\":1,\"name\":\"Home\",\"item\":\"https:\\\/\\\/www.right2city.org\\\/es\\\/\"},{\"@type\":\"ListItem\",\"position\":2,\"name\":\"Avanzando en la Implementaci\u00f3n del Derecho a la Ciudad en Am\u00e9rica Latina y a nivel Internacional\"}]},{\"@type\":\"WebSite\",\"@id\":\"https:\\\/\\\/www.right2city.org\\\/es\\\/#website\",\"url\":\"https:\\\/\\\/www.right2city.org\\\/es\\\/\",\"name\":\"Right to the city\",\"description\":\"Global Platform for the Right to the City\",\"potentialAction\":[{\"@type\":\"SearchAction\",\"target\":{\"@type\":\"EntryPoint\",\"urlTemplate\":\"https:\\\/\\\/www.right2city.org\\\/es\\\/?s={search_term_string}\"},\"query-input\":{\"@type\":\"PropertyValueSpecification\",\"valueRequired\":true,\"valueName\":\"search_term_string\"}}],\"inLanguage\":\"es\"}]}<\/script>\n<!-- \/ Yoast SEO plugin. -->","yoast_head_json":{"title":"Avanzando en la Implementaci\u00f3n del Derecho a la Ciudad en Am\u00e9rica Latina y a nivel Internacional - Right to the city","robots":{"index":"index","follow":"follow","max-snippet":"max-snippet:-1","max-image-preview":"max-image-preview:large","max-video-preview":"max-video-preview:-1"},"canonical":"https:\/\/www.right2city.org\/es\/document\/avanzando-en-la-implementacion-del-derecho-a-la-ciudad-en-america-latina-y-a-nivel-internacional\/","og_locale":"es_ES","og_type":"article","og_title":"Avanzando en la Implementaci\u00f3n del Derecho a la Ciudad en Am\u00e9rica Latina y a nivel Internacional - Right to the city","og_description":"La presente publicaci\u00f3n contiene la investigaci\u00f3n \u201cAvanzando en la Implementaci\u00f3n del Derecho a la Ciudad en Am\u00e9rica Latina y a nivel Internacional\u201d, una iniciativa de la Plataforma Global por el Derecho a la Ciudad. &nbsp;","og_url":"https:\/\/www.right2city.org\/es\/document\/avanzando-en-la-implementacion-del-derecho-a-la-ciudad-en-america-latina-y-a-nivel-internacional\/","og_site_name":"Right to the city","article_modified_time":"2021-07-15T11:56:48+00:00","og_image":[{"width":1868,"height":1314,"url":"https:\/\/www.right2city.org\/wp-content\/uploads\/2021\/07\/Captura-de-Pantalla-2021-07-15-a-les-13.55.48-e1626350196640.png","type":"image\/png"}],"twitter_card":"summary_large_image","schema":{"@context":"https:\/\/schema.org","@graph":[{"@type":"WebPage","@id":"https:\/\/www.right2city.org\/es\/document\/avanzando-en-la-implementacion-del-derecho-a-la-ciudad-en-america-latina-y-a-nivel-internacional\/","url":"https:\/\/www.right2city.org\/es\/document\/avanzando-en-la-implementacion-del-derecho-a-la-ciudad-en-america-latina-y-a-nivel-internacional\/","name":"Avanzando en la Implementaci\u00f3n del Derecho a la Ciudad en Am\u00e9rica Latina y a nivel Internacional - Right to the city","isPartOf":{"@id":"https:\/\/www.right2city.org\/es\/#website"},"primaryImageOfPage":{"@id":"https:\/\/www.right2city.org\/es\/document\/avanzando-en-la-implementacion-del-derecho-a-la-ciudad-en-america-latina-y-a-nivel-internacional\/#primaryimage"},"image":{"@id":"https:\/\/www.right2city.org\/es\/document\/avanzando-en-la-implementacion-del-derecho-a-la-ciudad-en-america-latina-y-a-nivel-internacional\/#primaryimage"},"thumbnailUrl":"https:\/\/www.right2city.org\/wp-content\/uploads\/2021\/07\/Captura-de-Pantalla-2021-07-15-a-les-13.55.48-e1626350196640.png","datePublished":"2021-07-15T11:55:21+00:00","dateModified":"2021-07-15T11:56:48+00:00","breadcrumb":{"@id":"https:\/\/www.right2city.org\/es\/document\/avanzando-en-la-implementacion-del-derecho-a-la-ciudad-en-america-latina-y-a-nivel-internacional\/#breadcrumb"},"inLanguage":"es","potentialAction":[{"@type":"ReadAction","target":["https:\/\/www.right2city.org\/es\/document\/avanzando-en-la-implementacion-del-derecho-a-la-ciudad-en-america-latina-y-a-nivel-internacional\/"]}]},{"@type":"ImageObject","inLanguage":"es","@id":"https:\/\/www.right2city.org\/es\/document\/avanzando-en-la-implementacion-del-derecho-a-la-ciudad-en-america-latina-y-a-nivel-internacional\/#primaryimage","url":"https:\/\/www.right2city.org\/wp-content\/uploads\/2021\/07\/Captura-de-Pantalla-2021-07-15-a-les-13.55.48-e1626350196640.png","contentUrl":"https:\/\/www.right2city.org\/wp-content\/uploads\/2021\/07\/Captura-de-Pantalla-2021-07-15-a-les-13.55.48-e1626350196640.png","width":1868,"height":1314,"caption":"Portada Avanzando en la Implementaci\u00f3n del Derecho a la Ciudad en Am\u00e9rica Latina y a nivel Internacional"},{"@type":"BreadcrumbList","@id":"https:\/\/www.right2city.org\/es\/document\/avanzando-en-la-implementacion-del-derecho-a-la-ciudad-en-america-latina-y-a-nivel-internacional\/#breadcrumb","itemListElement":[{"@type":"ListItem","position":1,"name":"Home","item":"https:\/\/www.right2city.org\/es\/"},{"@type":"ListItem","position":2,"name":"Avanzando en la Implementaci\u00f3n del Derecho a la Ciudad en Am\u00e9rica Latina y a nivel Internacional"}]},{"@type":"WebSite","@id":"https:\/\/www.right2city.org\/es\/#website","url":"https:\/\/www.right2city.org\/es\/","name":"Right to the city","description":"Global Platform for the Right to the City","potentialAction":[{"@type":"SearchAction","target":{"@type":"EntryPoint","urlTemplate":"https:\/\/www.right2city.org\/es\/?s={search_term_string}"},"query-input":{"@type":"PropertyValueSpecification","valueRequired":true,"valueName":"search_term_string"}}],"inLanguage":"es"}]}},"_links":{"self":[{"href":"https:\/\/www.right2city.org\/es\/wp-json\/wp\/v2\/document\/60434","targetHints":{"allow":["GET"]}}],"collection":[{"href":"https:\/\/www.right2city.org\/es\/wp-json\/wp\/v2\/document"}],"about":[{"href":"https:\/\/www.right2city.org\/es\/wp-json\/wp\/v2\/types\/document"}],"wp:featuredmedia":[{"embeddable":true,"href":"https:\/\/www.right2city.org\/es\/wp-json\/wp\/v2\/media\/60435"}],"wp:attachment":[{"href":"https:\/\/www.right2city.org\/es\/wp-json\/wp\/v2\/media?parent=60434"}],"wp:term":[{"taxonomy":"category","embeddable":true,"href":"https:\/\/www.right2city.org\/es\/wp-json\/wp\/v2\/categories?post=60434"},{"taxonomy":"post_tag","embeddable":true,"href":"https:\/\/www.right2city.org\/es\/wp-json\/wp\/v2\/tags?post=60434"},{"taxonomy":"themes","embeddable":true,"href":"https:\/\/www.right2city.org\/es\/wp-json\/wp\/v2\/themes?post=60434"},{"taxonomy":"agendas_globales","embeddable":true,"href":"https:\/\/www.right2city.org\/es\/wp-json\/wp\/v2\/agendas_globales?post=60434"},{"taxonomy":"document_type","embeddable":true,"href":"https:\/\/www.right2city.org\/es\/wp-json\/wp\/v2\/document_type?post=60434"}],"curies":[{"name":"wp","href":"https:\/\/api.w.org\/{rel}","templated":true}]}}

Avanzando en la Implementación del Derecho a la Ciudad en América Latina y a nivel Internacional

<p><img loading="lazy" decoding="async" class="alignnone wp-image-60435 size-full" src="https://www.right2city.org/wp-content/uploads/2021/07/Captura-de-Pantalla-2021-07-15-a-les-13.55.48-e1626350196640.png" alt="Portada Avanzando en la Implementación del Derecho a la Ciudad en América Latina y a nivel Internacional" width="1868" height="1314" srcset="https://www.right2city.org/wp-content/uploads/2021/07/Captura-de-Pantalla-2021-07-15-a-les-13.55.48-e1626350196640.png 1868w, https://www.right2city.org/wp-content/uploads/2021/07/Captura-de-Pantalla-2021-07-15-a-les-13.55.48-e1626350196640-1280x720.png 1280w, https://www.right2city.org/wp-content/uploads/2021/07/Captura-de-Pantalla-2021-07-15-a-les-13.55.48-e1626350196640-980x551.png 980w, https://www.right2city.org/wp-content/uploads/2021/07/Captura-de-Pantalla-2021-07-15-a-les-13.55.48-e1626350196640-480x270.png 480w" sizes="(min-width: 0px) and (max-width: 480px) 480px, (min-width: 481px) and (max-width: 980px) 980px, (min-width: 981px) and (max-width: 1280px) 1280px, (min-width: 1281px) 1868px, 100vw" /></p>
<p><span dir="ltr">La presente publicación contiene la investigación “Avanzando </span><span dir="ltr">en la Implementación del Derecho a la Ciudad en América </span><span dir="ltr">Latina y a nivel Internacional”, una iniciativa de la Plataforma </span><span dir="ltr">Global por el Derecho a la Ciudad.</span></p>
<p>&nbsp;</p>

<!-- This site is optimized with the Yoast SEO plugin v27.4 - https://yoast.com/product/yoast-seo-wordpress/ -->
<title>Avanzando en la Implementación del Derecho a la Ciudad en América Latina y a nivel Internacional - Right to the city</title>
<meta name="robots" content="index, follow, max-snippet:-1, max-image-preview:large, max-video-preview:-1" />
<link rel="canonical" href="https://www.right2city.org/es/document/avanzando-en-la-implementacion-del-derecho-a-la-ciudad-en-america-latina-y-a-nivel-internacional/" />
<meta property="og:locale" content="es_ES" />
<meta property="og:type" content="article" />
<meta property="og:title" content="Avanzando en la Implementación del Derecho a la Ciudad en América Latina y a nivel Internacional - Right to the city" />
<meta property="og:description" content="La presente publicación contiene la investigación “Avanzando en la Implementación del Derecho a la Ciudad en América Latina y a nivel Internacional”, una iniciativa de la Plataforma Global por el Derecho a la Ciudad. &nbsp;" />
<meta property="og:url" content="https://www.right2city.org/es/document/avanzando-en-la-implementacion-del-derecho-a-la-ciudad-en-america-latina-y-a-nivel-internacional/" />
<meta property="og:site_name" content="Right to the city" />
<meta property="article:modified_time" content="2021-07-15T11:56:48+00:00" />
<meta property="og:image" content="https://www.right2city.org/wp-content/uploads/2021/07/Captura-de-Pantalla-2021-07-15-a-les-13.55.48-e1626350196640.png" />
	<meta property="og:image:width" content="1868" />
	<meta property="og:image:height" content="1314" />
	<meta property="og:image:type" content="image/png" />
<meta name="twitter:card" content="summary_large_image" />
<script type="application/ld+json" class="yoast-schema-graph">{"@context":"https:\/\/schema.org","@graph":[{"@type":"WebPage","@id":"https:\/\/www.right2city.org\/es\/document\/avanzando-en-la-implementacion-del-derecho-a-la-ciudad-en-america-latina-y-a-nivel-internacional\/","url":"https:\/\/www.right2city.org\/es\/document\/avanzando-en-la-implementacion-del-derecho-a-la-ciudad-en-america-latina-y-a-nivel-internacional\/","name":"Avanzando en la Implementación del Derecho a la Ciudad en América Latina y a nivel Internacional - Right to the city","isPartOf":{"@id":"https:\/\/www.right2city.org\/es\/#website"},"primaryImageOfPage":{"@id":"https:\/\/www.right2city.org\/es\/document\/avanzando-en-la-implementacion-del-derecho-a-la-ciudad-en-america-latina-y-a-nivel-internacional\/#primaryimage"},"image":{"@id":"https:\/\/www.right2city.org\/es\/document\/avanzando-en-la-implementacion-del-derecho-a-la-ciudad-en-america-latina-y-a-nivel-internacional\/#primaryimage"},"thumbnailUrl":"https:\/\/www.right2city.org\/wp-content\/uploads\/2021\/07\/Captura-de-Pantalla-2021-07-15-a-les-13.55.48-e1626350196640.png","datePublished":"2021-07-15T11:55:21+00:00","dateModified":"2021-07-15T11:56:48+00:00","breadcrumb":{"@id":"https:\/\/www.right2city.org\/es\/document\/avanzando-en-la-implementacion-del-derecho-a-la-ciudad-en-america-latina-y-a-nivel-internacional\/#breadcrumb"},"inLanguage":"es","potentialAction":[{"@type":"ReadAction","target":["https:\/\/www.right2city.org\/es\/document\/avanzando-en-la-implementacion-del-derecho-a-la-ciudad-en-america-latina-y-a-nivel-internacional\/"]}]},{"@type":"ImageObject","inLanguage":"es","@id":"https:\/\/www.right2city.org\/es\/document\/avanzando-en-la-implementacion-del-derecho-a-la-ciudad-en-america-latina-y-a-nivel-internacional\/#primaryimage","url":"https:\/\/www.right2city.org\/wp-content\/uploads\/2021\/07\/Captura-de-Pantalla-2021-07-15-a-les-13.55.48-e1626350196640.png","contentUrl":"https:\/\/www.right2city.org\/wp-content\/uploads\/2021\/07\/Captura-de-Pantalla-2021-07-15-a-les-13.55.48-e1626350196640.png","width":1868,"height":1314,"caption":"Portada Avanzando en la Implementación del Derecho a la Ciudad en América Latina y a nivel Internacional"},{"@type":"BreadcrumbList","@id":"https:\/\/www.right2city.org\/es\/document\/avanzando-en-la-implementacion-del-derecho-a-la-ciudad-en-america-latina-y-a-nivel-internacional\/#breadcrumb","itemListElement":[{"@type":"ListItem","position":1,"name":"Home","item":"https:\/\/www.right2city.org\/es\/"},{"@type":"ListItem","position":2,"name":"Avanzando en la Implementación del Derecho a la Ciudad en América Latina y a nivel Internacional"}]},{"@type":"WebSite","@id":"https:\/\/www.right2city.org\/es\/#website","url":"https:\/\/www.right2city.org\/es\/","name":"Right to the city","description":"Global Platform for the Right to the City","potentialAction":[{"@type":"SearchAction","target":{"@type":"EntryPoint","urlTemplate":"https:\/\/www.right2city.org\/es\/?s={search_term_string}"},"query-input":{"@type":"PropertyValueSpecification","valueRequired":true,"valueName":"search_term_string"}}],"inLanguage":"es"}]}</script>
<!-- / Yoast SEO plugin. -->

Avanzando en la Implementación del Derecho a la Ciudad en América Latina y a nivel Internacional - Right to the city

La presente publicación contiene la investigación “Avanzando en la Implementación del Derecho a la Ciudad en América Latina y a nivel Internacional”, una iniciativa de la Plataforma Global por el Derecho a la Ciudad. &nbsp;

Portada Avanzando en la Implementación del Derecho a la Ciudad en América Latina y a nivel Internacional
