{"id":53202,"date":"2018-09-03T15:58:42","date_gmt":"2018-09-03T13:58:42","guid":{"rendered":"https:\/\/www.right2city.org\/events\/espanol-encuentro-internacional-por-ciudades-igualitarias-eipci\/"},"modified":"2018-09-03T15:58:42","modified_gmt":"2018-09-03T13:58:42","slug":"espanol-encuentro-internacional-por-ciudades-igualitarias-eipci","status":"publish","type":"events","link":"https:\/\/www.right2city.org\/es\/events\/espanol-encuentro-internacional-por-ciudades-igualitarias-eipci\/","title":{"rendered":"Encuentro Internacional por Ciudades Igualitarias (EipCI)"},"content":{"rendered":"<p>&nbsp;<\/p>\n<p><a href=\"http:\/\/www.righttothecityplatform.org.br\/event\/espanol-encuentro-internacional-por-ciudades-igualitarias-eipci\/portada-evento\/\" rel=\"attachment wp-att-3150\"><img loading=\"lazy\" decoding=\"async\" class=\"aligncenter size-full wp-image-3150\" src=\"https:\/\/www.right2city.org\/wp-content\/uploads\/2020\/01\/portada-evento.jpg\" alt=\"\" width=\"500\" height=\"262\" \/><\/a><\/p>\n<p style=\"text-align: center;\"><a href=\"http:\/\/www.righttothecityplatform.org.br\/event\/espanol-encuentro-internacional-por-ciudades-igualitarias-eipci\/declaracion-eipci\/\">Declaraci\u00f3n del Encuentro internacional por Ciudades Igualitarias<\/a><\/p>\n<p><strong>Un compromiso com\u00fan<\/strong><\/p>\n<p>Nosotros organizaciones, movimientos y redes de pobladores, acad\u00e9micos y gobiernos locales\u00a0comprometidos con la justicia social territorial nos hemos reunido en Buenos Aires, en simult\u00e1neo a\u00a0la reuni\u00f3n convocada oficialmente por <a href=\"http:\/\/www.urban20.org\/\">URBAN 20<\/a>, para discutir una posici\u00f3n alternativa a las\u00a0gestiones urbanas neoliberales e intercambiar ideas y experiencias sobre las ciudades a las que\u00a0aspiramos en este contexto internacional de crisis econ\u00f3mica, social, ambiental y pol\u00edtica.<br \/>\nNos apoyamos en contribuciones esenciales como la Declaraci\u00f3n municipalista por el Derecho a la\u00a0Vivienda y el Derecho a la Ciudad y en todos los instrumentos internacionales que promueven la\u00a0garant\u00eda del derecho a la vivienda y al h\u00e1bitat digno como derechos humanos fundamentales.<br \/>\nEntendemos el Derecho a la Ciudad como el derecho de todos los habitantes, presentes y futuros,\u00a0permanentes y temporales, a habitar, utilizar, ocupar, producir, transformar, gobernar y disfrutar\u00a0ciudades, pueblos y asentamientos urbanos justos, igualitarios, seguros, sostenibles y democr\u00e1ticos,\u00a0definidos como bienes comunes para una vida digna, que debe compartirse y pertenecer a todos los\u00a0miembros de la comunidad.<br \/>\nLa defensa del Derecho a la Ciudad reafirma, actualiza y defiende los derechos humanos y las correspondientes obligaciones estatales: el acuerdo de \u201cno dejar a nadie atr\u00e1s\u201d, de la Agenda 2030, y\u00a0el \u201cno dejar ning\u00fan lugar atr\u00e1s\u201d, de Declaraci\u00f3n del 9\u00ba Foro Urbano Mundial. Las ciudades pueden ser\u00a0un lugar para todas y todos.<\/p>\n<p><a href=\"http:\/\/www.righttothecityplatform.org.br\/event\/espanol-encuentro-internacional-por-ciudades-igualitarias-eipci\/declaracion-eipci\/\">Descarga la Declaraci\u00f3n completa.<\/a><\/p>\n<p>M\u00e1s info:<\/p>\n<p><a href=\"https:\/\/drive.google.com\/file\/d\/1sKJ8s6aP9vYMvMKhOOmxqBa6uKkb0_1g\/view\" rel=\"attachment wp-att-2993\">Descarga la convocatoria.<\/a><\/p>\n<p><a href=\"http:\/\/www.righttothecityplatform.org.br\/wp-content\/uploads\/guia-CI.jpg\">Descarga el Programa<\/a><\/p>\n<p>\u00danete al evento en facebook:\u00a0<a href=\"https:\/\/www.facebook.com\/events\/488955661586892\/\">https:\/\/www.facebook.com\/events\/488955661586892\/<\/a><\/p>\n","protected":false},"featured_media":0,"template":"","meta":{"_acf_changed":false,"_et_pb_use_builder":"","_et_pb_old_content":"","_et_gb_content_width":"","cybocfi_hide_featured_image":""},"themes":[],"agendas_globales":[],"class_list":["post-53202","events","type-events","status-publish","hentry"],"acf":[],"yoast_head":"<!-- This site is optimized with the Yoast SEO plugin v27.5 - https:\/\/yoast.com\/product\/yoast-seo-wordpress\/ -->\n<title>Encuentro Internacional por Ciudades Igualitarias (EipCI) - Right to the city<\/title>\n<meta name=\"robots\" content=\"index, follow, max-snippet:-1, max-image-preview:large, max-video-preview:-1\" \/>\n<link rel=\"canonical\" href=\"https:\/\/www.right2city.org\/es\/events\/espanol-encuentro-internacional-por-ciudades-igualitarias-eipci\/\" \/>\n<meta property=\"og:locale\" content=\"es_ES\" \/>\n<meta property=\"og:type\" content=\"article\" \/>\n<meta property=\"og:title\" content=\"Encuentro Internacional por Ciudades Igualitarias (EipCI) - Right to the city\" \/>\n<meta property=\"og:description\" content=\"&nbsp; Declaraci\u00f3n del Encuentro internacional por Ciudades Igualitarias Un compromiso com\u00fan Nosotros organizaciones, movimientos y redes de pobladores, acad\u00e9micos y gobiernos locales\u00a0comprometidos con la justicia social territorial nos hemos reunido en Buenos Aires, en simult\u00e1neo a\u00a0la reuni\u00f3n convocada oficialmente por URBAN 20, para discutir una posici\u00f3n alternativa a las\u00a0gestiones urbanas neoliberales e intercambiar ideas y [&hellip;]\" \/>\n<meta property=\"og:url\" content=\"https:\/\/www.right2city.org\/es\/events\/espanol-encuentro-internacional-por-ciudades-igualitarias-eipci\/\" \/>\n<meta property=\"og:site_name\" content=\"Right to the city\" \/>\n<meta property=\"og:image\" content=\"https:\/\/www.right2city.org\/wp-content\/uploads\/2020\/01\/portada-evento.jpg\" \/>\n<meta name=\"twitter:card\" content=\"summary_large_image\" \/>\n<meta name=\"twitter:label1\" content=\"Tiempo de lectura\" \/>\n\t<meta name=\"twitter:data1\" content=\"1 minuto\" \/>\n<script type=\"application\/ld+json\" class=\"yoast-schema-graph\">{\"@context\":\"https:\\\/\\\/schema.org\",\"@graph\":[{\"@type\":\"WebPage\",\"@id\":\"https:\\\/\\\/www.right2city.org\\\/es\\\/events\\\/espanol-encuentro-internacional-por-ciudades-igualitarias-eipci\\\/\",\"url\":\"https:\\\/\\\/www.right2city.org\\\/es\\\/events\\\/espanol-encuentro-internacional-por-ciudades-igualitarias-eipci\\\/\",\"name\":\"Encuentro Internacional por Ciudades Igualitarias (EipCI) - Right to the city\",\"isPartOf\":{\"@id\":\"https:\\\/\\\/www.right2city.org\\\/es\\\/#website\"},\"primaryImageOfPage\":{\"@id\":\"https:\\\/\\\/www.right2city.org\\\/es\\\/events\\\/espanol-encuentro-internacional-por-ciudades-igualitarias-eipci\\\/#primaryimage\"},\"image\":{\"@id\":\"https:\\\/\\\/www.right2city.org\\\/es\\\/events\\\/espanol-encuentro-internacional-por-ciudades-igualitarias-eipci\\\/#primaryimage\"},\"thumbnailUrl\":\"https:\\\/\\\/www.right2city.org\\\/wp-content\\\/uploads\\\/2020\\\/01\\\/portada-evento.jpg\",\"datePublished\":\"2018-09-03T13:58:42+00:00\",\"breadcrumb\":{\"@id\":\"https:\\\/\\\/www.right2city.org\\\/es\\\/events\\\/espanol-encuentro-internacional-por-ciudades-igualitarias-eipci\\\/#breadcrumb\"},\"inLanguage\":\"es\",\"potentialAction\":[{\"@type\":\"ReadAction\",\"target\":[\"https:\\\/\\\/www.right2city.org\\\/es\\\/events\\\/espanol-encuentro-internacional-por-ciudades-igualitarias-eipci\\\/\"]}]},{\"@type\":\"ImageObject\",\"inLanguage\":\"es\",\"@id\":\"https:\\\/\\\/www.right2city.org\\\/es\\\/events\\\/espanol-encuentro-internacional-por-ciudades-igualitarias-eipci\\\/#primaryimage\",\"url\":\"https:\\\/\\\/www.right2city.org\\\/wp-content\\\/uploads\\\/2020\\\/01\\\/portada-evento.jpg\",\"contentUrl\":\"https:\\\/\\\/www.right2city.org\\\/wp-content\\\/uploads\\\/2020\\\/01\\\/portada-evento.jpg\"},{\"@type\":\"BreadcrumbList\",\"@id\":\"https:\\\/\\\/www.right2city.org\\\/es\\\/events\\\/espanol-encuentro-internacional-por-ciudades-igualitarias-eipci\\\/#breadcrumb\",\"itemListElement\":[{\"@type\":\"ListItem\",\"position\":1,\"name\":\"Home\",\"item\":\"https:\\\/\\\/www.right2city.org\\\/es\\\/\"},{\"@type\":\"ListItem\",\"position\":2,\"name\":\"Encuentro Internacional por Ciudades Igualitarias (EipCI)\"}]},{\"@type\":\"WebSite\",\"@id\":\"https:\\\/\\\/www.right2city.org\\\/es\\\/#website\",\"url\":\"https:\\\/\\\/www.right2city.org\\\/es\\\/\",\"name\":\"Right to the city\",\"description\":\"Global Platform for the Right to the City\",\"potentialAction\":[{\"@type\":\"SearchAction\",\"target\":{\"@type\":\"EntryPoint\",\"urlTemplate\":\"https:\\\/\\\/www.right2city.org\\\/es\\\/?s={search_term_string}\"},\"query-input\":{\"@type\":\"PropertyValueSpecification\",\"valueRequired\":true,\"valueName\":\"search_term_string\"}}],\"inLanguage\":\"es\"}]}<\/script>\n<!-- \/ Yoast SEO plugin. -->","yoast_head_json":{"title":"Encuentro Internacional por Ciudades Igualitarias (EipCI) - Right to the city","robots":{"index":"index","follow":"follow","max-snippet":"max-snippet:-1","max-image-preview":"max-image-preview:large","max-video-preview":"max-video-preview:-1"},"canonical":"https:\/\/www.right2city.org\/es\/events\/espanol-encuentro-internacional-por-ciudades-igualitarias-eipci\/","og_locale":"es_ES","og_type":"article","og_title":"Encuentro Internacional por Ciudades Igualitarias (EipCI) - Right to the city","og_description":"&nbsp; Declaraci\u00f3n del Encuentro internacional por Ciudades Igualitarias Un compromiso com\u00fan Nosotros organizaciones, movimientos y redes de pobladores, acad\u00e9micos y gobiernos locales\u00a0comprometidos con la justicia social territorial nos hemos reunido en Buenos Aires, en simult\u00e1neo a\u00a0la reuni\u00f3n convocada oficialmente por URBAN 20, para discutir una posici\u00f3n alternativa a las\u00a0gestiones urbanas neoliberales e intercambiar ideas y [&hellip;]","og_url":"https:\/\/www.right2city.org\/es\/events\/espanol-encuentro-internacional-por-ciudades-igualitarias-eipci\/","og_site_name":"Right to the city","og_image":[{"url":"https:\/\/www.right2city.org\/wp-content\/uploads\/2020\/01\/portada-evento.jpg","type":"","width":"","height":""}],"twitter_card":"summary_large_image","twitter_misc":{"Tiempo de lectura":"1 minuto"},"schema":{"@context":"https:\/\/schema.org","@graph":[{"@type":"WebPage","@id":"https:\/\/www.right2city.org\/es\/events\/espanol-encuentro-internacional-por-ciudades-igualitarias-eipci\/","url":"https:\/\/www.right2city.org\/es\/events\/espanol-encuentro-internacional-por-ciudades-igualitarias-eipci\/","name":"Encuentro Internacional por Ciudades Igualitarias (EipCI) - Right to the city","isPartOf":{"@id":"https:\/\/www.right2city.org\/es\/#website"},"primaryImageOfPage":{"@id":"https:\/\/www.right2city.org\/es\/events\/espanol-encuentro-internacional-por-ciudades-igualitarias-eipci\/#primaryimage"},"image":{"@id":"https:\/\/www.right2city.org\/es\/events\/espanol-encuentro-internacional-por-ciudades-igualitarias-eipci\/#primaryimage"},"thumbnailUrl":"https:\/\/www.right2city.org\/wp-content\/uploads\/2020\/01\/portada-evento.jpg","datePublished":"2018-09-03T13:58:42+00:00","breadcrumb":{"@id":"https:\/\/www.right2city.org\/es\/events\/espanol-encuentro-internacional-por-ciudades-igualitarias-eipci\/#breadcrumb"},"inLanguage":"es","potentialAction":[{"@type":"ReadAction","target":["https:\/\/www.right2city.org\/es\/events\/espanol-encuentro-internacional-por-ciudades-igualitarias-eipci\/"]}]},{"@type":"ImageObject","inLanguage":"es","@id":"https:\/\/www.right2city.org\/es\/events\/espanol-encuentro-internacional-por-ciudades-igualitarias-eipci\/#primaryimage","url":"https:\/\/www.right2city.org\/wp-content\/uploads\/2020\/01\/portada-evento.jpg","contentUrl":"https:\/\/www.right2city.org\/wp-content\/uploads\/2020\/01\/portada-evento.jpg"},{"@type":"BreadcrumbList","@id":"https:\/\/www.right2city.org\/es\/events\/espanol-encuentro-internacional-por-ciudades-igualitarias-eipci\/#breadcrumb","itemListElement":[{"@type":"ListItem","position":1,"name":"Home","item":"https:\/\/www.right2city.org\/es\/"},{"@type":"ListItem","position":2,"name":"Encuentro Internacional por Ciudades Igualitarias (EipCI)"}]},{"@type":"WebSite","@id":"https:\/\/www.right2city.org\/es\/#website","url":"https:\/\/www.right2city.org\/es\/","name":"Right to the city","description":"Global Platform for the Right to the City","potentialAction":[{"@type":"SearchAction","target":{"@type":"EntryPoint","urlTemplate":"https:\/\/www.right2city.org\/es\/?s={search_term_string}"},"query-input":{"@type":"PropertyValueSpecification","valueRequired":true,"valueName":"search_term_string"}}],"inLanguage":"es"}]}},"_links":{"self":[{"href":"https:\/\/www.right2city.org\/es\/wp-json\/wp\/v2\/events\/53202","targetHints":{"allow":["GET"]}}],"collection":[{"href":"https:\/\/www.right2city.org\/es\/wp-json\/wp\/v2\/events"}],"about":[{"href":"https:\/\/www.right2city.org\/es\/wp-json\/wp\/v2\/types\/events"}],"wp:attachment":[{"href":"https:\/\/www.right2city.org\/es\/wp-json\/wp\/v2\/media?parent=53202"}],"wp:term":[{"taxonomy":"themes","embeddable":true,"href":"https:\/\/www.right2city.org\/es\/wp-json\/wp\/v2\/themes?post=53202"},{"taxonomy":"agendas_globales","embeddable":true,"href":"https:\/\/www.right2city.org\/es\/wp-json\/wp\/v2\/agendas_globales?post=53202"}],"curies":[{"name":"wp","href":"https:\/\/api.w.org\/{rel}","templated":true}]}}

<p>&nbsp;</p>
<p><a href="http://www.righttothecityplatform.org.br/event/espanol-encuentro-internacional-por-ciudades-igualitarias-eipci/portada-evento/" rel="attachment wp-att-3150"><img loading="lazy" decoding="async" class="aligncenter size-full wp-image-3150" src="https://www.right2city.org/wp-content/uploads/2020/01/portada-evento.jpg" alt="" width="500" height="262" /></a></p>
<p style="text-align: center;"><a href="http://www.righttothecityplatform.org.br/event/espanol-encuentro-internacional-por-ciudades-igualitarias-eipci/declaracion-eipci/">Declaración del Encuentro internacional por Ciudades Igualitarias</a></p>
<p><strong>Un compromiso común</strong></p>
<p>Nosotros organizaciones, movimientos y redes de pobladores, académicos y gobiernos locales comprometidos con la justicia social territorial nos hemos reunido en Buenos Aires, en simultáneo a la reunión convocada oficialmente por <a href="http://www.urban20.org/">URBAN 20</a>, para discutir una posición alternativa a las gestiones urbanas neoliberales e intercambiar ideas y experiencias sobre las ciudades a las que aspiramos en este contexto internacional de crisis económica, social, ambiental y política.<br />
Nos apoyamos en contribuciones esenciales como la Declaración municipalista por el Derecho a la Vivienda y el Derecho a la Ciudad y en todos los instrumentos internacionales que promueven la garantía del derecho a la vivienda y al hábitat digno como derechos humanos fundamentales.<br />
Entendemos el Derecho a la Ciudad como el derecho de todos los habitantes, presentes y futuros, permanentes y temporales, a habitar, utilizar, ocupar, producir, transformar, gobernar y disfrutar ciudades, pueblos y asentamientos urbanos justos, igualitarios, seguros, sostenibles y democráticos, definidos como bienes comunes para una vida digna, que debe compartirse y pertenecer a todos los miembros de la comunidad.<br />
La defensa del Derecho a la Ciudad reafirma, actualiza y defiende los derechos humanos y las correspondientes obligaciones estatales: el acuerdo de “no dejar a nadie atrás”, de la Agenda 2030, y el “no dejar ningún lugar atrás”, de Declaración del 9º Foro Urbano Mundial. Las ciudades pueden ser un lugar para todas y todos.</p>
<p><a href="http://www.righttothecityplatform.org.br/event/espanol-encuentro-internacional-por-ciudades-igualitarias-eipci/declaracion-eipci/">Descarga la Declaración completa.</a></p>
<p>Más info:</p>
<p><a href="https://drive.google.com/file/d/1sKJ8s6aP9vYMvMKhOOmxqBa6uKkb0_1g/view" rel="attachment wp-att-2993">Descarga la convocatoria.</a></p>
<p><a href="http://www.righttothecityplatform.org.br/wp-content/uploads/guia-CI.jpg">Descarga el Programa</a></p>
<p>Únete al evento en facebook: <a href="https://www.facebook.com/events/488955661586892/">https://www.facebook.com/events/488955661586892/</a></p>

<!-- This site is optimized with the Yoast SEO plugin v27.5 - https://yoast.com/product/yoast-seo-wordpress/ -->
<title>Encuentro Internacional por Ciudades Igualitarias (EipCI) - Right to the city</title>
<meta name="robots" content="index, follow, max-snippet:-1, max-image-preview:large, max-video-preview:-1" />
<link rel="canonical" href="https://www.right2city.org/es/events/espanol-encuentro-internacional-por-ciudades-igualitarias-eipci/" />
<meta property="og:locale" content="es_ES" />
<meta property="og:type" content="article" />
<meta property="og:title" content="Encuentro Internacional por Ciudades Igualitarias (EipCI) - Right to the city" />
<meta property="og:description" content="&nbsp; Declaración del Encuentro internacional por Ciudades Igualitarias Un compromiso común Nosotros organizaciones, movimientos y redes de pobladores, académicos y gobiernos locales comprometidos con la justicia social territorial nos hemos reunido en Buenos Aires, en simultáneo a la reunión convocada oficialmente por URBAN 20, para discutir una posición alternativa a las gestiones urbanas neoliberales e intercambiar ideas y [&hellip;]" />
<meta property="og:url" content="https://www.right2city.org/es/events/espanol-encuentro-internacional-por-ciudades-igualitarias-eipci/" />
<meta property="og:site_name" content="Right to the city" />
<meta property="og:image" content="https://www.right2city.org/wp-content/uploads/2020/01/portada-evento.jpg" />
<meta name="twitter:card" content="summary_large_image" />
<meta name="twitter:label1" content="Tiempo de lectura" />
	<meta name="twitter:data1" content="1 minuto" />
<script type="application/ld+json" class="yoast-schema-graph">{"@context":"https:\/\/schema.org","@graph":[{"@type":"WebPage","@id":"https:\/\/www.right2city.org\/es\/events\/espanol-encuentro-internacional-por-ciudades-igualitarias-eipci\/","url":"https:\/\/www.right2city.org\/es\/events\/espanol-encuentro-internacional-por-ciudades-igualitarias-eipci\/","name":"Encuentro Internacional por Ciudades Igualitarias (EipCI) - Right to the city","isPartOf":{"@id":"https:\/\/www.right2city.org\/es\/#website"},"primaryImageOfPage":{"@id":"https:\/\/www.right2city.org\/es\/events\/espanol-encuentro-internacional-por-ciudades-igualitarias-eipci\/#primaryimage"},"image":{"@id":"https:\/\/www.right2city.org\/es\/events\/espanol-encuentro-internacional-por-ciudades-igualitarias-eipci\/#primaryimage"},"thumbnailUrl":"https:\/\/www.right2city.org\/wp-content\/uploads\/2020\/01\/portada-evento.jpg","datePublished":"2018-09-03T13:58:42+00:00","breadcrumb":{"@id":"https:\/\/www.right2city.org\/es\/events\/espanol-encuentro-internacional-por-ciudades-igualitarias-eipci\/#breadcrumb"},"inLanguage":"es","potentialAction":[{"@type":"ReadAction","target":["https:\/\/www.right2city.org\/es\/events\/espanol-encuentro-internacional-por-ciudades-igualitarias-eipci\/"]}]},{"@type":"ImageObject","inLanguage":"es","@id":"https:\/\/www.right2city.org\/es\/events\/espanol-encuentro-internacional-por-ciudades-igualitarias-eipci\/#primaryimage","url":"https:\/\/www.right2city.org\/wp-content\/uploads\/2020\/01\/portada-evento.jpg","contentUrl":"https:\/\/www.right2city.org\/wp-content\/uploads\/2020\/01\/portada-evento.jpg"},{"@type":"BreadcrumbList","@id":"https:\/\/www.right2city.org\/es\/events\/espanol-encuentro-internacional-por-ciudades-igualitarias-eipci\/#breadcrumb","itemListElement":[{"@type":"ListItem","position":1,"name":"Home","item":"https:\/\/www.right2city.org\/es\/"},{"@type":"ListItem","position":2,"name":"Encuentro Internacional por Ciudades Igualitarias (EipCI)"}]},{"@type":"WebSite","@id":"https:\/\/www.right2city.org\/es\/#website","url":"https:\/\/www.right2city.org\/es\/","name":"Right to the city","description":"Global Platform for the Right to the City","potentialAction":[{"@type":"SearchAction","target":{"@type":"EntryPoint","urlTemplate":"https:\/\/www.right2city.org\/es\/?s={search_term_string}"},"query-input":{"@type":"PropertyValueSpecification","valueRequired":true,"valueName":"search_term_string"}}],"inLanguage":"es"}]}</script>
<!-- / Yoast SEO plugin. -->

&nbsp; Declaración del Encuentro internacional por Ciudades Igualitarias Un compromiso común Nosotros organizaciones, movimientos y redes de pobladores, académicos y gobiernos locales comprometidos con la justicia social territorial nos hemos reunido en Buenos Aires, en simultáneo a la reunión convocada oficialmente por URBAN 20, para discutir una posición alternativa a las gestiones urbanas neoliberales e intercambiar ideas y [&hellip;]
