{"id":54226,"date":"2020-03-27T10:41:08","date_gmt":"2020-03-27T08:41:08","guid":{"rendered":"https:\/\/www.right2city.org\/?post_type=events&#038;p=54226"},"modified":"2020-03-27T10:44:54","modified_gmt":"2020-03-27T08:44:54","slug":"suspendido-encuentro-internacional-henri-lefebvre-y-la-produccion-del-espacio","status":"publish","type":"events","link":"https:\/\/www.right2city.org\/es\/events\/suspendido-encuentro-internacional-henri-lefebvre-y-la-produccion-del-espacio\/","title":{"rendered":"Suspendido: Encuentro Internacional Henri Lefebvre y la producci\u00f3n del espacio"},"content":{"rendered":"<h3><img loading=\"lazy\" decoding=\"async\" class=\"size-full wp-image-52048 alignright\" src=\"https:\/\/www.right2city.org\/wp-content\/uploads\/2020\/01\/hlfbv.png\" alt=\"\" width=\"314\" height=\"224\" srcset=\"https:\/\/www.right2city.org\/wp-content\/uploads\/2020\/01\/hlfbv.png 314w, https:\/\/www.right2city.org\/wp-content\/uploads\/2020\/01\/hlfbv-300x214.png 300w\" sizes=\"(max-width: 314px) 100vw, 314px\" \/><\/h3>\n<h3><em><strong>Debido a la creciente preocupaci\u00f3n por la pandemia de COVID-19, el \u00abEncuentro Internacional Henri Lefebvre y la producci\u00f3n del espacio\u00bb ha sido suspendido.\u00a0<\/strong><\/em><em><strong>El evento estaba originalmente programado para tener lugar del 27 al 30 de mayo de 2020, en Montevideo, Uruguay.<\/strong><\/em><\/h3>\n<p>&nbsp;<\/p>\n<h3><strong>Sobre el Encuentro:<\/strong><\/h3>\n<p>La\u00a0<strong>Red Internacional de Estudios sobre la Producci\u00f3n del Espacio (RIEPE),<\/strong> integrada por estudiantes, docentes y militantes inquietos en el an\u00e1lisis de la obra de Henri Lefebvre, organiza el <strong>\u00abEncuentro Internacional Henri Lefebvre y la producci\u00f3n del espacio: entramados de resistencia al capitalismo\u00bb<\/strong>, inicialmente previsto para tener lugar<strong> del 27 al 30 de Mayo en Montevideo, Uruguay.\u00a0<\/strong><\/p>\n<p>El encuentro busca dar continuidad a los seminarios internacionales \u201cLa producci\u00f3n del espacio y la actualidad del pensamiento de Henri Lefebvre\u201d y Coloquio Internacional El Derecho a Lefebvre\u201d, que tuvieron lugar en M\u00e9xico en 2016 y en Francia en 2018, respectivamente. El objetivo del encuentro es discutir el legado de la obra del autor y su contribuci\u00f3n en la actualidad para buscar alternativas al modo de producci\u00f3n dominante.<\/p>\n<p><strong>El encuentro se estructura en cinco ejes de trabajo:<\/strong><\/p>\n<ul>\n<li>A. La relaci\u00f3n rural-urbana y la abstracci\u00f3n del espacio.<\/li>\n<li>B. Subjetivaci\u00f3n y enajenaci\u00f3n en la totalidad capitalista.<\/li>\n<li>C. Estado, instituciones y vida cotidiana.<\/li>\n<li>D. Movimientos sociales, diferencia y producci\u00f3n del espacio.<\/li>\n<li>E. (Extra) \u2013 Influencias y lecturas lefebvrianas.<\/li>\n<\/ul>\n<p>As\u00ed, los ejes de trabajo propuestos buscan entender c\u00f3mo se manifiesta \u201cespacialmente\u201d la enajenaci\u00f3n y la reproducci\u00f3n del capital as\u00ed como buscar pistas concretas de superaci\u00f3n de este modelo destructor de la vida. Estos ejes significan un primer intento de estructuraci\u00f3n de una red todav\u00eda informal. Algunos aspectos planteados no son necesariamente nuevos y pueden representar carencias nuestras o problemas que queramos resolver, es el caso del eje E, como \u201cextra\u201d.<\/p>\n<p><strong><a href=\"https:\/\/www.extension.udelar.edu.uy\/encuentro-internacional-henri-lefebvre-y-la-produccion-del-espacio\/\" target=\"_blank\" rel=\"noopener noreferrer\">Haga click aqu\u00ed para saber m\u00e1s.<\/a><\/strong><\/p>\n","protected":false},"featured_media":0,"template":"","meta":{"_acf_changed":false,"_et_pb_use_builder":"","_et_pb_old_content":"","_et_gb_content_width":"","cybocfi_hide_featured_image":""},"themes":[],"agendas_globales":[251],"class_list":["post-54226","events","type-events","status-publish","hentry","agendas_globales-50-years-right-to-the-city-r2c-day-es"],"acf":[],"yoast_head":"<!-- This site is optimized with the Yoast SEO plugin v27.5 - https:\/\/yoast.com\/product\/yoast-seo-wordpress\/ -->\n<title>Suspendido: Encuentro Internacional Henri Lefebvre y la producci\u00f3n del espacio - Right to the city<\/title>\n<meta name=\"robots\" content=\"index, follow, max-snippet:-1, max-image-preview:large, max-video-preview:-1\" \/>\n<link rel=\"canonical\" href=\"https:\/\/www.right2city.org\/es\/events\/suspendido-encuentro-internacional-henri-lefebvre-y-la-produccion-del-espacio\/\" \/>\n<meta property=\"og:locale\" content=\"es_ES\" \/>\n<meta property=\"og:type\" content=\"article\" \/>\n<meta property=\"og:title\" content=\"Suspendido: Encuentro Internacional Henri Lefebvre y la producci\u00f3n del espacio - Right to the city\" \/>\n<meta property=\"og:description\" content=\"Debido a la creciente preocupaci\u00f3n por la pandemia de COVID-19, el \u00abEncuentro Internacional Henri Lefebvre y la producci\u00f3n del espacio\u00bb ha sido suspendido.\u00a0El evento estaba originalmente programado para tener lugar del 27 al 30 de mayo de 2020, en Montevideo, Uruguay. &nbsp; Sobre el Encuentro: La\u00a0Red Internacional de Estudios sobre la Producci\u00f3n del Espacio (RIEPE), [&hellip;]\" \/>\n<meta property=\"og:url\" content=\"https:\/\/www.right2city.org\/es\/events\/suspendido-encuentro-internacional-henri-lefebvre-y-la-produccion-del-espacio\/\" \/>\n<meta property=\"og:site_name\" content=\"Right to the city\" \/>\n<meta property=\"article:modified_time\" content=\"2020-03-27T08:44:54+00:00\" \/>\n<meta property=\"og:image\" content=\"https:\/\/www.right2city.org\/wp-content\/uploads\/2020\/01\/hlfbv.png\" \/>\n<meta name=\"twitter:card\" content=\"summary_large_image\" \/>\n<meta name=\"twitter:label1\" content=\"Tiempo de lectura\" \/>\n\t<meta name=\"twitter:data1\" content=\"2 minutos\" \/>\n<script type=\"application\/ld+json\" class=\"yoast-schema-graph\">{\"@context\":\"https:\\\/\\\/schema.org\",\"@graph\":[{\"@type\":\"WebPage\",\"@id\":\"https:\\\/\\\/www.right2city.org\\\/es\\\/events\\\/suspendido-encuentro-internacional-henri-lefebvre-y-la-produccion-del-espacio\\\/\",\"url\":\"https:\\\/\\\/www.right2city.org\\\/es\\\/events\\\/suspendido-encuentro-internacional-henri-lefebvre-y-la-produccion-del-espacio\\\/\",\"name\":\"Suspendido: Encuentro Internacional Henri Lefebvre y la producci\u00f3n del espacio - Right to the city\",\"isPartOf\":{\"@id\":\"https:\\\/\\\/www.right2city.org\\\/es\\\/#website\"},\"primaryImageOfPage\":{\"@id\":\"https:\\\/\\\/www.right2city.org\\\/es\\\/events\\\/suspendido-encuentro-internacional-henri-lefebvre-y-la-produccion-del-espacio\\\/#primaryimage\"},\"image\":{\"@id\":\"https:\\\/\\\/www.right2city.org\\\/es\\\/events\\\/suspendido-encuentro-internacional-henri-lefebvre-y-la-produccion-del-espacio\\\/#primaryimage\"},\"thumbnailUrl\":\"https:\\\/\\\/www.right2city.org\\\/wp-content\\\/uploads\\\/2020\\\/01\\\/hlfbv.png\",\"datePublished\":\"2020-03-27T08:41:08+00:00\",\"dateModified\":\"2020-03-27T08:44:54+00:00\",\"breadcrumb\":{\"@id\":\"https:\\\/\\\/www.right2city.org\\\/es\\\/events\\\/suspendido-encuentro-internacional-henri-lefebvre-y-la-produccion-del-espacio\\\/#breadcrumb\"},\"inLanguage\":\"es\",\"potentialAction\":[{\"@type\":\"ReadAction\",\"target\":[\"https:\\\/\\\/www.right2city.org\\\/es\\\/events\\\/suspendido-encuentro-internacional-henri-lefebvre-y-la-produccion-del-espacio\\\/\"]}]},{\"@type\":\"ImageObject\",\"inLanguage\":\"es\",\"@id\":\"https:\\\/\\\/www.right2city.org\\\/es\\\/events\\\/suspendido-encuentro-internacional-henri-lefebvre-y-la-produccion-del-espacio\\\/#primaryimage\",\"url\":\"https:\\\/\\\/www.right2city.org\\\/wp-content\\\/uploads\\\/2020\\\/01\\\/hlfbv.png\",\"contentUrl\":\"https:\\\/\\\/www.right2city.org\\\/wp-content\\\/uploads\\\/2020\\\/01\\\/hlfbv.png\"},{\"@type\":\"BreadcrumbList\",\"@id\":\"https:\\\/\\\/www.right2city.org\\\/es\\\/events\\\/suspendido-encuentro-internacional-henri-lefebvre-y-la-produccion-del-espacio\\\/#breadcrumb\",\"itemListElement\":[{\"@type\":\"ListItem\",\"position\":1,\"name\":\"Home\",\"item\":\"https:\\\/\\\/www.right2city.org\\\/es\\\/\"},{\"@type\":\"ListItem\",\"position\":2,\"name\":\"Suspendido: Encuentro Internacional Henri Lefebvre y la producci\u00f3n del espacio\"}]},{\"@type\":\"WebSite\",\"@id\":\"https:\\\/\\\/www.right2city.org\\\/es\\\/#website\",\"url\":\"https:\\\/\\\/www.right2city.org\\\/es\\\/\",\"name\":\"Right to the city\",\"description\":\"Global Platform for the Right to the City\",\"potentialAction\":[{\"@type\":\"SearchAction\",\"target\":{\"@type\":\"EntryPoint\",\"urlTemplate\":\"https:\\\/\\\/www.right2city.org\\\/es\\\/?s={search_term_string}\"},\"query-input\":{\"@type\":\"PropertyValueSpecification\",\"valueRequired\":true,\"valueName\":\"search_term_string\"}}],\"inLanguage\":\"es\"}]}<\/script>\n<!-- \/ Yoast SEO plugin. -->","yoast_head_json":{"title":"Suspendido: Encuentro Internacional Henri Lefebvre y la producci\u00f3n del espacio - Right to the city","robots":{"index":"index","follow":"follow","max-snippet":"max-snippet:-1","max-image-preview":"max-image-preview:large","max-video-preview":"max-video-preview:-1"},"canonical":"https:\/\/www.right2city.org\/es\/events\/suspendido-encuentro-internacional-henri-lefebvre-y-la-produccion-del-espacio\/","og_locale":"es_ES","og_type":"article","og_title":"Suspendido: Encuentro Internacional Henri Lefebvre y la producci\u00f3n del espacio - Right to the city","og_description":"Debido a la creciente preocupaci\u00f3n por la pandemia de COVID-19, el \u00abEncuentro Internacional Henri Lefebvre y la producci\u00f3n del espacio\u00bb ha sido suspendido.\u00a0El evento estaba originalmente programado para tener lugar del 27 al 30 de mayo de 2020, en Montevideo, Uruguay. &nbsp; Sobre el Encuentro: La\u00a0Red Internacional de Estudios sobre la Producci\u00f3n del Espacio (RIEPE), [&hellip;]","og_url":"https:\/\/www.right2city.org\/es\/events\/suspendido-encuentro-internacional-henri-lefebvre-y-la-produccion-del-espacio\/","og_site_name":"Right to the city","article_modified_time":"2020-03-27T08:44:54+00:00","og_image":[{"url":"https:\/\/www.right2city.org\/wp-content\/uploads\/2020\/01\/hlfbv.png","type":"","width":"","height":""}],"twitter_card":"summary_large_image","twitter_misc":{"Tiempo de lectura":"2 minutos"},"schema":{"@context":"https:\/\/schema.org","@graph":[{"@type":"WebPage","@id":"https:\/\/www.right2city.org\/es\/events\/suspendido-encuentro-internacional-henri-lefebvre-y-la-produccion-del-espacio\/","url":"https:\/\/www.right2city.org\/es\/events\/suspendido-encuentro-internacional-henri-lefebvre-y-la-produccion-del-espacio\/","name":"Suspendido: Encuentro Internacional Henri Lefebvre y la producci\u00f3n del espacio - Right to the city","isPartOf":{"@id":"https:\/\/www.right2city.org\/es\/#website"},"primaryImageOfPage":{"@id":"https:\/\/www.right2city.org\/es\/events\/suspendido-encuentro-internacional-henri-lefebvre-y-la-produccion-del-espacio\/#primaryimage"},"image":{"@id":"https:\/\/www.right2city.org\/es\/events\/suspendido-encuentro-internacional-henri-lefebvre-y-la-produccion-del-espacio\/#primaryimage"},"thumbnailUrl":"https:\/\/www.right2city.org\/wp-content\/uploads\/2020\/01\/hlfbv.png","datePublished":"2020-03-27T08:41:08+00:00","dateModified":"2020-03-27T08:44:54+00:00","breadcrumb":{"@id":"https:\/\/www.right2city.org\/es\/events\/suspendido-encuentro-internacional-henri-lefebvre-y-la-produccion-del-espacio\/#breadcrumb"},"inLanguage":"es","potentialAction":[{"@type":"ReadAction","target":["https:\/\/www.right2city.org\/es\/events\/suspendido-encuentro-internacional-henri-lefebvre-y-la-produccion-del-espacio\/"]}]},{"@type":"ImageObject","inLanguage":"es","@id":"https:\/\/www.right2city.org\/es\/events\/suspendido-encuentro-internacional-henri-lefebvre-y-la-produccion-del-espacio\/#primaryimage","url":"https:\/\/www.right2city.org\/wp-content\/uploads\/2020\/01\/hlfbv.png","contentUrl":"https:\/\/www.right2city.org\/wp-content\/uploads\/2020\/01\/hlfbv.png"},{"@type":"BreadcrumbList","@id":"https:\/\/www.right2city.org\/es\/events\/suspendido-encuentro-internacional-henri-lefebvre-y-la-produccion-del-espacio\/#breadcrumb","itemListElement":[{"@type":"ListItem","position":1,"name":"Home","item":"https:\/\/www.right2city.org\/es\/"},{"@type":"ListItem","position":2,"name":"Suspendido: Encuentro Internacional Henri Lefebvre y la producci\u00f3n del espacio"}]},{"@type":"WebSite","@id":"https:\/\/www.right2city.org\/es\/#website","url":"https:\/\/www.right2city.org\/es\/","name":"Right to the city","description":"Global Platform for the Right to the City","potentialAction":[{"@type":"SearchAction","target":{"@type":"EntryPoint","urlTemplate":"https:\/\/www.right2city.org\/es\/?s={search_term_string}"},"query-input":{"@type":"PropertyValueSpecification","valueRequired":true,"valueName":"search_term_string"}}],"inLanguage":"es"}]}},"_links":{"self":[{"href":"https:\/\/www.right2city.org\/es\/wp-json\/wp\/v2\/events\/54226","targetHints":{"allow":["GET"]}}],"collection":[{"href":"https:\/\/www.right2city.org\/es\/wp-json\/wp\/v2\/events"}],"about":[{"href":"https:\/\/www.right2city.org\/es\/wp-json\/wp\/v2\/types\/events"}],"wp:attachment":[{"href":"https:\/\/www.right2city.org\/es\/wp-json\/wp\/v2\/media?parent=54226"}],"wp:term":[{"taxonomy":"themes","embeddable":true,"href":"https:\/\/www.right2city.org\/es\/wp-json\/wp\/v2\/themes?post=54226"},{"taxonomy":"agendas_globales","embeddable":true,"href":"https:\/\/www.right2city.org\/es\/wp-json\/wp\/v2\/agendas_globales?post=54226"}],"curies":[{"name":"wp","href":"https:\/\/api.w.org\/{rel}","templated":true}]}}

Suspendido: Encuentro Internacional Henri Lefebvre y la producción del espacio

<h3><img loading="lazy" decoding="async" class="size-full wp-image-52048 alignright" src="https://www.right2city.org/wp-content/uploads/2020/01/hlfbv.png" alt="" width="314" height="224" srcset="https://www.right2city.org/wp-content/uploads/2020/01/hlfbv.png 314w, https://www.right2city.org/wp-content/uploads/2020/01/hlfbv-300x214.png 300w" sizes="(max-width: 314px) 100vw, 314px" /></h3>
<h3><em><strong>Debido a la creciente preocupación por la pandemia de COVID-19, el «Encuentro Internacional Henri Lefebvre y la producción del espacio» ha sido suspendido. </strong></em><em><strong>El evento estaba originalmente programado para tener lugar del 27 al 30 de mayo de 2020, en Montevideo, Uruguay.</strong></em></h3>
<p>&nbsp;</p>
<h3><strong>Sobre el Encuentro:</strong></h3>
<p>La <strong>Red Internacional de Estudios sobre la Producción del Espacio (RIEPE),</strong> integrada por estudiantes, docentes y militantes inquietos en el análisis de la obra de Henri Lefebvre, organiza el <strong>«Encuentro Internacional Henri Lefebvre y la producción del espacio: entramados de resistencia al capitalismo»</strong>, inicialmente previsto para tener lugar<strong> del 27 al 30 de Mayo en Montevideo, Uruguay. </strong></p>
<p>El encuentro busca dar continuidad a los seminarios internacionales “La producción del espacio y la actualidad del pensamiento de Henri Lefebvre” y Coloquio Internacional El Derecho a Lefebvre”, que tuvieron lugar en México en 2016 y en Francia en 2018, respectivamente. El objetivo del encuentro es discutir el legado de la obra del autor y su contribución en la actualidad para buscar alternativas al modo de producción dominante.</p>
<p><strong>El encuentro se estructura en cinco ejes de trabajo:</strong></p>
<ul>
<li>A. La relación rural-urbana y la abstracción del espacio.</li>
<li>B. Subjetivación y enajenación en la totalidad capitalista.</li>
<li>C. Estado, instituciones y vida cotidiana.</li>
<li>D. Movimientos sociales, diferencia y producción del espacio.</li>
<li>E. (Extra) – Influencias y lecturas lefebvrianas.</li>
</ul>
<p>Así, los ejes de trabajo propuestos buscan entender cómo se manifiesta “espacialmente” la enajenación y la reproducción del capital así como buscar pistas concretas de superación de este modelo destructor de la vida. Estos ejes significan un primer intento de estructuración de una red todavía informal. Algunos aspectos planteados no son necesariamente nuevos y pueden representar carencias nuestras o problemas que queramos resolver, es el caso del eje E, como “extra”.</p>
<p><strong><a href="https://www.extension.udelar.edu.uy/encuentro-internacional-henri-lefebvre-y-la-produccion-del-espacio/" target="_blank" rel="noopener noreferrer">Haga click aquí para saber más.</a></strong></p>

<!-- This site is optimized with the Yoast SEO plugin v27.5 - https://yoast.com/product/yoast-seo-wordpress/ -->
<title>Suspendido: Encuentro Internacional Henri Lefebvre y la producción del espacio - Right to the city</title>
<meta name="robots" content="index, follow, max-snippet:-1, max-image-preview:large, max-video-preview:-1" />
<link rel="canonical" href="https://www.right2city.org/es/events/suspendido-encuentro-internacional-henri-lefebvre-y-la-produccion-del-espacio/" />
<meta property="og:locale" content="es_ES" />
<meta property="og:type" content="article" />
<meta property="og:title" content="Suspendido: Encuentro Internacional Henri Lefebvre y la producción del espacio - Right to the city" />
<meta property="og:description" content="Debido a la creciente preocupación por la pandemia de COVID-19, el «Encuentro Internacional Henri Lefebvre y la producción del espacio» ha sido suspendido. El evento estaba originalmente programado para tener lugar del 27 al 30 de mayo de 2020, en Montevideo, Uruguay. &nbsp; Sobre el Encuentro: La Red Internacional de Estudios sobre la Producción del Espacio (RIEPE), [&hellip;]" />
<meta property="og:url" content="https://www.right2city.org/es/events/suspendido-encuentro-internacional-henri-lefebvre-y-la-produccion-del-espacio/" />
<meta property="og:site_name" content="Right to the city" />
<meta property="article:modified_time" content="2020-03-27T08:44:54+00:00" />
<meta property="og:image" content="https://www.right2city.org/wp-content/uploads/2020/01/hlfbv.png" />
<meta name="twitter:card" content="summary_large_image" />
<meta name="twitter:label1" content="Tiempo de lectura" />
	<meta name="twitter:data1" content="2 minutos" />
<script type="application/ld+json" class="yoast-schema-graph">{"@context":"https:\/\/schema.org","@graph":[{"@type":"WebPage","@id":"https:\/\/www.right2city.org\/es\/events\/suspendido-encuentro-internacional-henri-lefebvre-y-la-produccion-del-espacio\/","url":"https:\/\/www.right2city.org\/es\/events\/suspendido-encuentro-internacional-henri-lefebvre-y-la-produccion-del-espacio\/","name":"Suspendido: Encuentro Internacional Henri Lefebvre y la producción del espacio - Right to the city","isPartOf":{"@id":"https:\/\/www.right2city.org\/es\/#website"},"primaryImageOfPage":{"@id":"https:\/\/www.right2city.org\/es\/events\/suspendido-encuentro-internacional-henri-lefebvre-y-la-produccion-del-espacio\/#primaryimage"},"image":{"@id":"https:\/\/www.right2city.org\/es\/events\/suspendido-encuentro-internacional-henri-lefebvre-y-la-produccion-del-espacio\/#primaryimage"},"thumbnailUrl":"https:\/\/www.right2city.org\/wp-content\/uploads\/2020\/01\/hlfbv.png","datePublished":"2020-03-27T08:41:08+00:00","dateModified":"2020-03-27T08:44:54+00:00","breadcrumb":{"@id":"https:\/\/www.right2city.org\/es\/events\/suspendido-encuentro-internacional-henri-lefebvre-y-la-produccion-del-espacio\/#breadcrumb"},"inLanguage":"es","potentialAction":[{"@type":"ReadAction","target":["https:\/\/www.right2city.org\/es\/events\/suspendido-encuentro-internacional-henri-lefebvre-y-la-produccion-del-espacio\/"]}]},{"@type":"ImageObject","inLanguage":"es","@id":"https:\/\/www.right2city.org\/es\/events\/suspendido-encuentro-internacional-henri-lefebvre-y-la-produccion-del-espacio\/#primaryimage","url":"https:\/\/www.right2city.org\/wp-content\/uploads\/2020\/01\/hlfbv.png","contentUrl":"https:\/\/www.right2city.org\/wp-content\/uploads\/2020\/01\/hlfbv.png"},{"@type":"BreadcrumbList","@id":"https:\/\/www.right2city.org\/es\/events\/suspendido-encuentro-internacional-henri-lefebvre-y-la-produccion-del-espacio\/#breadcrumb","itemListElement":[{"@type":"ListItem","position":1,"name":"Home","item":"https:\/\/www.right2city.org\/es\/"},{"@type":"ListItem","position":2,"name":"Suspendido: Encuentro Internacional Henri Lefebvre y la producción del espacio"}]},{"@type":"WebSite","@id":"https:\/\/www.right2city.org\/es\/#website","url":"https:\/\/www.right2city.org\/es\/","name":"Right to the city","description":"Global Platform for the Right to the City","potentialAction":[{"@type":"SearchAction","target":{"@type":"EntryPoint","urlTemplate":"https:\/\/www.right2city.org\/es\/?s={search_term_string}"},"query-input":{"@type":"PropertyValueSpecification","valueRequired":true,"valueName":"search_term_string"}}],"inLanguage":"es"}]}</script>
<!-- / Yoast SEO plugin. -->

Suspendido: Encuentro Internacional Henri Lefebvre y la producción del espacio - Right to the city

Debido a la creciente preocupación por la pandemia de COVID-19, el «Encuentro Internacional Henri Lefebvre y la producción del espacio» ha sido suspendido. El evento estaba originalmente programado para tener lugar del 27 al 30 de mayo de 2020, en Montevideo, Uruguay. &nbsp; Sobre el Encuentro: La Red Internacional de Estudios sobre la Producción del Espacio (RIEPE), [&hellip;]
