{"id":56092,"date":"2020-08-11T09:59:01","date_gmt":"2020-08-11T07:59:01","guid":{"rendered":"https:\/\/www.right2city.org\/?post_type=events&#038;p=56092"},"modified":"2020-08-11T09:59:01","modified_gmt":"2020-08-11T07:59:01","slug":"jornadas-sobre-la-cuestion-inquilinaria","status":"publish","type":"events","link":"https:\/\/www.right2city.org\/es\/events\/jornadas-sobre-la-cuestion-inquilinaria\/","title":{"rendered":"Jornadas sobre la Cuesti\u00f3n Inquilinaria"},"content":{"rendered":"<p><span style=\"font-size: 14pt;\"><strong>Debate internacional y nacional sobre el derecho a la vivienda en el marco del COVID-19 y la post-pandemia<\/strong><\/span><\/p>\n<p>Jueves 13 de agosto a las : 08h00 Centroam\u00e9rica ; 9h00 M\u00e9xico ; 11h00 Sudam\u00e9rica ; 16h00 Espa\u00f1a.<\/p>\n<p>Con\u00e9ctese y Participe por : <a href=\"https:\/\/www.youtube.com\/user\/canaliisunam\">https:\/\/www.youtube.com\/user\/canaliisunam<\/a> y FB Live<a href=\"https:\/\/www.facebook.com\/HICAmericaLatina\"> @HICAm\u00e9ricaLatina<\/a><\/p>\n<p><img loading=\"lazy\" decoding=\"async\" class=\"aligncenter  wp-image-56093\" src=\"https:\/\/www.right2city.org\/wp-content\/uploads\/2020\/08\/Cuestion-inquilinaria-scaled.jpeg\" alt=\"\" width=\"650\" height=\"1005\" \/><\/p>\n<p>&nbsp;<\/p>\n","protected":false},"featured_media":56093,"template":"","meta":{"_acf_changed":false,"_et_pb_use_builder":"","_et_pb_old_content":"","_et_gb_content_width":"","cybocfi_hide_featured_image":""},"themes":[126],"agendas_globales":[],"class_list":["post-56092","events","type-events","status-publish","has-post-thumbnail","hentry","themes-funcion-social"],"acf":[],"yoast_head":"<!-- This site is optimized with the Yoast SEO plugin v27.5 - https:\/\/yoast.com\/product\/yoast-seo-wordpress\/ -->\n<title>Jornadas sobre la Cuesti\u00f3n Inquilinaria - Right to the city<\/title>\n<meta name=\"robots\" content=\"index, follow, max-snippet:-1, max-image-preview:large, max-video-preview:-1\" \/>\n<link rel=\"canonical\" href=\"https:\/\/www.right2city.org\/es\/events\/jornadas-sobre-la-cuestion-inquilinaria\/\" \/>\n<meta property=\"og:locale\" content=\"es_ES\" \/>\n<meta property=\"og:type\" content=\"article\" \/>\n<meta property=\"og:title\" content=\"Jornadas sobre la Cuesti\u00f3n Inquilinaria - Right to the city\" \/>\n<meta property=\"og:description\" content=\"Debate internacional y nacional sobre el derecho a la vivienda en el marco del COVID-19 y la post-pandemia Jueves 13 de agosto a las : 08h00 Centroam\u00e9rica ; 9h00 M\u00e9xico ; 11h00 Sudam\u00e9rica ; 16h00 Espa\u00f1a. Con\u00e9ctese y Participe por : https:\/\/www.youtube.com\/user\/canaliisunam y FB Live @HICAm\u00e9ricaLatina &nbsp;\" \/>\n<meta property=\"og:url\" content=\"https:\/\/www.right2city.org\/es\/events\/jornadas-sobre-la-cuestion-inquilinaria\/\" \/>\n<meta property=\"og:site_name\" content=\"Right to the city\" \/>\n<meta property=\"og:image\" content=\"https:\/\/www.right2city.org\/wp-content\/uploads\/2020\/08\/Cuestion-inquilinaria-scaled.jpeg\" \/>\n\t<meta property=\"og:image:width\" content=\"1656\" \/>\n\t<meta property=\"og:image:height\" content=\"2560\" \/>\n\t<meta property=\"og:image:type\" content=\"image\/jpeg\" \/>\n<meta name=\"twitter:card\" content=\"summary_large_image\" \/>\n<script type=\"application\/ld+json\" class=\"yoast-schema-graph\">{\"@context\":\"https:\\\/\\\/schema.org\",\"@graph\":[{\"@type\":\"WebPage\",\"@id\":\"https:\\\/\\\/www.right2city.org\\\/es\\\/events\\\/jornadas-sobre-la-cuestion-inquilinaria\\\/\",\"url\":\"https:\\\/\\\/www.right2city.org\\\/es\\\/events\\\/jornadas-sobre-la-cuestion-inquilinaria\\\/\",\"name\":\"Jornadas sobre la Cuesti\u00f3n Inquilinaria - Right to the city\",\"isPartOf\":{\"@id\":\"https:\\\/\\\/www.right2city.org\\\/es\\\/#website\"},\"primaryImageOfPage\":{\"@id\":\"https:\\\/\\\/www.right2city.org\\\/es\\\/events\\\/jornadas-sobre-la-cuestion-inquilinaria\\\/#primaryimage\"},\"image\":{\"@id\":\"https:\\\/\\\/www.right2city.org\\\/es\\\/events\\\/jornadas-sobre-la-cuestion-inquilinaria\\\/#primaryimage\"},\"thumbnailUrl\":\"https:\\\/\\\/www.right2city.org\\\/wp-content\\\/uploads\\\/2020\\\/08\\\/Cuestion-inquilinaria-scaled.jpeg\",\"datePublished\":\"2020-08-11T07:59:01+00:00\",\"breadcrumb\":{\"@id\":\"https:\\\/\\\/www.right2city.org\\\/es\\\/events\\\/jornadas-sobre-la-cuestion-inquilinaria\\\/#breadcrumb\"},\"inLanguage\":\"es\",\"potentialAction\":[{\"@type\":\"ReadAction\",\"target\":[\"https:\\\/\\\/www.right2city.org\\\/es\\\/events\\\/jornadas-sobre-la-cuestion-inquilinaria\\\/\"]}]},{\"@type\":\"ImageObject\",\"inLanguage\":\"es\",\"@id\":\"https:\\\/\\\/www.right2city.org\\\/es\\\/events\\\/jornadas-sobre-la-cuestion-inquilinaria\\\/#primaryimage\",\"url\":\"https:\\\/\\\/www.right2city.org\\\/wp-content\\\/uploads\\\/2020\\\/08\\\/Cuestion-inquilinaria-scaled.jpeg\",\"contentUrl\":\"https:\\\/\\\/www.right2city.org\\\/wp-content\\\/uploads\\\/2020\\\/08\\\/Cuestion-inquilinaria-scaled.jpeg\",\"width\":1656,\"height\":2560},{\"@type\":\"BreadcrumbList\",\"@id\":\"https:\\\/\\\/www.right2city.org\\\/es\\\/events\\\/jornadas-sobre-la-cuestion-inquilinaria\\\/#breadcrumb\",\"itemListElement\":[{\"@type\":\"ListItem\",\"position\":1,\"name\":\"Home\",\"item\":\"https:\\\/\\\/www.right2city.org\\\/es\\\/\"},{\"@type\":\"ListItem\",\"position\":2,\"name\":\"Jornadas sobre la Cuesti\u00f3n Inquilinaria\"}]},{\"@type\":\"WebSite\",\"@id\":\"https:\\\/\\\/www.right2city.org\\\/es\\\/#website\",\"url\":\"https:\\\/\\\/www.right2city.org\\\/es\\\/\",\"name\":\"Right to the city\",\"description\":\"Global Platform for the Right to the City\",\"potentialAction\":[{\"@type\":\"SearchAction\",\"target\":{\"@type\":\"EntryPoint\",\"urlTemplate\":\"https:\\\/\\\/www.right2city.org\\\/es\\\/?s={search_term_string}\"},\"query-input\":{\"@type\":\"PropertyValueSpecification\",\"valueRequired\":true,\"valueName\":\"search_term_string\"}}],\"inLanguage\":\"es\"}]}<\/script>\n<!-- \/ Yoast SEO plugin. -->","yoast_head_json":{"title":"Jornadas sobre la Cuesti\u00f3n Inquilinaria - Right to the city","robots":{"index":"index","follow":"follow","max-snippet":"max-snippet:-1","max-image-preview":"max-image-preview:large","max-video-preview":"max-video-preview:-1"},"canonical":"https:\/\/www.right2city.org\/es\/events\/jornadas-sobre-la-cuestion-inquilinaria\/","og_locale":"es_ES","og_type":"article","og_title":"Jornadas sobre la Cuesti\u00f3n Inquilinaria - Right to the city","og_description":"Debate internacional y nacional sobre el derecho a la vivienda en el marco del COVID-19 y la post-pandemia Jueves 13 de agosto a las : 08h00 Centroam\u00e9rica ; 9h00 M\u00e9xico ; 11h00 Sudam\u00e9rica ; 16h00 Espa\u00f1a. Con\u00e9ctese y Participe por : https:\/\/www.youtube.com\/user\/canaliisunam y FB Live @HICAm\u00e9ricaLatina &nbsp;","og_url":"https:\/\/www.right2city.org\/es\/events\/jornadas-sobre-la-cuestion-inquilinaria\/","og_site_name":"Right to the city","og_image":[{"width":1656,"height":2560,"url":"https:\/\/www.right2city.org\/wp-content\/uploads\/2020\/08\/Cuestion-inquilinaria-scaled.jpeg","type":"image\/jpeg"}],"twitter_card":"summary_large_image","schema":{"@context":"https:\/\/schema.org","@graph":[{"@type":"WebPage","@id":"https:\/\/www.right2city.org\/es\/events\/jornadas-sobre-la-cuestion-inquilinaria\/","url":"https:\/\/www.right2city.org\/es\/events\/jornadas-sobre-la-cuestion-inquilinaria\/","name":"Jornadas sobre la Cuesti\u00f3n Inquilinaria - Right to the city","isPartOf":{"@id":"https:\/\/www.right2city.org\/es\/#website"},"primaryImageOfPage":{"@id":"https:\/\/www.right2city.org\/es\/events\/jornadas-sobre-la-cuestion-inquilinaria\/#primaryimage"},"image":{"@id":"https:\/\/www.right2city.org\/es\/events\/jornadas-sobre-la-cuestion-inquilinaria\/#primaryimage"},"thumbnailUrl":"https:\/\/www.right2city.org\/wp-content\/uploads\/2020\/08\/Cuestion-inquilinaria-scaled.jpeg","datePublished":"2020-08-11T07:59:01+00:00","breadcrumb":{"@id":"https:\/\/www.right2city.org\/es\/events\/jornadas-sobre-la-cuestion-inquilinaria\/#breadcrumb"},"inLanguage":"es","potentialAction":[{"@type":"ReadAction","target":["https:\/\/www.right2city.org\/es\/events\/jornadas-sobre-la-cuestion-inquilinaria\/"]}]},{"@type":"ImageObject","inLanguage":"es","@id":"https:\/\/www.right2city.org\/es\/events\/jornadas-sobre-la-cuestion-inquilinaria\/#primaryimage","url":"https:\/\/www.right2city.org\/wp-content\/uploads\/2020\/08\/Cuestion-inquilinaria-scaled.jpeg","contentUrl":"https:\/\/www.right2city.org\/wp-content\/uploads\/2020\/08\/Cuestion-inquilinaria-scaled.jpeg","width":1656,"height":2560},{"@type":"BreadcrumbList","@id":"https:\/\/www.right2city.org\/es\/events\/jornadas-sobre-la-cuestion-inquilinaria\/#breadcrumb","itemListElement":[{"@type":"ListItem","position":1,"name":"Home","item":"https:\/\/www.right2city.org\/es\/"},{"@type":"ListItem","position":2,"name":"Jornadas sobre la Cuesti\u00f3n Inquilinaria"}]},{"@type":"WebSite","@id":"https:\/\/www.right2city.org\/es\/#website","url":"https:\/\/www.right2city.org\/es\/","name":"Right to the city","description":"Global Platform for the Right to the City","potentialAction":[{"@type":"SearchAction","target":{"@type":"EntryPoint","urlTemplate":"https:\/\/www.right2city.org\/es\/?s={search_term_string}"},"query-input":{"@type":"PropertyValueSpecification","valueRequired":true,"valueName":"search_term_string"}}],"inLanguage":"es"}]}},"_links":{"self":[{"href":"https:\/\/www.right2city.org\/es\/wp-json\/wp\/v2\/events\/56092","targetHints":{"allow":["GET"]}}],"collection":[{"href":"https:\/\/www.right2city.org\/es\/wp-json\/wp\/v2\/events"}],"about":[{"href":"https:\/\/www.right2city.org\/es\/wp-json\/wp\/v2\/types\/events"}],"wp:featuredmedia":[{"embeddable":true,"href":"https:\/\/www.right2city.org\/es\/wp-json\/wp\/v2\/media\/56093"}],"wp:attachment":[{"href":"https:\/\/www.right2city.org\/es\/wp-json\/wp\/v2\/media?parent=56092"}],"wp:term":[{"taxonomy":"themes","embeddable":true,"href":"https:\/\/www.right2city.org\/es\/wp-json\/wp\/v2\/themes?post=56092"},{"taxonomy":"agendas_globales","embeddable":true,"href":"https:\/\/www.right2city.org\/es\/wp-json\/wp\/v2\/agendas_globales?post=56092"}],"curies":[{"name":"wp","href":"https:\/\/api.w.org\/{rel}","templated":true}]}}

Jornadas sobre la Cuestión Inquilinaria

<p><span style="font-size: 14pt;"><strong>Debate internacional y nacional sobre el derecho a la vivienda en el marco del COVID-19 y la post-pandemia</strong></span></p>
<p>Jueves 13 de agosto a las : 08h00 Centroamérica ; 9h00 México ; 11h00 Sudamérica ; 16h00 España.</p>
<p>Conéctese y Participe por : <a href="https://www.youtube.com/user/canaliisunam">https://www.youtube.com/user/canaliisunam</a> y FB Live<a href="https://www.facebook.com/HICAmericaLatina"> @HICAméricaLatina</a></p>
<p><img loading="lazy" decoding="async" class="aligncenter  wp-image-56093" src="https://www.right2city.org/wp-content/uploads/2020/08/Cuestion-inquilinaria-scaled.jpeg" alt="" width="650" height="1005" /></p>
<p>&nbsp;</p>

<!-- This site is optimized with the Yoast SEO plugin v27.5 - https://yoast.com/product/yoast-seo-wordpress/ -->
<title>Jornadas sobre la Cuestión Inquilinaria - Right to the city</title>
<meta name="robots" content="index, follow, max-snippet:-1, max-image-preview:large, max-video-preview:-1" />
<link rel="canonical" href="https://www.right2city.org/es/events/jornadas-sobre-la-cuestion-inquilinaria/" />
<meta property="og:locale" content="es_ES" />
<meta property="og:type" content="article" />
<meta property="og:title" content="Jornadas sobre la Cuestión Inquilinaria - Right to the city" />
<meta property="og:description" content="Debate internacional y nacional sobre el derecho a la vivienda en el marco del COVID-19 y la post-pandemia Jueves 13 de agosto a las : 08h00 Centroamérica ; 9h00 México ; 11h00 Sudamérica ; 16h00 España. Conéctese y Participe por : https://www.youtube.com/user/canaliisunam y FB Live @HICAméricaLatina &nbsp;" />
<meta property="og:url" content="https://www.right2city.org/es/events/jornadas-sobre-la-cuestion-inquilinaria/" />
<meta property="og:site_name" content="Right to the city" />
<meta property="og:image" content="https://www.right2city.org/wp-content/uploads/2020/08/Cuestion-inquilinaria-scaled.jpeg" />
	<meta property="og:image:width" content="1656" />
	<meta property="og:image:height" content="2560" />
	<meta property="og:image:type" content="image/jpeg" />
<meta name="twitter:card" content="summary_large_image" />
<script type="application/ld+json" class="yoast-schema-graph">{"@context":"https:\/\/schema.org","@graph":[{"@type":"WebPage","@id":"https:\/\/www.right2city.org\/es\/events\/jornadas-sobre-la-cuestion-inquilinaria\/","url":"https:\/\/www.right2city.org\/es\/events\/jornadas-sobre-la-cuestion-inquilinaria\/","name":"Jornadas sobre la Cuestión Inquilinaria - Right to the city","isPartOf":{"@id":"https:\/\/www.right2city.org\/es\/#website"},"primaryImageOfPage":{"@id":"https:\/\/www.right2city.org\/es\/events\/jornadas-sobre-la-cuestion-inquilinaria\/#primaryimage"},"image":{"@id":"https:\/\/www.right2city.org\/es\/events\/jornadas-sobre-la-cuestion-inquilinaria\/#primaryimage"},"thumbnailUrl":"https:\/\/www.right2city.org\/wp-content\/uploads\/2020\/08\/Cuestion-inquilinaria-scaled.jpeg","datePublished":"2020-08-11T07:59:01+00:00","breadcrumb":{"@id":"https:\/\/www.right2city.org\/es\/events\/jornadas-sobre-la-cuestion-inquilinaria\/#breadcrumb"},"inLanguage":"es","potentialAction":[{"@type":"ReadAction","target":["https:\/\/www.right2city.org\/es\/events\/jornadas-sobre-la-cuestion-inquilinaria\/"]}]},{"@type":"ImageObject","inLanguage":"es","@id":"https:\/\/www.right2city.org\/es\/events\/jornadas-sobre-la-cuestion-inquilinaria\/#primaryimage","url":"https:\/\/www.right2city.org\/wp-content\/uploads\/2020\/08\/Cuestion-inquilinaria-scaled.jpeg","contentUrl":"https:\/\/www.right2city.org\/wp-content\/uploads\/2020\/08\/Cuestion-inquilinaria-scaled.jpeg","width":1656,"height":2560},{"@type":"BreadcrumbList","@id":"https:\/\/www.right2city.org\/es\/events\/jornadas-sobre-la-cuestion-inquilinaria\/#breadcrumb","itemListElement":[{"@type":"ListItem","position":1,"name":"Home","item":"https:\/\/www.right2city.org\/es\/"},{"@type":"ListItem","position":2,"name":"Jornadas sobre la Cuestión Inquilinaria"}]},{"@type":"WebSite","@id":"https:\/\/www.right2city.org\/es\/#website","url":"https:\/\/www.right2city.org\/es\/","name":"Right to the city","description":"Global Platform for the Right to the City","potentialAction":[{"@type":"SearchAction","target":{"@type":"EntryPoint","urlTemplate":"https:\/\/www.right2city.org\/es\/?s={search_term_string}"},"query-input":{"@type":"PropertyValueSpecification","valueRequired":true,"valueName":"search_term_string"}}],"inLanguage":"es"}]}</script>
<!-- / Yoast SEO plugin. -->

Jornadas sobre la Cuestión Inquilinaria - Right to the city

Debate internacional y nacional sobre el derecho a la vivienda en el marco del COVID-19 y la post-pandemia Jueves 13 de agosto a las : 08h00 Centroamérica ; 9h00 México ; 11h00 Sudamérica ; 16h00 España. Conéctese y Participe por : https://www.youtube.com/user/canaliisunam y FB Live @HICAméricaLatina &nbsp;
