{"id":63839,"date":"2022-02-02T11:39:43","date_gmt":"2022-02-02T09:39:43","guid":{"rendered":"https:\/\/www.right2city.org\/events\/world-urban-forum-11\/"},"modified":"2022-03-21T17:36:30","modified_gmt":"2022-03-21T15:36:30","slug":"world-urban-forum-11","status":"publish","type":"events","link":"https:\/\/www.right2city.org\/es\/events\/world-urban-forum-11\/","title":{"rendered":"Foro Urbano Mundial 11"},"content":{"rendered":"<p><img loading=\"lazy\" decoding=\"async\" class=\"alignnone size-full wp-image-63835\" src=\"https:\/\/www.right2city.org\/wp-content\/uploads\/2022\/02\/wuf11.jpg\" alt=\"\" width=\"1886\" height=\"738\" srcset=\"https:\/\/www.right2city.org\/wp-content\/uploads\/2022\/02\/wuf11.jpg 1886w, https:\/\/www.right2city.org\/wp-content\/uploads\/2022\/02\/wuf11-1280x501.jpg 1280w, https:\/\/www.right2city.org\/wp-content\/uploads\/2022\/02\/wuf11-980x383.jpg 980w, https:\/\/www.right2city.org\/wp-content\/uploads\/2022\/02\/wuf11-480x188.jpg 480w\" sizes=\"(min-width: 0px) and (max-width: 480px) 480px, (min-width: 481px) and (max-width: 980px) 980px, (min-width: 981px) and (max-width: 1280px) 1280px, (min-width: 1281px) 1886px, 100vw\" \/><\/p>\n<p>El <strong><a href=\"https:\/\/wuf.unhabitat.org\/\">Foro Urbano Mundial (FUM)<\/a><\/strong> es una conferencia mundial sobre urbanizaci\u00f3n sostenible. Re\u00fane a un amplio abanico de participantes de todo el mundo para debatir los principales retos urbanos a los que se enfrenta el mundo en la actualidad.<\/p>\n<p><strong>El FUM 11 se celebrar\u00e1 en la ciudad polaca de Katowice del 26 al 30 de junio de 2022<\/strong>. Est\u00e1 organizado conjuntamente por el Ministerio de Fondos de Desarrollo y Pol\u00edtica Regional de Polonia y la Oficina Municipal de Katowice y el Programa de las Naciones Unidas para los Asentamientos Humanos (ONU-H\u00e1bitat).<\/p>\n<p><span style=\"font-size: 14pt; color: #993366;\"><strong>Tema e Informaci\u00f3n pr\u00e1ctica<\/strong><\/span><\/p>\n<p>El tema del FUM11, \u00abTransformar nuestras ciudades para un futuro urbano mejor \u00ab, proporcionar\u00e1 una mayor comprensi\u00f3n y claridad sobre el futuro de las ciudades a partir de las tendencias, los retos y las oportunidades existentes, adem\u00e1s de sugerir formas en que las ciudades pueden estar mejor preparadas para hacer frente a futuras pandemias y otras crisis.<\/p>\n<p><strong>Inscripci\u00f3n en l\u00ednea:<\/strong> se abri\u00f3 el 15 de diciembre de 2021 y se cierra el <strong>22 de junio de 2022<\/strong>. <a href=\"https:\/\/www.unevents.org\/Home\/Register\">Haga clic aqu\u00ed para inscribirse<\/a>.<\/p>\n<p><strong>Lugar del evento<\/strong>: Centro Internacional de Congresos, Plac S\u0142awika i Antalla 1 40-163 Katowice, Polonia. M\u00e1s informaci\u00f3n en <a href=\"http:\/\/www.mckkatowice.pl\/en\/\">www.mckkatowice.pl\/en\/<\/a>.<\/p>\n<p><strong>Programa<\/strong>: La informaci\u00f3n completa sobre los diferentes eventos del FUM11 estar\u00e1 disponible en la p\u00e1gina web <a href=\"www.unhabitat.org\/wuf%20\">www.unhabitat.org\/wuf<\/a> a principios de junio de 2022.<\/p>\n<p><strong>Solicitud de eventos<\/strong>: El Foro Urbano Mundial contar\u00e1 con diferentes eventos: asambleas, di\u00e1logos, mesas redondas, creaci\u00f3n de redes, formaci\u00f3n, proyecci\u00f3n de pel\u00edculas. Las <strong>solicitudes de eventos se aceptan hasta el 21 de marzo de 2022<\/strong>. <a href=\"https:\/\/www.unevents.org\/Home\/Register\">Haga clic aqu\u00ed para inscribirse<\/a>.<\/p>\n<p><strong><span style=\"font-size: 14pt; color: #691950;\">Participaci\u00f3n de la PGDC<\/span><\/strong><\/p>\n<p>El Foro Urbano Mundial contar\u00e1 con <a href=\"https:\/\/wuf.unhabitat.org\/main-events.php\">diferentes eventos<\/a>: asambleas, di\u00e1logos, mesas redondas, creaci\u00f3n de redes, formaci\u00f3n, proyecci\u00f3n de pel\u00edculas. Como en a\u00f1os anteriores, la PGDC y sus miembros participar\u00e1n activamente en el foro, realizando y participando en una serie de eventos y actividades. A medida que se conozca el programa definitivo en los pr\u00f3ximos meses, se compartir\u00e1 m\u00e1s informaci\u00f3n sobre el conjunto de actos y actividades que llevar\u00e1n a cabo la PGDC y sus miembros.<\/p>\n<p>Teniendo en cuenta la incertidumbre respecto a la plena realizaci\u00f3n del evento en Katowice en las fechas previstas, la PGDC estar\u00e1 atenta y compartir\u00e1 actualizaciones en torno a cualquier modificaci\u00f3n en cuanto a la fecha final, el lugar y la modalidad en que se desarrollar\u00e1 el foro.<\/p>\n","protected":false},"featured_media":0,"template":"","meta":{"_acf_changed":false,"_et_pb_use_builder":"","_et_pb_old_content":"","_et_gb_content_width":"","cybocfi_hide_featured_image":""},"themes":[],"agendas_globales":[276],"class_list":["post-63839","events","type-events","status-publish","hentry","agendas_globales-fsu-es"],"acf":[],"yoast_head":"<!-- This site is optimized with the Yoast SEO plugin v27.4 - https:\/\/yoast.com\/product\/yoast-seo-wordpress\/ -->\n<title>Foro Urbano Mundial 11 - Right to the city<\/title>\n<meta name=\"robots\" content=\"index, follow, max-snippet:-1, max-image-preview:large, max-video-preview:-1\" \/>\n<link rel=\"canonical\" href=\"https:\/\/www.right2city.org\/es\/events\/world-urban-forum-11\/\" \/>\n<meta property=\"og:locale\" content=\"es_ES\" \/>\n<meta property=\"og:type\" content=\"article\" \/>\n<meta property=\"og:title\" content=\"Foro Urbano Mundial 11 - Right to the city\" \/>\n<meta property=\"og:description\" content=\"El Foro Urbano Mundial (FUM) es una conferencia mundial sobre urbanizaci\u00f3n sostenible. Re\u00fane a un amplio abanico de participantes de todo el mundo para debatir los principales retos urbanos a los que se enfrenta el mundo en la actualidad. El FUM 11 se celebrar\u00e1 en la ciudad polaca de Katowice del 26 al 30 de [&hellip;]\" \/>\n<meta property=\"og:url\" content=\"https:\/\/www.right2city.org\/es\/events\/world-urban-forum-11\/\" \/>\n<meta property=\"og:site_name\" content=\"Right to the city\" \/>\n<meta property=\"article:modified_time\" content=\"2022-03-21T15:36:30+00:00\" \/>\n<meta property=\"og:image\" content=\"https:\/\/www.right2city.org\/wp-content\/uploads\/2022\/02\/wuf11.jpg\" \/>\n<meta name=\"twitter:card\" content=\"summary_large_image\" \/>\n<meta name=\"twitter:label1\" content=\"Tiempo de lectura\" \/>\n\t<meta name=\"twitter:data1\" content=\"2 minutos\" \/>\n<script type=\"application\/ld+json\" class=\"yoast-schema-graph\">{\"@context\":\"https:\\\/\\\/schema.org\",\"@graph\":[{\"@type\":\"WebPage\",\"@id\":\"https:\\\/\\\/www.right2city.org\\\/es\\\/events\\\/world-urban-forum-11\\\/\",\"url\":\"https:\\\/\\\/www.right2city.org\\\/es\\\/events\\\/world-urban-forum-11\\\/\",\"name\":\"Foro Urbano Mundial 11 - Right to the city\",\"isPartOf\":{\"@id\":\"https:\\\/\\\/www.right2city.org\\\/es\\\/#website\"},\"primaryImageOfPage\":{\"@id\":\"https:\\\/\\\/www.right2city.org\\\/es\\\/events\\\/world-urban-forum-11\\\/#primaryimage\"},\"image\":{\"@id\":\"https:\\\/\\\/www.right2city.org\\\/es\\\/events\\\/world-urban-forum-11\\\/#primaryimage\"},\"thumbnailUrl\":\"https:\\\/\\\/www.right2city.org\\\/wp-content\\\/uploads\\\/2022\\\/02\\\/wuf11.jpg\",\"datePublished\":\"2022-02-02T09:39:43+00:00\",\"dateModified\":\"2022-03-21T15:36:30+00:00\",\"breadcrumb\":{\"@id\":\"https:\\\/\\\/www.right2city.org\\\/es\\\/events\\\/world-urban-forum-11\\\/#breadcrumb\"},\"inLanguage\":\"es\",\"potentialAction\":[{\"@type\":\"ReadAction\",\"target\":[\"https:\\\/\\\/www.right2city.org\\\/es\\\/events\\\/world-urban-forum-11\\\/\"]}]},{\"@type\":\"ImageObject\",\"inLanguage\":\"es\",\"@id\":\"https:\\\/\\\/www.right2city.org\\\/es\\\/events\\\/world-urban-forum-11\\\/#primaryimage\",\"url\":\"https:\\\/\\\/www.right2city.org\\\/wp-content\\\/uploads\\\/2022\\\/02\\\/wuf11.jpg\",\"contentUrl\":\"https:\\\/\\\/www.right2city.org\\\/wp-content\\\/uploads\\\/2022\\\/02\\\/wuf11.jpg\"},{\"@type\":\"BreadcrumbList\",\"@id\":\"https:\\\/\\\/www.right2city.org\\\/es\\\/events\\\/world-urban-forum-11\\\/#breadcrumb\",\"itemListElement\":[{\"@type\":\"ListItem\",\"position\":1,\"name\":\"Home\",\"item\":\"https:\\\/\\\/www.right2city.org\\\/es\\\/\"},{\"@type\":\"ListItem\",\"position\":2,\"name\":\"Foro Urbano Mundial 11\"}]},{\"@type\":\"WebSite\",\"@id\":\"https:\\\/\\\/www.right2city.org\\\/es\\\/#website\",\"url\":\"https:\\\/\\\/www.right2city.org\\\/es\\\/\",\"name\":\"Right to the city\",\"description\":\"Global Platform for the Right to the City\",\"potentialAction\":[{\"@type\":\"SearchAction\",\"target\":{\"@type\":\"EntryPoint\",\"urlTemplate\":\"https:\\\/\\\/www.right2city.org\\\/es\\\/?s={search_term_string}\"},\"query-input\":{\"@type\":\"PropertyValueSpecification\",\"valueRequired\":true,\"valueName\":\"search_term_string\"}}],\"inLanguage\":\"es\"}]}<\/script>\n<!-- \/ Yoast SEO plugin. -->","yoast_head_json":{"title":"Foro Urbano Mundial 11 - Right to the city","robots":{"index":"index","follow":"follow","max-snippet":"max-snippet:-1","max-image-preview":"max-image-preview:large","max-video-preview":"max-video-preview:-1"},"canonical":"https:\/\/www.right2city.org\/es\/events\/world-urban-forum-11\/","og_locale":"es_ES","og_type":"article","og_title":"Foro Urbano Mundial 11 - Right to the city","og_description":"El Foro Urbano Mundial (FUM) es una conferencia mundial sobre urbanizaci\u00f3n sostenible. Re\u00fane a un amplio abanico de participantes de todo el mundo para debatir los principales retos urbanos a los que se enfrenta el mundo en la actualidad. El FUM 11 se celebrar\u00e1 en la ciudad polaca de Katowice del 26 al 30 de [&hellip;]","og_url":"https:\/\/www.right2city.org\/es\/events\/world-urban-forum-11\/","og_site_name":"Right to the city","article_modified_time":"2022-03-21T15:36:30+00:00","og_image":[{"url":"https:\/\/www.right2city.org\/wp-content\/uploads\/2022\/02\/wuf11.jpg","type":"","width":"","height":""}],"twitter_card":"summary_large_image","twitter_misc":{"Tiempo de lectura":"2 minutos"},"schema":{"@context":"https:\/\/schema.org","@graph":[{"@type":"WebPage","@id":"https:\/\/www.right2city.org\/es\/events\/world-urban-forum-11\/","url":"https:\/\/www.right2city.org\/es\/events\/world-urban-forum-11\/","name":"Foro Urbano Mundial 11 - Right to the city","isPartOf":{"@id":"https:\/\/www.right2city.org\/es\/#website"},"primaryImageOfPage":{"@id":"https:\/\/www.right2city.org\/es\/events\/world-urban-forum-11\/#primaryimage"},"image":{"@id":"https:\/\/www.right2city.org\/es\/events\/world-urban-forum-11\/#primaryimage"},"thumbnailUrl":"https:\/\/www.right2city.org\/wp-content\/uploads\/2022\/02\/wuf11.jpg","datePublished":"2022-02-02T09:39:43+00:00","dateModified":"2022-03-21T15:36:30+00:00","breadcrumb":{"@id":"https:\/\/www.right2city.org\/es\/events\/world-urban-forum-11\/#breadcrumb"},"inLanguage":"es","potentialAction":[{"@type":"ReadAction","target":["https:\/\/www.right2city.org\/es\/events\/world-urban-forum-11\/"]}]},{"@type":"ImageObject","inLanguage":"es","@id":"https:\/\/www.right2city.org\/es\/events\/world-urban-forum-11\/#primaryimage","url":"https:\/\/www.right2city.org\/wp-content\/uploads\/2022\/02\/wuf11.jpg","contentUrl":"https:\/\/www.right2city.org\/wp-content\/uploads\/2022\/02\/wuf11.jpg"},{"@type":"BreadcrumbList","@id":"https:\/\/www.right2city.org\/es\/events\/world-urban-forum-11\/#breadcrumb","itemListElement":[{"@type":"ListItem","position":1,"name":"Home","item":"https:\/\/www.right2city.org\/es\/"},{"@type":"ListItem","position":2,"name":"Foro Urbano Mundial 11"}]},{"@type":"WebSite","@id":"https:\/\/www.right2city.org\/es\/#website","url":"https:\/\/www.right2city.org\/es\/","name":"Right to the city","description":"Global Platform for the Right to the City","potentialAction":[{"@type":"SearchAction","target":{"@type":"EntryPoint","urlTemplate":"https:\/\/www.right2city.org\/es\/?s={search_term_string}"},"query-input":{"@type":"PropertyValueSpecification","valueRequired":true,"valueName":"search_term_string"}}],"inLanguage":"es"}]}},"_links":{"self":[{"href":"https:\/\/www.right2city.org\/es\/wp-json\/wp\/v2\/events\/63839","targetHints":{"allow":["GET"]}}],"collection":[{"href":"https:\/\/www.right2city.org\/es\/wp-json\/wp\/v2\/events"}],"about":[{"href":"https:\/\/www.right2city.org\/es\/wp-json\/wp\/v2\/types\/events"}],"wp:attachment":[{"href":"https:\/\/www.right2city.org\/es\/wp-json\/wp\/v2\/media?parent=63839"}],"wp:term":[{"taxonomy":"themes","embeddable":true,"href":"https:\/\/www.right2city.org\/es\/wp-json\/wp\/v2\/themes?post=63839"},{"taxonomy":"agendas_globales","embeddable":true,"href":"https:\/\/www.right2city.org\/es\/wp-json\/wp\/v2\/agendas_globales?post=63839"}],"curies":[{"name":"wp","href":"https:\/\/api.w.org\/{rel}","templated":true}]}}

<p><img loading="lazy" decoding="async" class="alignnone size-full wp-image-63835" src="https://www.right2city.org/wp-content/uploads/2022/02/wuf11.jpg" alt="" width="1886" height="738" srcset="https://www.right2city.org/wp-content/uploads/2022/02/wuf11.jpg 1886w, https://www.right2city.org/wp-content/uploads/2022/02/wuf11-1280x501.jpg 1280w, https://www.right2city.org/wp-content/uploads/2022/02/wuf11-980x383.jpg 980w, https://www.right2city.org/wp-content/uploads/2022/02/wuf11-480x188.jpg 480w" sizes="(min-width: 0px) and (max-width: 480px) 480px, (min-width: 481px) and (max-width: 980px) 980px, (min-width: 981px) and (max-width: 1280px) 1280px, (min-width: 1281px) 1886px, 100vw" /></p>
<p>El <strong><a href="https://wuf.unhabitat.org/">Foro Urbano Mundial (FUM)</a></strong> es una conferencia mundial sobre urbanización sostenible. Reúne a un amplio abanico de participantes de todo el mundo para debatir los principales retos urbanos a los que se enfrenta el mundo en la actualidad.</p>
<p><strong>El FUM 11 se celebrará en la ciudad polaca de Katowice del 26 al 30 de junio de 2022</strong>. Está organizado conjuntamente por el Ministerio de Fondos de Desarrollo y Política Regional de Polonia y la Oficina Municipal de Katowice y el Programa de las Naciones Unidas para los Asentamientos Humanos (ONU-Hábitat).</p>
<p><span style="font-size: 14pt; color: #993366;"><strong>Tema e Información práctica</strong></span></p>
<p>El tema del FUM11, «Transformar nuestras ciudades para un futuro urbano mejor «, proporcionará una mayor comprensión y claridad sobre el futuro de las ciudades a partir de las tendencias, los retos y las oportunidades existentes, además de sugerir formas en que las ciudades pueden estar mejor preparadas para hacer frente a futuras pandemias y otras crisis.</p>
<p><strong>Inscripción en línea:</strong> se abrió el 15 de diciembre de 2021 y se cierra el <strong>22 de junio de 2022</strong>. <a href="https://www.unevents.org/Home/Register">Haga clic aquí para inscribirse</a>.</p>
<p><strong>Lugar del evento</strong>: Centro Internacional de Congresos, Plac Sławika i Antalla 1 40-163 Katowice, Polonia. Más información en <a href="http://www.mckkatowice.pl/en/">www.mckkatowice.pl/en/</a>.</p>
<p><strong>Programa</strong>: La información completa sobre los diferentes eventos del FUM11 estará disponible en la página web <a href="www.unhabitat.org/wuf%20">www.unhabitat.org/wuf</a> a principios de junio de 2022.</p>
<p><strong>Solicitud de eventos</strong>: El Foro Urbano Mundial contará con diferentes eventos: asambleas, diálogos, mesas redondas, creación de redes, formación, proyección de películas. Las <strong>solicitudes de eventos se aceptan hasta el 21 de marzo de 2022</strong>. <a href="https://www.unevents.org/Home/Register">Haga clic aquí para inscribirse</a>.</p>
<p><strong><span style="font-size: 14pt; color: #691950;">Participación de la PGDC</span></strong></p>
<p>El Foro Urbano Mundial contará con <a href="https://wuf.unhabitat.org/main-events.php">diferentes eventos</a>: asambleas, diálogos, mesas redondas, creación de redes, formación, proyección de películas. Como en años anteriores, la PGDC y sus miembros participarán activamente en el foro, realizando y participando en una serie de eventos y actividades. A medida que se conozca el programa definitivo en los próximos meses, se compartirá más información sobre el conjunto de actos y actividades que llevarán a cabo la PGDC y sus miembros.</p>
<p>Teniendo en cuenta la incertidumbre respecto a la plena realización del evento en Katowice en las fechas previstas, la PGDC estará atenta y compartirá actualizaciones en torno a cualquier modificación en cuanto a la fecha final, el lugar y la modalidad en que se desarrollará el foro.</p>

<!-- This site is optimized with the Yoast SEO plugin v27.4 - https://yoast.com/product/yoast-seo-wordpress/ -->
<title>Foro Urbano Mundial 11 - Right to the city</title>
<meta name="robots" content="index, follow, max-snippet:-1, max-image-preview:large, max-video-preview:-1" />
<link rel="canonical" href="https://www.right2city.org/es/events/world-urban-forum-11/" />
<meta property="og:locale" content="es_ES" />
<meta property="og:type" content="article" />
<meta property="og:title" content="Foro Urbano Mundial 11 - Right to the city" />
<meta property="og:description" content="El Foro Urbano Mundial (FUM) es una conferencia mundial sobre urbanización sostenible. Reúne a un amplio abanico de participantes de todo el mundo para debatir los principales retos urbanos a los que se enfrenta el mundo en la actualidad. El FUM 11 se celebrará en la ciudad polaca de Katowice del 26 al 30 de [&hellip;]" />
<meta property="og:url" content="https://www.right2city.org/es/events/world-urban-forum-11/" />
<meta property="og:site_name" content="Right to the city" />
<meta property="article:modified_time" content="2022-03-21T15:36:30+00:00" />
<meta property="og:image" content="https://www.right2city.org/wp-content/uploads/2022/02/wuf11.jpg" />
<meta name="twitter:card" content="summary_large_image" />
<meta name="twitter:label1" content="Tiempo de lectura" />
	<meta name="twitter:data1" content="2 minutos" />
<script type="application/ld+json" class="yoast-schema-graph">{"@context":"https:\/\/schema.org","@graph":[{"@type":"WebPage","@id":"https:\/\/www.right2city.org\/es\/events\/world-urban-forum-11\/","url":"https:\/\/www.right2city.org\/es\/events\/world-urban-forum-11\/","name":"Foro Urbano Mundial 11 - Right to the city","isPartOf":{"@id":"https:\/\/www.right2city.org\/es\/#website"},"primaryImageOfPage":{"@id":"https:\/\/www.right2city.org\/es\/events\/world-urban-forum-11\/#primaryimage"},"image":{"@id":"https:\/\/www.right2city.org\/es\/events\/world-urban-forum-11\/#primaryimage"},"thumbnailUrl":"https:\/\/www.right2city.org\/wp-content\/uploads\/2022\/02\/wuf11.jpg","datePublished":"2022-02-02T09:39:43+00:00","dateModified":"2022-03-21T15:36:30+00:00","breadcrumb":{"@id":"https:\/\/www.right2city.org\/es\/events\/world-urban-forum-11\/#breadcrumb"},"inLanguage":"es","potentialAction":[{"@type":"ReadAction","target":["https:\/\/www.right2city.org\/es\/events\/world-urban-forum-11\/"]}]},{"@type":"ImageObject","inLanguage":"es","@id":"https:\/\/www.right2city.org\/es\/events\/world-urban-forum-11\/#primaryimage","url":"https:\/\/www.right2city.org\/wp-content\/uploads\/2022\/02\/wuf11.jpg","contentUrl":"https:\/\/www.right2city.org\/wp-content\/uploads\/2022\/02\/wuf11.jpg"},{"@type":"BreadcrumbList","@id":"https:\/\/www.right2city.org\/es\/events\/world-urban-forum-11\/#breadcrumb","itemListElement":[{"@type":"ListItem","position":1,"name":"Home","item":"https:\/\/www.right2city.org\/es\/"},{"@type":"ListItem","position":2,"name":"Foro Urbano Mundial 11"}]},{"@type":"WebSite","@id":"https:\/\/www.right2city.org\/es\/#website","url":"https:\/\/www.right2city.org\/es\/","name":"Right to the city","description":"Global Platform for the Right to the City","potentialAction":[{"@type":"SearchAction","target":{"@type":"EntryPoint","urlTemplate":"https:\/\/www.right2city.org\/es\/?s={search_term_string}"},"query-input":{"@type":"PropertyValueSpecification","valueRequired":true,"valueName":"search_term_string"}}],"inLanguage":"es"}]}</script>
<!-- / Yoast SEO plugin. -->

El Foro Urbano Mundial (FUM) es una conferencia mundial sobre urbanización sostenible. Reúne a un amplio abanico de participantes de todo el mundo para debatir los principales retos urbanos a los que se enfrenta el mundo en la actualidad. El FUM 11 se celebrará en la ciudad polaca de Katowice del 26 al 30 de [&hellip;]
