{"id":67869,"date":"2023-03-28T14:47:25","date_gmt":"2023-03-28T12:47:25","guid":{"rendered":"https:\/\/www.right2city.org\/?post_type=events&#038;p=67869"},"modified":"2023-03-31T09:49:45","modified_gmt":"2023-03-31T07:49:45","slug":"sdg-summit-2023","status":"publish","type":"events","link":"https:\/\/www.right2city.org\/es\/events\/sdg-summit-2023\/","title":{"rendered":"Cumbre de los ODS 2023"},"content":{"rendered":"<p><img loading=\"lazy\" decoding=\"async\" class=\"aligncenter size-large wp-image-67870\" src=\"https:\/\/www.right2city.org\/wp-content\/uploads\/2023\/03\/un7951473web-1024x495.jpg\" alt=\"\" width=\"1024\" height=\"495\" srcset=\"https:\/\/www.right2city.org\/wp-content\/uploads\/2023\/03\/un7951473web-980x474.jpg 980w, https:\/\/www.right2city.org\/wp-content\/uploads\/2023\/03\/un7951473web-480x232.jpg 480w\" sizes=\"(min-width: 0px) and (max-width: 480px) 480px, (min-width: 481px) and (max-width: 980px) 980px, (min-width: 981px) 1024px, 100vw\" \/><\/p>\n<p>La Cumbre 2023 sobre los ODS se convocar\u00e1 en septiembre de 2023, durante la semana de alto nivel de la Asamblea General de las Naciones Unidas. Los Jefes de Estado y de Gobierno se reunir\u00e1n en la sede de las Naciones Unidas en Nueva York para hacer un seguimiento y revisar la implementaci\u00f3n de la <a href=\"https:\/\/www.un.org\/sustainabledevelopment\/es\/2015\/09\/la-asamblea-general-adopta-la-agenda-2030-para-el-desarrollo-sostenible\/\">Agenda 2030 para el Desarrollo Sostenible<\/a> y los 17 <a href=\"https:\/\/sdgs.un.org\/es\/goals\">Objetivos de Desarrollo Sostenible<\/a> (ODS). Llevar\u00e1n a cabo una revisi\u00f3n exhaustiva del estado de los ODS, responder\u00e1n al impacto de las crisis m\u00faltiples e interrelacionadas a las que se enfrenta el mundo, y proporcionar\u00e1n orientaci\u00f3n pol\u00edtica de alto nivel sobre acciones transformadoras y aceleradas de cara al a\u00f1o 2030 para alcanzar los ODS.<\/p>\n<p>La Cumbre tambi\u00e9n reunir\u00e1 a l\u00edderes-as pol\u00edticos-as y de opini\u00f3n de gobiernos, organizaciones internacionales, el sector privado, la sociedad civil, las mujeres y las juventudes y otras partes interesadas en una serie de reuniones de alto nivel con los Jefes de Estado y de Gobierno.<\/p>\n<p>La Cumbre de 2023 sobre los ODS marca el ecuador de la aplicaci\u00f3n de la Agenda 2030. El <a href=\"https:\/\/hlpf.un.org\/\">Foro Pol\u00edtico de Alto Nivel sobre el Desarrollo Sostenible<\/a> (HLPF, por sus siglas en ingl\u00e9s), celebrado en julio de 2022 bajo los auspicios del Consejo Econ\u00f3mico y Social, hizo un llamamiento para que la Cumbre \u00abmarque el inicio de una nueva fase de progreso acelerado hacia los Objetivos de Desarrollo Sostenible\u00bb.<\/p>\n<p>La Cumbre sobre los ODS estar\u00e1 presidida por el Presidente de la Asamblea General. El resultado de la Cumbre ser\u00e1 una declaraci\u00f3n pol\u00edtica negociada.<\/p>\n<p>Esta ser\u00e1 la segunda Cumbre de los ODS &#8211; el HLPF bajo los auspicios de la Asamblea General &#8211; desde la adopci\u00f3n de la Agenda 2030 en septiembre de 2015.<\/p>\n<p><a href=\"https:\/\/www.un.org\/en\/conferences\/SDGSummit2023\">M\u00e1s informaci\u00f3n en la p\u00e1gina oficial<\/a><\/p>\n","protected":false},"featured_media":0,"template":"","meta":{"_acf_changed":false,"_et_pb_use_builder":"","_et_pb_old_content":"","_et_gb_content_width":"","cybocfi_hide_featured_image":""},"themes":[],"agendas_globales":[260,1049],"class_list":["post-67869","events","type-events","status-publish","hentry","agendas_globales-habitat-iii-nau","agendas_globales-ods"],"acf":[],"yoast_head":"<!-- This site is optimized with the Yoast SEO plugin v27.5 - https:\/\/yoast.com\/product\/yoast-seo-wordpress\/ -->\n<title>Cumbre de los ODS 2023 - Right to the city<\/title>\n<meta name=\"robots\" content=\"index, follow, max-snippet:-1, max-image-preview:large, max-video-preview:-1\" \/>\n<link rel=\"canonical\" href=\"https:\/\/www.right2city.org\/es\/events\/sdg-summit-2023\/\" \/>\n<meta property=\"og:locale\" content=\"es_ES\" \/>\n<meta property=\"og:type\" content=\"article\" \/>\n<meta property=\"og:title\" content=\"Cumbre de los ODS 2023 - Right to the city\" \/>\n<meta property=\"og:description\" content=\"La Cumbre 2023 sobre los ODS se convocar\u00e1 en septiembre de 2023, durante la semana de alto nivel de la Asamblea General de las Naciones Unidas. Los Jefes de Estado y de Gobierno se reunir\u00e1n en la sede de las Naciones Unidas en Nueva York para hacer un seguimiento y revisar la implementaci\u00f3n de la [&hellip;]\" \/>\n<meta property=\"og:url\" content=\"https:\/\/www.right2city.org\/es\/events\/sdg-summit-2023\/\" \/>\n<meta property=\"og:site_name\" content=\"Right to the city\" \/>\n<meta property=\"article:modified_time\" content=\"2023-03-31T07:49:45+00:00\" \/>\n<meta property=\"og:image\" content=\"https:\/\/www.right2city.org\/wp-content\/uploads\/2023\/03\/un7951473web-1024x495.jpg\" \/>\n<meta name=\"twitter:card\" content=\"summary_large_image\" \/>\n<meta name=\"twitter:label1\" content=\"Tiempo de lectura\" \/>\n\t<meta name=\"twitter:data1\" content=\"2 minutos\" \/>\n<script type=\"application\/ld+json\" class=\"yoast-schema-graph\">{\"@context\":\"https:\\\/\\\/schema.org\",\"@graph\":[{\"@type\":\"WebPage\",\"@id\":\"https:\\\/\\\/www.right2city.org\\\/es\\\/events\\\/sdg-summit-2023\\\/\",\"url\":\"https:\\\/\\\/www.right2city.org\\\/es\\\/events\\\/sdg-summit-2023\\\/\",\"name\":\"Cumbre de los ODS 2023 - Right to the city\",\"isPartOf\":{\"@id\":\"https:\\\/\\\/www.right2city.org\\\/es\\\/#website\"},\"primaryImageOfPage\":{\"@id\":\"https:\\\/\\\/www.right2city.org\\\/es\\\/events\\\/sdg-summit-2023\\\/#primaryimage\"},\"image\":{\"@id\":\"https:\\\/\\\/www.right2city.org\\\/es\\\/events\\\/sdg-summit-2023\\\/#primaryimage\"},\"thumbnailUrl\":\"https:\\\/\\\/www.right2city.org\\\/wp-content\\\/uploads\\\/2023\\\/03\\\/un7951473web-1024x495.jpg\",\"datePublished\":\"2023-03-28T12:47:25+00:00\",\"dateModified\":\"2023-03-31T07:49:45+00:00\",\"breadcrumb\":{\"@id\":\"https:\\\/\\\/www.right2city.org\\\/es\\\/events\\\/sdg-summit-2023\\\/#breadcrumb\"},\"inLanguage\":\"es\",\"potentialAction\":[{\"@type\":\"ReadAction\",\"target\":[\"https:\\\/\\\/www.right2city.org\\\/es\\\/events\\\/sdg-summit-2023\\\/\"]}]},{\"@type\":\"ImageObject\",\"inLanguage\":\"es\",\"@id\":\"https:\\\/\\\/www.right2city.org\\\/es\\\/events\\\/sdg-summit-2023\\\/#primaryimage\",\"url\":\"https:\\\/\\\/www.right2city.org\\\/wp-content\\\/uploads\\\/2023\\\/03\\\/un7951473web-1024x495.jpg\",\"contentUrl\":\"https:\\\/\\\/www.right2city.org\\\/wp-content\\\/uploads\\\/2023\\\/03\\\/un7951473web-1024x495.jpg\"},{\"@type\":\"BreadcrumbList\",\"@id\":\"https:\\\/\\\/www.right2city.org\\\/es\\\/events\\\/sdg-summit-2023\\\/#breadcrumb\",\"itemListElement\":[{\"@type\":\"ListItem\",\"position\":1,\"name\":\"Home\",\"item\":\"https:\\\/\\\/www.right2city.org\\\/es\\\/\"},{\"@type\":\"ListItem\",\"position\":2,\"name\":\"Cumbre de los ODS 2023\"}]},{\"@type\":\"WebSite\",\"@id\":\"https:\\\/\\\/www.right2city.org\\\/es\\\/#website\",\"url\":\"https:\\\/\\\/www.right2city.org\\\/es\\\/\",\"name\":\"Right to the city\",\"description\":\"Global Platform for the Right to the City\",\"potentialAction\":[{\"@type\":\"SearchAction\",\"target\":{\"@type\":\"EntryPoint\",\"urlTemplate\":\"https:\\\/\\\/www.right2city.org\\\/es\\\/?s={search_term_string}\"},\"query-input\":{\"@type\":\"PropertyValueSpecification\",\"valueRequired\":true,\"valueName\":\"search_term_string\"}}],\"inLanguage\":\"es\"}]}<\/script>\n<!-- \/ Yoast SEO plugin. -->","yoast_head_json":{"title":"Cumbre de los ODS 2023 - Right to the city","robots":{"index":"index","follow":"follow","max-snippet":"max-snippet:-1","max-image-preview":"max-image-preview:large","max-video-preview":"max-video-preview:-1"},"canonical":"https:\/\/www.right2city.org\/es\/events\/sdg-summit-2023\/","og_locale":"es_ES","og_type":"article","og_title":"Cumbre de los ODS 2023 - Right to the city","og_description":"La Cumbre 2023 sobre los ODS se convocar\u00e1 en septiembre de 2023, durante la semana de alto nivel de la Asamblea General de las Naciones Unidas. Los Jefes de Estado y de Gobierno se reunir\u00e1n en la sede de las Naciones Unidas en Nueva York para hacer un seguimiento y revisar la implementaci\u00f3n de la [&hellip;]","og_url":"https:\/\/www.right2city.org\/es\/events\/sdg-summit-2023\/","og_site_name":"Right to the city","article_modified_time":"2023-03-31T07:49:45+00:00","og_image":[{"url":"https:\/\/www.right2city.org\/wp-content\/uploads\/2023\/03\/un7951473web-1024x495.jpg","type":"","width":"","height":""}],"twitter_card":"summary_large_image","twitter_misc":{"Tiempo de lectura":"2 minutos"},"schema":{"@context":"https:\/\/schema.org","@graph":[{"@type":"WebPage","@id":"https:\/\/www.right2city.org\/es\/events\/sdg-summit-2023\/","url":"https:\/\/www.right2city.org\/es\/events\/sdg-summit-2023\/","name":"Cumbre de los ODS 2023 - Right to the city","isPartOf":{"@id":"https:\/\/www.right2city.org\/es\/#website"},"primaryImageOfPage":{"@id":"https:\/\/www.right2city.org\/es\/events\/sdg-summit-2023\/#primaryimage"},"image":{"@id":"https:\/\/www.right2city.org\/es\/events\/sdg-summit-2023\/#primaryimage"},"thumbnailUrl":"https:\/\/www.right2city.org\/wp-content\/uploads\/2023\/03\/un7951473web-1024x495.jpg","datePublished":"2023-03-28T12:47:25+00:00","dateModified":"2023-03-31T07:49:45+00:00","breadcrumb":{"@id":"https:\/\/www.right2city.org\/es\/events\/sdg-summit-2023\/#breadcrumb"},"inLanguage":"es","potentialAction":[{"@type":"ReadAction","target":["https:\/\/www.right2city.org\/es\/events\/sdg-summit-2023\/"]}]},{"@type":"ImageObject","inLanguage":"es","@id":"https:\/\/www.right2city.org\/es\/events\/sdg-summit-2023\/#primaryimage","url":"https:\/\/www.right2city.org\/wp-content\/uploads\/2023\/03\/un7951473web-1024x495.jpg","contentUrl":"https:\/\/www.right2city.org\/wp-content\/uploads\/2023\/03\/un7951473web-1024x495.jpg"},{"@type":"BreadcrumbList","@id":"https:\/\/www.right2city.org\/es\/events\/sdg-summit-2023\/#breadcrumb","itemListElement":[{"@type":"ListItem","position":1,"name":"Home","item":"https:\/\/www.right2city.org\/es\/"},{"@type":"ListItem","position":2,"name":"Cumbre de los ODS 2023"}]},{"@type":"WebSite","@id":"https:\/\/www.right2city.org\/es\/#website","url":"https:\/\/www.right2city.org\/es\/","name":"Right to the city","description":"Global Platform for the Right to the City","potentialAction":[{"@type":"SearchAction","target":{"@type":"EntryPoint","urlTemplate":"https:\/\/www.right2city.org\/es\/?s={search_term_string}"},"query-input":{"@type":"PropertyValueSpecification","valueRequired":true,"valueName":"search_term_string"}}],"inLanguage":"es"}]}},"_links":{"self":[{"href":"https:\/\/www.right2city.org\/es\/wp-json\/wp\/v2\/events\/67869","targetHints":{"allow":["GET"]}}],"collection":[{"href":"https:\/\/www.right2city.org\/es\/wp-json\/wp\/v2\/events"}],"about":[{"href":"https:\/\/www.right2city.org\/es\/wp-json\/wp\/v2\/types\/events"}],"wp:attachment":[{"href":"https:\/\/www.right2city.org\/es\/wp-json\/wp\/v2\/media?parent=67869"}],"wp:term":[{"taxonomy":"themes","embeddable":true,"href":"https:\/\/www.right2city.org\/es\/wp-json\/wp\/v2\/themes?post=67869"},{"taxonomy":"agendas_globales","embeddable":true,"href":"https:\/\/www.right2city.org\/es\/wp-json\/wp\/v2\/agendas_globales?post=67869"}],"curies":[{"name":"wp","href":"https:\/\/api.w.org\/{rel}","templated":true}]}}

<p><img loading="lazy" decoding="async" class="aligncenter size-large wp-image-67870" src="https://www.right2city.org/wp-content/uploads/2023/03/un7951473web-1024x495.jpg" alt="" width="1024" height="495" srcset="https://www.right2city.org/wp-content/uploads/2023/03/un7951473web-980x474.jpg 980w, https://www.right2city.org/wp-content/uploads/2023/03/un7951473web-480x232.jpg 480w" sizes="(min-width: 0px) and (max-width: 480px) 480px, (min-width: 481px) and (max-width: 980px) 980px, (min-width: 981px) 1024px, 100vw" /></p>
<p>La Cumbre 2023 sobre los ODS se convocará en septiembre de 2023, durante la semana de alto nivel de la Asamblea General de las Naciones Unidas. Los Jefes de Estado y de Gobierno se reunirán en la sede de las Naciones Unidas en Nueva York para hacer un seguimiento y revisar la implementación de la <a href="https://www.un.org/sustainabledevelopment/es/2015/09/la-asamblea-general-adopta-la-agenda-2030-para-el-desarrollo-sostenible/">Agenda 2030 para el Desarrollo Sostenible</a> y los 17 <a href="https://sdgs.un.org/es/goals">Objetivos de Desarrollo Sostenible</a> (ODS). Llevarán a cabo una revisión exhaustiva del estado de los ODS, responderán al impacto de las crisis múltiples e interrelacionadas a las que se enfrenta el mundo, y proporcionarán orientación política de alto nivel sobre acciones transformadoras y aceleradas de cara al año 2030 para alcanzar los ODS.</p>
<p>La Cumbre también reunirá a líderes-as políticos-as y de opinión de gobiernos, organizaciones internacionales, el sector privado, la sociedad civil, las mujeres y las juventudes y otras partes interesadas en una serie de reuniones de alto nivel con los Jefes de Estado y de Gobierno.</p>
<p>La Cumbre de 2023 sobre los ODS marca el ecuador de la aplicación de la Agenda 2030. El <a href="https://hlpf.un.org/">Foro Político de Alto Nivel sobre el Desarrollo Sostenible</a> (HLPF, por sus siglas en inglés), celebrado en julio de 2022 bajo los auspicios del Consejo Económico y Social, hizo un llamamiento para que la Cumbre «marque el inicio de una nueva fase de progreso acelerado hacia los Objetivos de Desarrollo Sostenible».</p>
<p>La Cumbre sobre los ODS estará presidida por el Presidente de la Asamblea General. El resultado de la Cumbre será una declaración política negociada.</p>
<p>Esta será la segunda Cumbre de los ODS &#8211; el HLPF bajo los auspicios de la Asamblea General &#8211; desde la adopción de la Agenda 2030 en septiembre de 2015.</p>
<p><a href="https://www.un.org/en/conferences/SDGSummit2023">Más información en la página oficial</a></p>

<!-- This site is optimized with the Yoast SEO plugin v27.5 - https://yoast.com/product/yoast-seo-wordpress/ -->
<title>Cumbre de los ODS 2023 - Right to the city</title>
<meta name="robots" content="index, follow, max-snippet:-1, max-image-preview:large, max-video-preview:-1" />
<link rel="canonical" href="https://www.right2city.org/es/events/sdg-summit-2023/" />
<meta property="og:locale" content="es_ES" />
<meta property="og:type" content="article" />
<meta property="og:title" content="Cumbre de los ODS 2023 - Right to the city" />
<meta property="og:description" content="La Cumbre 2023 sobre los ODS se convocará en septiembre de 2023, durante la semana de alto nivel de la Asamblea General de las Naciones Unidas. Los Jefes de Estado y de Gobierno se reunirán en la sede de las Naciones Unidas en Nueva York para hacer un seguimiento y revisar la implementación de la [&hellip;]" />
<meta property="og:url" content="https://www.right2city.org/es/events/sdg-summit-2023/" />
<meta property="og:site_name" content="Right to the city" />
<meta property="article:modified_time" content="2023-03-31T07:49:45+00:00" />
<meta property="og:image" content="https://www.right2city.org/wp-content/uploads/2023/03/un7951473web-1024x495.jpg" />
<meta name="twitter:card" content="summary_large_image" />
<meta name="twitter:label1" content="Tiempo de lectura" />
	<meta name="twitter:data1" content="2 minutos" />
<script type="application/ld+json" class="yoast-schema-graph">{"@context":"https:\/\/schema.org","@graph":[{"@type":"WebPage","@id":"https:\/\/www.right2city.org\/es\/events\/sdg-summit-2023\/","url":"https:\/\/www.right2city.org\/es\/events\/sdg-summit-2023\/","name":"Cumbre de los ODS 2023 - Right to the city","isPartOf":{"@id":"https:\/\/www.right2city.org\/es\/#website"},"primaryImageOfPage":{"@id":"https:\/\/www.right2city.org\/es\/events\/sdg-summit-2023\/#primaryimage"},"image":{"@id":"https:\/\/www.right2city.org\/es\/events\/sdg-summit-2023\/#primaryimage"},"thumbnailUrl":"https:\/\/www.right2city.org\/wp-content\/uploads\/2023\/03\/un7951473web-1024x495.jpg","datePublished":"2023-03-28T12:47:25+00:00","dateModified":"2023-03-31T07:49:45+00:00","breadcrumb":{"@id":"https:\/\/www.right2city.org\/es\/events\/sdg-summit-2023\/#breadcrumb"},"inLanguage":"es","potentialAction":[{"@type":"ReadAction","target":["https:\/\/www.right2city.org\/es\/events\/sdg-summit-2023\/"]}]},{"@type":"ImageObject","inLanguage":"es","@id":"https:\/\/www.right2city.org\/es\/events\/sdg-summit-2023\/#primaryimage","url":"https:\/\/www.right2city.org\/wp-content\/uploads\/2023\/03\/un7951473web-1024x495.jpg","contentUrl":"https:\/\/www.right2city.org\/wp-content\/uploads\/2023\/03\/un7951473web-1024x495.jpg"},{"@type":"BreadcrumbList","@id":"https:\/\/www.right2city.org\/es\/events\/sdg-summit-2023\/#breadcrumb","itemListElement":[{"@type":"ListItem","position":1,"name":"Home","item":"https:\/\/www.right2city.org\/es\/"},{"@type":"ListItem","position":2,"name":"Cumbre de los ODS 2023"}]},{"@type":"WebSite","@id":"https:\/\/www.right2city.org\/es\/#website","url":"https:\/\/www.right2city.org\/es\/","name":"Right to the city","description":"Global Platform for the Right to the City","potentialAction":[{"@type":"SearchAction","target":{"@type":"EntryPoint","urlTemplate":"https:\/\/www.right2city.org\/es\/?s={search_term_string}"},"query-input":{"@type":"PropertyValueSpecification","valueRequired":true,"valueName":"search_term_string"}}],"inLanguage":"es"}]}</script>
<!-- / Yoast SEO plugin. -->

La Cumbre 2023 sobre los ODS se convocará en septiembre de 2023, durante la semana de alto nivel de la Asamblea General de las Naciones Unidas. Los Jefes de Estado y de Gobierno se reunirán en la sede de las Naciones Unidas en Nueva York para hacer un seguimiento y revisar la implementación de la [&hellip;]
