{"id":49925,"date":"2019-09-04T12:39:54","date_gmt":"2019-09-04T10:39:54","guid":{"rendered":"https:\/\/www.right2city.org\/?post_type=organizations&#038;p=49925"},"modified":"2020-08-13T11:52:05","modified_gmt":"2020-08-13T09:52:05","slug":"odc","status":"publish","type":"organizations","link":"https:\/\/www.right2city.org\/es\/organizations\/odc\/","title":{"rendered":"Observatorio del Derecho a la Ciudad &#8211; ODC"},"content":{"rendered":"<p><img loading=\"lazy\" decoding=\"async\" class=\"alignleft wp-image-56173 size-thumbnail\" src=\"https:\/\/www.right2city.org\/wp-content\/uploads\/2019\/09\/ODC-150x150.jpg\" alt=\"\" width=\"150\" height=\"150\" \/><\/p>\n<p>&nbsp;<\/p>\n<p>&nbsp;<\/p>\n<p>&nbsp;<\/p>\n<p><strong>Descripci\u00f3n: <\/strong>Observatorio del Derecho a la Ciudad (ODC) es una una organizaci\u00f3n social independiente e interdisciplinaria que de forma vocacional participa en los debates p\u00fablicos y en todas las dimensiones de las pol\u00edticas urbanas con la convicci\u00f3n de que las ciudades deben regirse bajo los paradigmas del Derecho a la Ciudad, la Justicia Espacial y Ambiental, y la Democracia Participativa.<\/p>\n<p><strong>Misi\u00f3n:\u00a0<\/strong>La misi\u00f3n de ODC es monitorear la ejecuci\u00f3n de las pol\u00edticas p\u00fablicas urbanas en t\u00e9rminos de derechos, participar en debates p\u00fablicos y en todas las dimensiones de las pol\u00edticas urbanas con el acompa\u00f1amiento de los afectados, con la producci\u00f3n de informes y presentaciones de proyectos de ley, presentaciones judiciales (amparos ) y otras acciones.<\/p>\n<p><strong>Alcance territorial:<\/strong> <span class=\"docssharedWizToggleLabeledLabelText exportLabel freebirdFormviewerViewItemsCheckboxLabel\" dir=\"auto\">Nacional<\/span><\/p>\n<p><strong>Componentes del Derecho a la Ciudad:<\/strong><\/p>\n<ul>\n<li>1 Libre de discriminaci\u00f3n<\/li>\n<li>3 Ciudadan\u00eda inclusiva<\/li>\n<li><span class=\"docssharedWizToggleLabeledLabelText exportLabel freebirdFormviewerViewItemsCheckboxLabel\" dir=\"auto\">4 Cumpla sus funciones sociales<\/span><\/li>\n<li>5 Participaci\u00f3n pol\u00edtica<\/li>\n<li>6 Espacios p\u00fablicos y servicios de calidad<\/li>\n<li><span class=\"docssharedWizToggleLabeledLabelText exportLabel freebirdFormviewerViewItemsCheckboxLabel\" dir=\"auto\">7 Econom\u00edas inclusivas y diversas<\/span><\/li>\n<li>8 V\u00ednculos urbano-rurales inclusivos<\/li>\n<\/ul>\n<p><strong>Grupos de Trabajo:<\/strong><\/p>\n<ul>\n<li>Incidencia<\/li>\n<li>Investigaci\u00f3n y formaci\u00f3n<\/li>\n<li>Comunicaci\u00f3n<\/li>\n<li>G\u00e9nero<\/li>\n<li>Regional Am\u00e9rica Latina<\/li>\n<\/ul>\n<p><strong>Website: <\/strong><a href=\"https:\/\/observatoriociudad.org\">https:\/\/observatoriociudad.org<\/a><\/p>\n<p><strong>Facebook: <\/strong><a href=\"https:\/\/www.facebook.com\/ObservatorioDerechoalaCiudad\/\">https:\/\/www.facebook.com\/ObservatorioDerechoalaCiudad\/<\/a><\/p>\n<p><strong>Twitter: <\/strong><a href=\"https:\/\/twitter.com\/@observatorioODC\">https:\/\/twitter.com\/@observatorioODC<\/a><\/p>\n<p><strong>Youtube:<\/strong> <a href=\"https:\/\/www.youtube.com\/channel\/UCkPKnqsc2nvxd5yVKoHNWZA\">https:\/\/www.youtube.com\/channel\/UCkPKnqsc2nvxd5yVKoHNWZA<\/a><\/p>\n","protected":false},"featured_media":56173,"template":"","meta":{"_acf_changed":false,"_et_pb_use_builder":"","_et_pb_old_content":"","_et_gb_content_width":"","cybocfi_hide_featured_image":""},"categories":[],"tags":[],"themes":[122,125,121,126,114,123,124],"agendas_globales":[],"class_list":["post-49925","organizations","type-organizations","status-publish","has-post-thumbnail","hentry","themes-calidad-de-espacios-publicos-y-servicios","themes-ciudadania-inclusiva","themes-economias-diversas-e-inclusivas","themes-funcion-social","themes-mayor-participacion-politica","themes-no-discriminacion","themes-vinculos-rurales-locales"],"acf":[],"yoast_head":"<!-- This site is optimized with the Yoast SEO plugin v27.5 - https:\/\/yoast.com\/product\/yoast-seo-wordpress\/ -->\n<title>Observatorio del Derecho a la Ciudad - ODC - Right to the city<\/title>\n<meta name=\"robots\" content=\"index, follow, max-snippet:-1, max-image-preview:large, max-video-preview:-1\" \/>\n<link rel=\"canonical\" href=\"https:\/\/www.right2city.org\/es\/organizations\/odc\/\" \/>\n<meta property=\"og:locale\" content=\"es_ES\" \/>\n<meta property=\"og:type\" content=\"article\" \/>\n<meta property=\"og:title\" content=\"Observatorio del Derecho a la Ciudad - ODC - Right to the city\" \/>\n<meta property=\"og:description\" content=\"&nbsp; &nbsp; &nbsp; Descripci\u00f3n: Observatorio del Derecho a la Ciudad (ODC) es una una organizaci\u00f3n social independiente e interdisciplinaria que de forma vocacional participa en los debates p\u00fablicos y en todas las dimensiones de las pol\u00edticas urbanas con la convicci\u00f3n de que las ciudades deben regirse bajo los paradigmas del Derecho a la Ciudad, la [&hellip;]\" \/>\n<meta property=\"og:url\" content=\"https:\/\/www.right2city.org\/es\/organizations\/odc\/\" \/>\n<meta property=\"og:site_name\" content=\"Right to the city\" \/>\n<meta property=\"article:modified_time\" content=\"2020-08-13T09:52:05+00:00\" \/>\n<meta property=\"og:image\" content=\"https:\/\/www.right2city.org\/wp-content\/uploads\/2019\/09\/ODC.jpg\" \/>\n\t<meta property=\"og:image:width\" content=\"694\" \/>\n\t<meta property=\"og:image:height\" content=\"820\" \/>\n\t<meta property=\"og:image:type\" content=\"image\/jpeg\" \/>\n<meta name=\"twitter:card\" content=\"summary_large_image\" \/>\n<meta name=\"twitter:label1\" content=\"Tiempo de lectura\" \/>\n\t<meta name=\"twitter:data1\" content=\"1 minuto\" \/>\n<script type=\"application\/ld+json\" class=\"yoast-schema-graph\">{\"@context\":\"https:\\\/\\\/schema.org\",\"@graph\":[{\"@type\":\"WebPage\",\"@id\":\"https:\\\/\\\/www.right2city.org\\\/es\\\/organizations\\\/odc\\\/\",\"url\":\"https:\\\/\\\/www.right2city.org\\\/es\\\/organizations\\\/odc\\\/\",\"name\":\"Observatorio del Derecho a la Ciudad - ODC - Right to the city\",\"isPartOf\":{\"@id\":\"https:\\\/\\\/www.right2city.org\\\/es\\\/#website\"},\"primaryImageOfPage\":{\"@id\":\"https:\\\/\\\/www.right2city.org\\\/es\\\/organizations\\\/odc\\\/#primaryimage\"},\"image\":{\"@id\":\"https:\\\/\\\/www.right2city.org\\\/es\\\/organizations\\\/odc\\\/#primaryimage\"},\"thumbnailUrl\":\"https:\\\/\\\/www.right2city.org\\\/wp-content\\\/uploads\\\/2019\\\/09\\\/ODC.jpg\",\"datePublished\":\"2019-09-04T10:39:54+00:00\",\"dateModified\":\"2020-08-13T09:52:05+00:00\",\"breadcrumb\":{\"@id\":\"https:\\\/\\\/www.right2city.org\\\/es\\\/organizations\\\/odc\\\/#breadcrumb\"},\"inLanguage\":\"es\",\"potentialAction\":[{\"@type\":\"ReadAction\",\"target\":[\"https:\\\/\\\/www.right2city.org\\\/es\\\/organizations\\\/odc\\\/\"]}]},{\"@type\":\"ImageObject\",\"inLanguage\":\"es\",\"@id\":\"https:\\\/\\\/www.right2city.org\\\/es\\\/organizations\\\/odc\\\/#primaryimage\",\"url\":\"https:\\\/\\\/www.right2city.org\\\/wp-content\\\/uploads\\\/2019\\\/09\\\/ODC.jpg\",\"contentUrl\":\"https:\\\/\\\/www.right2city.org\\\/wp-content\\\/uploads\\\/2019\\\/09\\\/ODC.jpg\",\"width\":694,\"height\":820},{\"@type\":\"BreadcrumbList\",\"@id\":\"https:\\\/\\\/www.right2city.org\\\/es\\\/organizations\\\/odc\\\/#breadcrumb\",\"itemListElement\":[{\"@type\":\"ListItem\",\"position\":1,\"name\":\"Home\",\"item\":\"https:\\\/\\\/www.right2city.org\\\/es\\\/\"},{\"@type\":\"ListItem\",\"position\":2,\"name\":\"Observatorio del Derecho a la Ciudad &#8211; ODC\"}]},{\"@type\":\"WebSite\",\"@id\":\"https:\\\/\\\/www.right2city.org\\\/es\\\/#website\",\"url\":\"https:\\\/\\\/www.right2city.org\\\/es\\\/\",\"name\":\"Right to the city\",\"description\":\"Global Platform for the Right to the City\",\"potentialAction\":[{\"@type\":\"SearchAction\",\"target\":{\"@type\":\"EntryPoint\",\"urlTemplate\":\"https:\\\/\\\/www.right2city.org\\\/es\\\/?s={search_term_string}\"},\"query-input\":{\"@type\":\"PropertyValueSpecification\",\"valueRequired\":true,\"valueName\":\"search_term_string\"}}],\"inLanguage\":\"es\"}]}<\/script>\n<!-- \/ Yoast SEO plugin. -->","yoast_head_json":{"title":"Observatorio del Derecho a la Ciudad - ODC - Right to the city","robots":{"index":"index","follow":"follow","max-snippet":"max-snippet:-1","max-image-preview":"max-image-preview:large","max-video-preview":"max-video-preview:-1"},"canonical":"https:\/\/www.right2city.org\/es\/organizations\/odc\/","og_locale":"es_ES","og_type":"article","og_title":"Observatorio del Derecho a la Ciudad - ODC - Right to the city","og_description":"&nbsp; &nbsp; &nbsp; Descripci\u00f3n: Observatorio del Derecho a la Ciudad (ODC) es una una organizaci\u00f3n social independiente e interdisciplinaria que de forma vocacional participa en los debates p\u00fablicos y en todas las dimensiones de las pol\u00edticas urbanas con la convicci\u00f3n de que las ciudades deben regirse bajo los paradigmas del Derecho a la Ciudad, la [&hellip;]","og_url":"https:\/\/www.right2city.org\/es\/organizations\/odc\/","og_site_name":"Right to the city","article_modified_time":"2020-08-13T09:52:05+00:00","og_image":[{"width":694,"height":820,"url":"https:\/\/www.right2city.org\/wp-content\/uploads\/2019\/09\/ODC.jpg","type":"image\/jpeg"}],"twitter_card":"summary_large_image","twitter_misc":{"Tiempo de lectura":"1 minuto"},"schema":{"@context":"https:\/\/schema.org","@graph":[{"@type":"WebPage","@id":"https:\/\/www.right2city.org\/es\/organizations\/odc\/","url":"https:\/\/www.right2city.org\/es\/organizations\/odc\/","name":"Observatorio del Derecho a la Ciudad - ODC - Right to the city","isPartOf":{"@id":"https:\/\/www.right2city.org\/es\/#website"},"primaryImageOfPage":{"@id":"https:\/\/www.right2city.org\/es\/organizations\/odc\/#primaryimage"},"image":{"@id":"https:\/\/www.right2city.org\/es\/organizations\/odc\/#primaryimage"},"thumbnailUrl":"https:\/\/www.right2city.org\/wp-content\/uploads\/2019\/09\/ODC.jpg","datePublished":"2019-09-04T10:39:54+00:00","dateModified":"2020-08-13T09:52:05+00:00","breadcrumb":{"@id":"https:\/\/www.right2city.org\/es\/organizations\/odc\/#breadcrumb"},"inLanguage":"es","potentialAction":[{"@type":"ReadAction","target":["https:\/\/www.right2city.org\/es\/organizations\/odc\/"]}]},{"@type":"ImageObject","inLanguage":"es","@id":"https:\/\/www.right2city.org\/es\/organizations\/odc\/#primaryimage","url":"https:\/\/www.right2city.org\/wp-content\/uploads\/2019\/09\/ODC.jpg","contentUrl":"https:\/\/www.right2city.org\/wp-content\/uploads\/2019\/09\/ODC.jpg","width":694,"height":820},{"@type":"BreadcrumbList","@id":"https:\/\/www.right2city.org\/es\/organizations\/odc\/#breadcrumb","itemListElement":[{"@type":"ListItem","position":1,"name":"Home","item":"https:\/\/www.right2city.org\/es\/"},{"@type":"ListItem","position":2,"name":"Observatorio del Derecho a la Ciudad &#8211; ODC"}]},{"@type":"WebSite","@id":"https:\/\/www.right2city.org\/es\/#website","url":"https:\/\/www.right2city.org\/es\/","name":"Right to the city","description":"Global Platform for the Right to the City","potentialAction":[{"@type":"SearchAction","target":{"@type":"EntryPoint","urlTemplate":"https:\/\/www.right2city.org\/es\/?s={search_term_string}"},"query-input":{"@type":"PropertyValueSpecification","valueRequired":true,"valueName":"search_term_string"}}],"inLanguage":"es"}]}},"_links":{"self":[{"href":"https:\/\/www.right2city.org\/es\/wp-json\/wp\/v2\/organizations\/49925","targetHints":{"allow":["GET"]}}],"collection":[{"href":"https:\/\/www.right2city.org\/es\/wp-json\/wp\/v2\/organizations"}],"about":[{"href":"https:\/\/www.right2city.org\/es\/wp-json\/wp\/v2\/types\/organizations"}],"wp:featuredmedia":[{"embeddable":true,"href":"https:\/\/www.right2city.org\/es\/wp-json\/wp\/v2\/media\/56173"}],"wp:attachment":[{"href":"https:\/\/www.right2city.org\/es\/wp-json\/wp\/v2\/media?parent=49925"}],"wp:term":[{"taxonomy":"category","embeddable":true,"href":"https:\/\/www.right2city.org\/es\/wp-json\/wp\/v2\/categories?post=49925"},{"taxonomy":"post_tag","embeddable":true,"href":"https:\/\/www.right2city.org\/es\/wp-json\/wp\/v2\/tags?post=49925"},{"taxonomy":"themes","embeddable":true,"href":"https:\/\/www.right2city.org\/es\/wp-json\/wp\/v2\/themes?post=49925"},{"taxonomy":"agendas_globales","embeddable":true,"href":"https:\/\/www.right2city.org\/es\/wp-json\/wp\/v2\/agendas_globales?post=49925"}],"curies":[{"name":"wp","href":"https:\/\/api.w.org\/{rel}","templated":true}]}}

<p><img loading="lazy" decoding="async" class="alignleft wp-image-56173 size-thumbnail" src="https://www.right2city.org/wp-content/uploads/2019/09/ODC-150x150.jpg" alt="" width="150" height="150" /></p>
<p>&nbsp;</p>
<p>&nbsp;</p>
<p>&nbsp;</p>
<p><strong>Descripción: </strong>Observatorio del Derecho a la Ciudad (ODC) es una una organización social independiente e interdisciplinaria que de forma vocacional participa en los debates públicos y en todas las dimensiones de las políticas urbanas con la convicción de que las ciudades deben regirse bajo los paradigmas del Derecho a la Ciudad, la Justicia Espacial y Ambiental, y la Democracia Participativa.</p>
<p><strong>Misión: </strong>La misión de ODC es monitorear la ejecución de las políticas públicas urbanas en términos de derechos, participar en debates públicos y en todas las dimensiones de las políticas urbanas con el acompañamiento de los afectados, con la producción de informes y presentaciones de proyectos de ley, presentaciones judiciales (amparos ) y otras acciones.</p>
<p><strong>Alcance territorial:</strong> <span class="docssharedWizToggleLabeledLabelText exportLabel freebirdFormviewerViewItemsCheckboxLabel" dir="auto">Nacional</span></p>
<p><strong>Componentes del Derecho a la Ciudad:</strong></p>
<ul>
<li>1 Libre de discriminación</li>
<li>3 Ciudadanía inclusiva</li>
<li><span class="docssharedWizToggleLabeledLabelText exportLabel freebirdFormviewerViewItemsCheckboxLabel" dir="auto">4 Cumpla sus funciones sociales</span></li>
<li>5 Participación política</li>
<li>6 Espacios públicos y servicios de calidad</li>
<li><span class="docssharedWizToggleLabeledLabelText exportLabel freebirdFormviewerViewItemsCheckboxLabel" dir="auto">7 Economías inclusivas y diversas</span></li>
<li>8 Vínculos urbano-rurales inclusivos</li>
</ul>
<p><strong>Grupos de Trabajo:</strong></p>
<ul>
<li>Incidencia</li>
<li>Investigación y formación</li>
<li>Comunicación</li>
<li>Género</li>
<li>Regional América Latina</li>
</ul>
<p><strong>Website: </strong><a href="https://observatoriociudad.org">https://observatoriociudad.org</a></p>
<p><strong>Facebook: </strong><a href="https://www.facebook.com/ObservatorioDerechoalaCiudad/">https://www.facebook.com/ObservatorioDerechoalaCiudad/</a></p>
<p><strong>Twitter: </strong><a href="https://twitter.com/@observatorioODC">https://twitter.com/@observatorioODC</a></p>
<p><strong>Youtube:</strong> <a href="https://www.youtube.com/channel/UCkPKnqsc2nvxd5yVKoHNWZA">https://www.youtube.com/channel/UCkPKnqsc2nvxd5yVKoHNWZA</a></p>

<!-- This site is optimized with the Yoast SEO plugin v27.5 - https://yoast.com/product/yoast-seo-wordpress/ -->
<title>Observatorio del Derecho a la Ciudad - ODC - Right to the city</title>
<meta name="robots" content="index, follow, max-snippet:-1, max-image-preview:large, max-video-preview:-1" />
<link rel="canonical" href="https://www.right2city.org/es/organizations/odc/" />
<meta property="og:locale" content="es_ES" />
<meta property="og:type" content="article" />
<meta property="og:title" content="Observatorio del Derecho a la Ciudad - ODC - Right to the city" />
<meta property="og:description" content="&nbsp; &nbsp; &nbsp; Descripción: Observatorio del Derecho a la Ciudad (ODC) es una una organización social independiente e interdisciplinaria que de forma vocacional participa en los debates públicos y en todas las dimensiones de las políticas urbanas con la convicción de que las ciudades deben regirse bajo los paradigmas del Derecho a la Ciudad, la [&hellip;]" />
<meta property="og:url" content="https://www.right2city.org/es/organizations/odc/" />
<meta property="og:site_name" content="Right to the city" />
<meta property="article:modified_time" content="2020-08-13T09:52:05+00:00" />
<meta property="og:image" content="https://www.right2city.org/wp-content/uploads/2019/09/ODC.jpg" />
	<meta property="og:image:width" content="694" />
	<meta property="og:image:height" content="820" />
	<meta property="og:image:type" content="image/jpeg" />
<meta name="twitter:card" content="summary_large_image" />
<meta name="twitter:label1" content="Tiempo de lectura" />
	<meta name="twitter:data1" content="1 minuto" />
<script type="application/ld+json" class="yoast-schema-graph">{"@context":"https:\/\/schema.org","@graph":[{"@type":"WebPage","@id":"https:\/\/www.right2city.org\/es\/organizations\/odc\/","url":"https:\/\/www.right2city.org\/es\/organizations\/odc\/","name":"Observatorio del Derecho a la Ciudad - ODC - Right to the city","isPartOf":{"@id":"https:\/\/www.right2city.org\/es\/#website"},"primaryImageOfPage":{"@id":"https:\/\/www.right2city.org\/es\/organizations\/odc\/#primaryimage"},"image":{"@id":"https:\/\/www.right2city.org\/es\/organizations\/odc\/#primaryimage"},"thumbnailUrl":"https:\/\/www.right2city.org\/wp-content\/uploads\/2019\/09\/ODC.jpg","datePublished":"2019-09-04T10:39:54+00:00","dateModified":"2020-08-13T09:52:05+00:00","breadcrumb":{"@id":"https:\/\/www.right2city.org\/es\/organizations\/odc\/#breadcrumb"},"inLanguage":"es","potentialAction":[{"@type":"ReadAction","target":["https:\/\/www.right2city.org\/es\/organizations\/odc\/"]}]},{"@type":"ImageObject","inLanguage":"es","@id":"https:\/\/www.right2city.org\/es\/organizations\/odc\/#primaryimage","url":"https:\/\/www.right2city.org\/wp-content\/uploads\/2019\/09\/ODC.jpg","contentUrl":"https:\/\/www.right2city.org\/wp-content\/uploads\/2019\/09\/ODC.jpg","width":694,"height":820},{"@type":"BreadcrumbList","@id":"https:\/\/www.right2city.org\/es\/organizations\/odc\/#breadcrumb","itemListElement":[{"@type":"ListItem","position":1,"name":"Home","item":"https:\/\/www.right2city.org\/es\/"},{"@type":"ListItem","position":2,"name":"Observatorio del Derecho a la Ciudad &#8211; ODC"}]},{"@type":"WebSite","@id":"https:\/\/www.right2city.org\/es\/#website","url":"https:\/\/www.right2city.org\/es\/","name":"Right to the city","description":"Global Platform for the Right to the City","potentialAction":[{"@type":"SearchAction","target":{"@type":"EntryPoint","urlTemplate":"https:\/\/www.right2city.org\/es\/?s={search_term_string}"},"query-input":{"@type":"PropertyValueSpecification","valueRequired":true,"valueName":"search_term_string"}}],"inLanguage":"es"}]}</script>
<!-- / Yoast SEO plugin. -->

&nbsp; &nbsp; &nbsp; Descripción: Observatorio del Derecho a la Ciudad (ODC) es una una organización social independiente e interdisciplinaria que de forma vocacional participa en los debates públicos y en todas las dimensiones de las políticas urbanas con la convicción de que las ciudades deben regirse bajo los paradigmas del Derecho a la Ciudad, la [&hellip;]
