{"id":50405,"date":"2019-10-02T11:00:04","date_gmt":"2019-10-02T09:00:04","guid":{"rendered":"https:\/\/www.right2city.org\/?post_type=organizations&#038;p=50405"},"modified":"2020-03-04T17:41:15","modified_gmt":"2020-03-04T15:41:15","slug":"aucm","status":"publish","type":"organizations","link":"https:\/\/www.right2city.org\/es\/organizations\/aucm\/","title":{"rendered":"AUCM"},"content":{"rendered":"<p><img loading=\"lazy\" decoding=\"async\" class=\"wp-image-53731 size-medium alignnone\" src=\"https:\/\/www.right2city.org\/wp-content\/uploads\/2019\/10\/71310246_960987410919847_671565003412733952_o-300x300.jpg\" alt=\"\" width=\"300\" height=\"300\" \/><\/p>\n<p><strong>Descripci\u00f3n: <\/strong>Asamblea de Unidad Cantonal de Montufar (AUCM) es un grupo de la sociedad civil organizada que promueve la participaci\u00f3n activa de la ciudadan\u00eda en lo p\u00fablico para la incidencia dentro de lo p\u00fablico<\/p>\n<p><strong>Misi\u00f3n: <\/strong>Ser un cant\u00f3n modelo en promocion de la participacion activa de la ciudadania en lo p\u00fablico para la incidencia permanente en la toma de decisiones en funcion de las necesidades locales y con planificaci\u00f3n<\/p>\n<p><strong>Alcance y enfoce: <\/strong>Local<\/p>\n<p><strong>Componentes del Derecho a la Ciudad:<\/strong><\/p>\n<ul>\n<li>1. No Discriminaci\u00f3n<\/li>\n<li>2. Igualidad de G\u00e9nero<\/li>\n<li>4. Mayor y Mejor Participacion Politica<\/li>\n<li>5. Cumpla sus Funciones Sociales<\/li>\n<li>6. Espacios publicos y servicios de calidad<\/li>\n<li>7. Economias inclusivas y diversas<\/li>\n<li>8. Una ciudad sostenible con vinculos urbano-rurales inclusivos<\/li>\n<\/ul>\n<p><strong>Grupos de Trabajo:<\/strong><\/p>\n<ul>\n<li>Incidencia<\/li>\n<li>Investigaci\u00f3n y formaci\u00f3n<\/li>\n<li>Communicacion y sensibilizacion<\/li>\n<li>Grupos Regionales<\/li>\n<\/ul>\n<p><strong>P\u00e1gina Web: <\/strong>asambleamontufar.org<\/p>\n<p><strong>Facebook: <\/strong>@asambleamontufa<\/p>\n<p><strong>Twitter: <\/strong>@asambleamontufa<\/p>\n<p><strong>Instagram: <\/strong>asambleamontufar<\/p>\n<p>&nbsp;<\/p>\n","protected":false},"featured_media":53731,"template":"","meta":{"_acf_changed":false,"_et_pb_use_builder":"","_et_pb_old_content":"","_et_gb_content_width":"","cybocfi_hide_featured_image":""},"categories":[],"tags":[],"themes":[122,121,126,127,114,123,124],"agendas_globales":[],"class_list":["post-50405","organizations","type-organizations","status-publish","has-post-thumbnail","hentry","themes-calidad-de-espacios-publicos-y-servicios","themes-economias-diversas-e-inclusivas","themes-funcion-social","themes-igualdad-de-genero","themes-mayor-participacion-politica","themes-no-discriminacion","themes-vinculos-rurales-locales"],"acf":[],"yoast_head":"<!-- This site is optimized with the Yoast SEO plugin v27.4 - https:\/\/yoast.com\/product\/yoast-seo-wordpress\/ -->\n<title>AUCM - Right to the city<\/title>\n<meta name=\"robots\" content=\"index, follow, max-snippet:-1, max-image-preview:large, max-video-preview:-1\" \/>\n<link rel=\"canonical\" href=\"https:\/\/www.right2city.org\/es\/organizations\/aucm\/\" \/>\n<meta property=\"og:locale\" content=\"es_ES\" \/>\n<meta property=\"og:type\" content=\"article\" \/>\n<meta property=\"og:title\" content=\"AUCM - Right to the city\" \/>\n<meta property=\"og:description\" content=\"Descripci\u00f3n: Asamblea de Unidad Cantonal de Montufar (AUCM) es un grupo de la sociedad civil organizada que promueve la participaci\u00f3n activa de la ciudadan\u00eda en lo p\u00fablico para la incidencia dentro de lo p\u00fablico Misi\u00f3n: Ser un cant\u00f3n modelo en promocion de la participacion activa de la ciudadania en lo p\u00fablico para la incidencia permanente [&hellip;]\" \/>\n<meta property=\"og:url\" content=\"https:\/\/www.right2city.org\/es\/organizations\/aucm\/\" \/>\n<meta property=\"og:site_name\" content=\"Right to the city\" \/>\n<meta property=\"article:modified_time\" content=\"2020-03-04T15:41:15+00:00\" \/>\n<meta property=\"og:image\" content=\"https:\/\/www.right2city.org\/wp-content\/uploads\/2019\/10\/71310246_960987410919847_671565003412733952_o.jpg\" \/>\n\t<meta property=\"og:image:width\" content=\"960\" \/>\n\t<meta property=\"og:image:height\" content=\"960\" \/>\n\t<meta property=\"og:image:type\" content=\"image\/jpeg\" \/>\n<meta name=\"twitter:card\" content=\"summary_large_image\" \/>\n<meta name=\"twitter:label1\" content=\"Tiempo de lectura\" \/>\n\t<meta name=\"twitter:data1\" content=\"1 minuto\" \/>\n<script type=\"application\/ld+json\" class=\"yoast-schema-graph\">{\"@context\":\"https:\\\/\\\/schema.org\",\"@graph\":[{\"@type\":\"WebPage\",\"@id\":\"https:\\\/\\\/www.right2city.org\\\/es\\\/organizations\\\/aucm\\\/\",\"url\":\"https:\\\/\\\/www.right2city.org\\\/es\\\/organizations\\\/aucm\\\/\",\"name\":\"AUCM - Right to the city\",\"isPartOf\":{\"@id\":\"https:\\\/\\\/www.right2city.org\\\/es\\\/#website\"},\"primaryImageOfPage\":{\"@id\":\"https:\\\/\\\/www.right2city.org\\\/es\\\/organizations\\\/aucm\\\/#primaryimage\"},\"image\":{\"@id\":\"https:\\\/\\\/www.right2city.org\\\/es\\\/organizations\\\/aucm\\\/#primaryimage\"},\"thumbnailUrl\":\"https:\\\/\\\/www.right2city.org\\\/wp-content\\\/uploads\\\/2019\\\/10\\\/71310246_960987410919847_671565003412733952_o.jpg\",\"datePublished\":\"2019-10-02T09:00:04+00:00\",\"dateModified\":\"2020-03-04T15:41:15+00:00\",\"breadcrumb\":{\"@id\":\"https:\\\/\\\/www.right2city.org\\\/es\\\/organizations\\\/aucm\\\/#breadcrumb\"},\"inLanguage\":\"es\",\"potentialAction\":[{\"@type\":\"ReadAction\",\"target\":[\"https:\\\/\\\/www.right2city.org\\\/es\\\/organizations\\\/aucm\\\/\"]}]},{\"@type\":\"ImageObject\",\"inLanguage\":\"es\",\"@id\":\"https:\\\/\\\/www.right2city.org\\\/es\\\/organizations\\\/aucm\\\/#primaryimage\",\"url\":\"https:\\\/\\\/www.right2city.org\\\/wp-content\\\/uploads\\\/2019\\\/10\\\/71310246_960987410919847_671565003412733952_o.jpg\",\"contentUrl\":\"https:\\\/\\\/www.right2city.org\\\/wp-content\\\/uploads\\\/2019\\\/10\\\/71310246_960987410919847_671565003412733952_o.jpg\",\"width\":960,\"height\":960},{\"@type\":\"BreadcrumbList\",\"@id\":\"https:\\\/\\\/www.right2city.org\\\/es\\\/organizations\\\/aucm\\\/#breadcrumb\",\"itemListElement\":[{\"@type\":\"ListItem\",\"position\":1,\"name\":\"Home\",\"item\":\"https:\\\/\\\/www.right2city.org\\\/es\\\/\"},{\"@type\":\"ListItem\",\"position\":2,\"name\":\"AUCM\"}]},{\"@type\":\"WebSite\",\"@id\":\"https:\\\/\\\/www.right2city.org\\\/es\\\/#website\",\"url\":\"https:\\\/\\\/www.right2city.org\\\/es\\\/\",\"name\":\"Right to the city\",\"description\":\"Global Platform for the Right to the City\",\"potentialAction\":[{\"@type\":\"SearchAction\",\"target\":{\"@type\":\"EntryPoint\",\"urlTemplate\":\"https:\\\/\\\/www.right2city.org\\\/es\\\/?s={search_term_string}\"},\"query-input\":{\"@type\":\"PropertyValueSpecification\",\"valueRequired\":true,\"valueName\":\"search_term_string\"}}],\"inLanguage\":\"es\"}]}<\/script>\n<!-- \/ Yoast SEO plugin. -->","yoast_head_json":{"title":"AUCM - Right to the city","robots":{"index":"index","follow":"follow","max-snippet":"max-snippet:-1","max-image-preview":"max-image-preview:large","max-video-preview":"max-video-preview:-1"},"canonical":"https:\/\/www.right2city.org\/es\/organizations\/aucm\/","og_locale":"es_ES","og_type":"article","og_title":"AUCM - Right to the city","og_description":"Descripci\u00f3n: Asamblea de Unidad Cantonal de Montufar (AUCM) es un grupo de la sociedad civil organizada que promueve la participaci\u00f3n activa de la ciudadan\u00eda en lo p\u00fablico para la incidencia dentro de lo p\u00fablico Misi\u00f3n: Ser un cant\u00f3n modelo en promocion de la participacion activa de la ciudadania en lo p\u00fablico para la incidencia permanente [&hellip;]","og_url":"https:\/\/www.right2city.org\/es\/organizations\/aucm\/","og_site_name":"Right to the city","article_modified_time":"2020-03-04T15:41:15+00:00","og_image":[{"width":960,"height":960,"url":"https:\/\/www.right2city.org\/wp-content\/uploads\/2019\/10\/71310246_960987410919847_671565003412733952_o.jpg","type":"image\/jpeg"}],"twitter_card":"summary_large_image","twitter_misc":{"Tiempo de lectura":"1 minuto"},"schema":{"@context":"https:\/\/schema.org","@graph":[{"@type":"WebPage","@id":"https:\/\/www.right2city.org\/es\/organizations\/aucm\/","url":"https:\/\/www.right2city.org\/es\/organizations\/aucm\/","name":"AUCM - Right to the city","isPartOf":{"@id":"https:\/\/www.right2city.org\/es\/#website"},"primaryImageOfPage":{"@id":"https:\/\/www.right2city.org\/es\/organizations\/aucm\/#primaryimage"},"image":{"@id":"https:\/\/www.right2city.org\/es\/organizations\/aucm\/#primaryimage"},"thumbnailUrl":"https:\/\/www.right2city.org\/wp-content\/uploads\/2019\/10\/71310246_960987410919847_671565003412733952_o.jpg","datePublished":"2019-10-02T09:00:04+00:00","dateModified":"2020-03-04T15:41:15+00:00","breadcrumb":{"@id":"https:\/\/www.right2city.org\/es\/organizations\/aucm\/#breadcrumb"},"inLanguage":"es","potentialAction":[{"@type":"ReadAction","target":["https:\/\/www.right2city.org\/es\/organizations\/aucm\/"]}]},{"@type":"ImageObject","inLanguage":"es","@id":"https:\/\/www.right2city.org\/es\/organizations\/aucm\/#primaryimage","url":"https:\/\/www.right2city.org\/wp-content\/uploads\/2019\/10\/71310246_960987410919847_671565003412733952_o.jpg","contentUrl":"https:\/\/www.right2city.org\/wp-content\/uploads\/2019\/10\/71310246_960987410919847_671565003412733952_o.jpg","width":960,"height":960},{"@type":"BreadcrumbList","@id":"https:\/\/www.right2city.org\/es\/organizations\/aucm\/#breadcrumb","itemListElement":[{"@type":"ListItem","position":1,"name":"Home","item":"https:\/\/www.right2city.org\/es\/"},{"@type":"ListItem","position":2,"name":"AUCM"}]},{"@type":"WebSite","@id":"https:\/\/www.right2city.org\/es\/#website","url":"https:\/\/www.right2city.org\/es\/","name":"Right to the city","description":"Global Platform for the Right to the City","potentialAction":[{"@type":"SearchAction","target":{"@type":"EntryPoint","urlTemplate":"https:\/\/www.right2city.org\/es\/?s={search_term_string}"},"query-input":{"@type":"PropertyValueSpecification","valueRequired":true,"valueName":"search_term_string"}}],"inLanguage":"es"}]}},"_links":{"self":[{"href":"https:\/\/www.right2city.org\/es\/wp-json\/wp\/v2\/organizations\/50405","targetHints":{"allow":["GET"]}}],"collection":[{"href":"https:\/\/www.right2city.org\/es\/wp-json\/wp\/v2\/organizations"}],"about":[{"href":"https:\/\/www.right2city.org\/es\/wp-json\/wp\/v2\/types\/organizations"}],"wp:featuredmedia":[{"embeddable":true,"href":"https:\/\/www.right2city.org\/es\/wp-json\/wp\/v2\/media\/53731"}],"wp:attachment":[{"href":"https:\/\/www.right2city.org\/es\/wp-json\/wp\/v2\/media?parent=50405"}],"wp:term":[{"taxonomy":"category","embeddable":true,"href":"https:\/\/www.right2city.org\/es\/wp-json\/wp\/v2\/categories?post=50405"},{"taxonomy":"post_tag","embeddable":true,"href":"https:\/\/www.right2city.org\/es\/wp-json\/wp\/v2\/tags?post=50405"},{"taxonomy":"themes","embeddable":true,"href":"https:\/\/www.right2city.org\/es\/wp-json\/wp\/v2\/themes?post=50405"},{"taxonomy":"agendas_globales","embeddable":true,"href":"https:\/\/www.right2city.org\/es\/wp-json\/wp\/v2\/agendas_globales?post=50405"}],"curies":[{"name":"wp","href":"https:\/\/api.w.org\/{rel}","templated":true}]}}

<p><img loading="lazy" decoding="async" class="wp-image-53731 size-medium alignnone" src="https://www.right2city.org/wp-content/uploads/2019/10/71310246_960987410919847_671565003412733952_o-300x300.jpg" alt="" width="300" height="300" /></p>
<p><strong>Descripción: </strong>Asamblea de Unidad Cantonal de Montufar (AUCM) es un grupo de la sociedad civil organizada que promueve la participación activa de la ciudadanía en lo público para la incidencia dentro de lo público</p>
<p><strong>Misión: </strong>Ser un cantón modelo en promocion de la participacion activa de la ciudadania en lo público para la incidencia permanente en la toma de decisiones en funcion de las necesidades locales y con planificación</p>
<p><strong>Alcance y enfoce: </strong>Local</p>
<p><strong>Componentes del Derecho a la Ciudad:</strong></p>
<ul>
<li>1. No Discriminación</li>
<li>2. Igualidad de Género</li>
<li>4. Mayor y Mejor Participacion Politica</li>
<li>5. Cumpla sus Funciones Sociales</li>
<li>6. Espacios publicos y servicios de calidad</li>
<li>7. Economias inclusivas y diversas</li>
<li>8. Una ciudad sostenible con vinculos urbano-rurales inclusivos</li>
</ul>
<p><strong>Grupos de Trabajo:</strong></p>
<ul>
<li>Incidencia</li>
<li>Investigación y formación</li>
<li>Communicacion y sensibilizacion</li>
<li>Grupos Regionales</li>
</ul>
<p><strong>Página Web: </strong>asambleamontufar.org</p>
<p><strong>Facebook: </strong>@asambleamontufa</p>
<p><strong>Twitter: </strong>@asambleamontufa</p>
<p><strong>Instagram: </strong>asambleamontufar</p>
<p>&nbsp;</p>

<!-- This site is optimized with the Yoast SEO plugin v27.4 - https://yoast.com/product/yoast-seo-wordpress/ -->
<title>AUCM - Right to the city</title>
<meta name="robots" content="index, follow, max-snippet:-1, max-image-preview:large, max-video-preview:-1" />
<link rel="canonical" href="https://www.right2city.org/es/organizations/aucm/" />
<meta property="og:locale" content="es_ES" />
<meta property="og:type" content="article" />
<meta property="og:title" content="AUCM - Right to the city" />
<meta property="og:description" content="Descripción: Asamblea de Unidad Cantonal de Montufar (AUCM) es un grupo de la sociedad civil organizada que promueve la participación activa de la ciudadanía en lo público para la incidencia dentro de lo público Misión: Ser un cantón modelo en promocion de la participacion activa de la ciudadania en lo público para la incidencia permanente [&hellip;]" />
<meta property="og:url" content="https://www.right2city.org/es/organizations/aucm/" />
<meta property="og:site_name" content="Right to the city" />
<meta property="article:modified_time" content="2020-03-04T15:41:15+00:00" />
<meta property="og:image" content="https://www.right2city.org/wp-content/uploads/2019/10/71310246_960987410919847_671565003412733952_o.jpg" />
	<meta property="og:image:width" content="960" />
	<meta property="og:image:height" content="960" />
	<meta property="og:image:type" content="image/jpeg" />
<meta name="twitter:card" content="summary_large_image" />
<meta name="twitter:label1" content="Tiempo de lectura" />
	<meta name="twitter:data1" content="1 minuto" />
<script type="application/ld+json" class="yoast-schema-graph">{"@context":"https:\/\/schema.org","@graph":[{"@type":"WebPage","@id":"https:\/\/www.right2city.org\/es\/organizations\/aucm\/","url":"https:\/\/www.right2city.org\/es\/organizations\/aucm\/","name":"AUCM - Right to the city","isPartOf":{"@id":"https:\/\/www.right2city.org\/es\/#website"},"primaryImageOfPage":{"@id":"https:\/\/www.right2city.org\/es\/organizations\/aucm\/#primaryimage"},"image":{"@id":"https:\/\/www.right2city.org\/es\/organizations\/aucm\/#primaryimage"},"thumbnailUrl":"https:\/\/www.right2city.org\/wp-content\/uploads\/2019\/10\/71310246_960987410919847_671565003412733952_o.jpg","datePublished":"2019-10-02T09:00:04+00:00","dateModified":"2020-03-04T15:41:15+00:00","breadcrumb":{"@id":"https:\/\/www.right2city.org\/es\/organizations\/aucm\/#breadcrumb"},"inLanguage":"es","potentialAction":[{"@type":"ReadAction","target":["https:\/\/www.right2city.org\/es\/organizations\/aucm\/"]}]},{"@type":"ImageObject","inLanguage":"es","@id":"https:\/\/www.right2city.org\/es\/organizations\/aucm\/#primaryimage","url":"https:\/\/www.right2city.org\/wp-content\/uploads\/2019\/10\/71310246_960987410919847_671565003412733952_o.jpg","contentUrl":"https:\/\/www.right2city.org\/wp-content\/uploads\/2019\/10\/71310246_960987410919847_671565003412733952_o.jpg","width":960,"height":960},{"@type":"BreadcrumbList","@id":"https:\/\/www.right2city.org\/es\/organizations\/aucm\/#breadcrumb","itemListElement":[{"@type":"ListItem","position":1,"name":"Home","item":"https:\/\/www.right2city.org\/es\/"},{"@type":"ListItem","position":2,"name":"AUCM"}]},{"@type":"WebSite","@id":"https:\/\/www.right2city.org\/es\/#website","url":"https:\/\/www.right2city.org\/es\/","name":"Right to the city","description":"Global Platform for the Right to the City","potentialAction":[{"@type":"SearchAction","target":{"@type":"EntryPoint","urlTemplate":"https:\/\/www.right2city.org\/es\/?s={search_term_string}"},"query-input":{"@type":"PropertyValueSpecification","valueRequired":true,"valueName":"search_term_string"}}],"inLanguage":"es"}]}</script>
<!-- / Yoast SEO plugin. -->

Descripción: Asamblea de Unidad Cantonal de Montufar (AUCM) es un grupo de la sociedad civil organizada que promueve la participación activa de la ciudadanía en lo público para la incidencia dentro de lo público Misión: Ser un cantón modelo en promocion de la participacion activa de la ciudadania en lo público para la incidencia permanente [&hellip;]
