{"version":"1.0","provider_name":"Right to the city","provider_url":"https:\/\/www.right2city.org\/fr\/","title":"[Fran\u00e7ais] Les villes interrog\u00e9es par les f\u00e9ministes - Right to the city","type":"rich","width":600,"height":338,"html":"<blockquote class=\"wp-embedded-content\" data-secret=\"Mmg7dZkOUU\"><a href=\"https:\/\/www.right2city.org\/fr\/news\/cities-questioned-by-feminisms\/\">[Fran\u00e7ais] Les villes interrog\u00e9es par les f\u00e9ministes<\/a><\/blockquote><iframe sandbox=\"allow-scripts\" security=\"restricted\" src=\"https:\/\/www.right2city.org\/fr\/news\/cities-questioned-by-feminisms\/embed\/#?secret=Mmg7dZkOUU\" width=\"600\" height=\"338\" title=\"\u00ab\u00a0[Fran\u00e7ais] Les villes interrog\u00e9es par les f\u00e9ministes\u00a0\u00bb &#8212; Right to the city\" data-secret=\"Mmg7dZkOUU\" frameborder=\"0\" marginwidth=\"0\" marginheight=\"0\" scrolling=\"no\" class=\"wp-embedded-content\"><\/iframe><script type=\"text\/javascript\">\n\/* <![CDATA[ *\/\n\/*! This file is auto-generated *\/\n!function(d,l){\"use strict\";l.querySelector&&d.addEventListener&&\"undefined\"!=typeof URL&&(d.wp=d.wp||{},d.wp.receiveEmbedMessage||(d.wp.receiveEmbedMessage=function(e){var t=e.data;if((t||t.secret||t.message||t.value)&&!\/[^a-zA-Z0-9]\/.test(t.secret)){for(var s,r,n,a=l.querySelectorAll('iframe[data-secret=\"'+t.secret+'\"]'),o=l.querySelectorAll('blockquote[data-secret=\"'+t.secret+'\"]'),c=new RegExp(\"^https?:$\",\"i\"),i=0;i<o.length;i++)o[i].style.display=\"none\";for(i=0;i<a.length;i++)s=a[i],e.source===s.contentWindow&&(s.removeAttribute(\"style\"),\"height\"===t.message?(1e3<(r=parseInt(t.value,10))?r=1e3:~~r<200&&(r=200),s.height=r):\"link\"===t.message&&(r=new URL(s.getAttribute(\"src\")),n=new URL(t.value),c.test(n.protocol))&&n.host===r.host&&l.activeElement===s&&(d.top.location.href=t.value))}},d.addEventListener(\"message\",d.wp.receiveEmbedMessage,!1),l.addEventListener(\"DOMContentLoaded\",function(){for(var e,t,s=l.querySelectorAll(\"iframe.wp-embedded-content\"),r=0;r<s.length;r++)(t=(e=s[r]).getAttribute(\"data-secret\"))||(t=Math.random().toString(36).substring(2,12),e.src+=\"#?secret=\"+t,e.setAttribute(\"data-secret\",t)),e.contentWindow.postMessage({message:\"ready\",secret:t},\"*\")},!1)))}(window,document);\n\/\/# sourceURL=https:\/\/www.right2city.org\/wp-includes\/js\/wp-embed.min.js\n\/* ]]> *\/\n<\/script>\n","thumbnail_url":"https:\/\/www.right2city.org\/wp-content\/uploads\/2019\/03\/VIGILIA_CONGRESO-91.jpg","thumbnail_width":1200,"thumbnail_height":800,"description":"R\u00e9sum\u00e9 L\u2019urbanisme f\u00e9ministe comme horizon pour repenser l\u2019am\u00e9nagement et le d\u00e9veloppement territorial et urbain avec un regard critique, et proposer des voies alternatives pour la reconstruction des villes, pour une meilleure durabilit\u00e9 et qualit\u00e9 de vie. Article de: Habitat and Gender Commission of Habitar Argentina[i] Photo: Vigilia_Congreso-91 The Habitat and Gender Commission arose within the [&hellip;]"}

[Français] Les villes interrogées par les féministes - Right to the city

<blockquote class="wp-embedded-content" data-secret="Mmg7dZkOUU"><a href="https://www.right2city.org/fr/news/cities-questioned-by-feminisms/">[Français] Les villes interrogées par les féministes</a></blockquote><iframe sandbox="allow-scripts" security="restricted" src="https://www.right2city.org/fr/news/cities-questioned-by-feminisms/embed/#?secret=Mmg7dZkOUU" width="600" height="338" title="« [Français] Les villes interrogées par les féministes » &#8212; Right to the city" data-secret="Mmg7dZkOUU" frameborder="0" marginwidth="0" marginheight="0" scrolling="no" class="wp-embedded-content"></iframe><script type="text/javascript">
/* <![CDATA[ */
/*! This file is auto-generated */
!function(d,l){"use strict";l.querySelector&&d.addEventListener&&"undefined"!=typeof URL&&(d.wp=d.wp||{},d.wp.receiveEmbedMessage||(d.wp.receiveEmbedMessage=function(e){var t=e.data;if((t||t.secret||t.message||t.value)&&!/[^a-zA-Z0-9]/.test(t.secret)){for(var s,r,n,a=l.querySelectorAll('iframe[data-secret="'+t.secret+'"]'),o=l.querySelectorAll('blockquote[data-secret="'+t.secret+'"]'),c=new RegExp("^https?:$","i"),i=0;i<o.length;i++)o[i].style.display="none";for(i=0;i<a.length;i++)s=a[i],e.source===s.contentWindow&&(s.removeAttribute("style"),"height"===t.message?(1e3<(r=parseInt(t.value,10))?r=1e3:~~r<200&&(r=200),s.height=r):"link"===t.message&&(r=new URL(s.getAttribute("src")),n=new URL(t.value),c.test(n.protocol))&&n.host===r.host&&l.activeElement===s&&(d.top.location.href=t.value))}},d.addEventListener("message",d.wp.receiveEmbedMessage,!1),l.addEventListener("DOMContentLoaded",function(){for(var e,t,s=l.querySelectorAll("iframe.wp-embedded-content"),r=0;r<s.length;r++)(t=(e=s[r]).getAttribute("data-secret"))||(t=Math.random().toString(36).substring(2,12),e.src+="#?secret="+t,e.setAttribute("data-secret",t)),e.contentWindow.postMessage({message:"ready",secret:t},"*")},!1)))}(window,document);
//# sourceURL=https://www.right2city.org/wp-includes/js/wp-embed.min.js
/* ]]> */
</script>

Résumé L’urbanisme féministe comme horizon pour repenser l’aménagement et le développement territorial et urbain avec un regard critique, et proposer des voies alternatives pour la reconstruction des villes, pour une meilleure durabilité et qualité de vie. Article de: Habitat and Gender Commission of Habitar Argentina[i] Photo: Vigilia_Congreso-91 The Habitat and Gender Commission arose within the [&hellip;]
