{"version":"1.0","provider_name":"Right to the city","provider_url":"https:\/\/www.right2city.org\/fr\/","title":"La PGDV en 2021 et au-del\u00e0 - Right to the city","type":"rich","width":600,"height":338,"html":"<blockquote class=\"wp-embedded-content\" data-secret=\"0COlXMDauk\"><a href=\"https:\/\/www.right2city.org\/fr\/news\/la-pgdc-en-2021-y-mas-alla\/\">La PGDV en 2021 et au-del\u00e0<\/a><\/blockquote><iframe sandbox=\"allow-scripts\" security=\"restricted\" src=\"https:\/\/www.right2city.org\/fr\/news\/la-pgdc-en-2021-y-mas-alla\/embed\/#?secret=0COlXMDauk\" width=\"600\" height=\"338\" title=\"\u00ab\u00a0La PGDV en 2021 et au-del\u00e0\u00a0\u00bb &#8212; Right to the city\" data-secret=\"0COlXMDauk\" frameborder=\"0\" marginwidth=\"0\" marginheight=\"0\" scrolling=\"no\" class=\"wp-embedded-content\"><\/iframe><script type=\"text\/javascript\">\n\/* <![CDATA[ *\/\n\/*! This file is auto-generated *\/\n!function(d,l){\"use strict\";l.querySelector&&d.addEventListener&&\"undefined\"!=typeof URL&&(d.wp=d.wp||{},d.wp.receiveEmbedMessage||(d.wp.receiveEmbedMessage=function(e){var t=e.data;if((t||t.secret||t.message||t.value)&&!\/[^a-zA-Z0-9]\/.test(t.secret)){for(var s,r,n,a=l.querySelectorAll('iframe[data-secret=\"'+t.secret+'\"]'),o=l.querySelectorAll('blockquote[data-secret=\"'+t.secret+'\"]'),c=new RegExp(\"^https?:$\",\"i\"),i=0;i<o.length;i++)o[i].style.display=\"none\";for(i=0;i<a.length;i++)s=a[i],e.source===s.contentWindow&&(s.removeAttribute(\"style\"),\"height\"===t.message?(1e3<(r=parseInt(t.value,10))?r=1e3:~~r<200&&(r=200),s.height=r):\"link\"===t.message&&(r=new URL(s.getAttribute(\"src\")),n=new URL(t.value),c.test(n.protocol))&&n.host===r.host&&l.activeElement===s&&(d.top.location.href=t.value))}},d.addEventListener(\"message\",d.wp.receiveEmbedMessage,!1),l.addEventListener(\"DOMContentLoaded\",function(){for(var e,t,s=l.querySelectorAll(\"iframe.wp-embedded-content\"),r=0;r<s.length;r++)(t=(e=s[r]).getAttribute(\"data-secret\"))||(t=Math.random().toString(36).substring(2,12),e.src+=\"#?secret=\"+t,e.setAttribute(\"data-secret\",t)),e.contentWindow.postMessage({message:\"ready\",secret:t},\"*\")},!1)))}(window,document);\n\/\/# sourceURL=https:\/\/www.right2city.org\/wp-includes\/js\/wp-embed.min.js\n\/* ]]> *\/\n<\/script>\n","thumbnail_url":"https:\/\/www.right2city.org\/wp-content\/uploads\/2021\/12\/foto-familia-NY-2019.jpeg","thumbnail_width":1024,"thumbnail_height":768,"description":"Chers membres et amis, 2021 a \u00e9t\u00e9 une ann\u00e9e de d\u00e9fis, de progr\u00e8s et de forte mobilisation pour le Droit \u00e0 la Ville \u00e0 travers le monde, profond\u00e9ment marqu\u00e9e par la prolongation de la pand\u00e9mie de COVID-19, le d\u00e9ploiement progressif des campagnes de vaccination et la suspension progressive des mesures de protection sociale, avec pour [&hellip;]"}

La PGDV en 2021 et au-delà - Right to the city

<blockquote class="wp-embedded-content" data-secret="0COlXMDauk"><a href="https://www.right2city.org/fr/news/la-pgdc-en-2021-y-mas-alla/">La PGDV en 2021 et au-delà</a></blockquote><iframe sandbox="allow-scripts" security="restricted" src="https://www.right2city.org/fr/news/la-pgdc-en-2021-y-mas-alla/embed/#?secret=0COlXMDauk" width="600" height="338" title="« La PGDV en 2021 et au-delà » &#8212; Right to the city" data-secret="0COlXMDauk" frameborder="0" marginwidth="0" marginheight="0" scrolling="no" class="wp-embedded-content"></iframe><script type="text/javascript">
/* <![CDATA[ */
/*! This file is auto-generated */
!function(d,l){"use strict";l.querySelector&&d.addEventListener&&"undefined"!=typeof URL&&(d.wp=d.wp||{},d.wp.receiveEmbedMessage||(d.wp.receiveEmbedMessage=function(e){var t=e.data;if((t||t.secret||t.message||t.value)&&!/[^a-zA-Z0-9]/.test(t.secret)){for(var s,r,n,a=l.querySelectorAll('iframe[data-secret="'+t.secret+'"]'),o=l.querySelectorAll('blockquote[data-secret="'+t.secret+'"]'),c=new RegExp("^https?:$","i"),i=0;i<o.length;i++)o[i].style.display="none";for(i=0;i<a.length;i++)s=a[i],e.source===s.contentWindow&&(s.removeAttribute("style"),"height"===t.message?(1e3<(r=parseInt(t.value,10))?r=1e3:~~r<200&&(r=200),s.height=r):"link"===t.message&&(r=new URL(s.getAttribute("src")),n=new URL(t.value),c.test(n.protocol))&&n.host===r.host&&l.activeElement===s&&(d.top.location.href=t.value))}},d.addEventListener("message",d.wp.receiveEmbedMessage,!1),l.addEventListener("DOMContentLoaded",function(){for(var e,t,s=l.querySelectorAll("iframe.wp-embedded-content"),r=0;r<s.length;r++)(t=(e=s[r]).getAttribute("data-secret"))||(t=Math.random().toString(36).substring(2,12),e.src+="#?secret="+t,e.setAttribute("data-secret",t)),e.contentWindow.postMessage({message:"ready",secret:t},"*")},!1)))}(window,document);
//# sourceURL=https://www.right2city.org/wp-includes/js/wp-embed.min.js
/* ]]> */
</script>

Chers membres et amis, 2021 a été une année de défis, de progrès et de forte mobilisation pour le Droit à la Ville à travers le monde, profondément marquée par la prolongation de la pandémie de COVID-19, le déploiement progressif des campagnes de vaccination et la suspension progressive des mesures de protection sociale, avec pour [&hellip;]
