{"id":51258,"date":"2019-11-18T15:29:40","date_gmt":"2019-11-18T13:29:40","guid":{"rendered":"https:\/\/www.right2city.org\/?post_type=events&#038;p=51258"},"modified":"2019-11-18T15:41:31","modified_gmt":"2019-11-18T13:41:31","slug":"1ere-edition-du-salon-villes-et-toits-du-cameroun","status":"publish","type":"events","link":"https:\/\/www.right2city.org\/fr\/events\/1ere-edition-du-salon-villes-et-toits-du-cameroun\/","title":{"rendered":"1\u00e8re \u00e9dition du Salon Villes et Toits du Cameroun"},"content":{"rendered":"<p><em>Lancement officiel des activit\u00e9s li\u00e9es \u00e0 la premi\u00e8re \u00e9dition du Salon Villes et Toits du Cameroun lors de la Journ\u00e9e Mondiale pour le Droit \u00e0 la Ville (photo. Codas Caritas Douala)<\/em><\/p>\n<p>&nbsp;<\/p>\n<p>En collaboration avec le Minist\u00e8re de l\u2019Habitat et du D\u00e9veloppement Urbain (MINHDU) du Cameroun, le Comit\u00e9 Dioc\u00e9sain des Activit\u00e9s Sociales et Caritas de l\u2019Archidioc\u00e8se de Douala organise le premier <strong>Salon Villes et Toits du Cameroun<\/strong> \u00e0 Douala,<strong> les mercredi 4 et jeudi 5 D\u00e9cembre 2019, sous le th\u00e8me : \u00ab Le potentiel des quartiers populaires\u00bb.<\/strong><\/p>\n<p>Ce Salon examinera de mani\u00e8re g\u00e9n\u00e9rale le <strong>cadre de vie des habitants des quartiers populaires de la ville de Douala<\/strong> ainsi que les initiatives d\u2019am\u00e9lioration du cadre de vie qui y existent. Un accent particulier sera port\u00e9 sur les atouts dont regorgent ces quartiers populaires, du point de vue sociologique, \u00e9conomique et artistique. Ce Salon envisage d\u2019\u00eatre d\u00e9sormais le <strong>rendez-vous annuel de partage et de r\u00e9flexion sur l\u2019am\u00e9lioration des quartiers populaires des villes Camerounaises<\/strong> afin, d\u2019une part, de participer \u00e0 la d\u00e9construction de la perception n\u00e9gative et discriminatoire des quartiers populaires et, d\u2019autre part, d\u2019encourager les habitants des quartiers populaires \u00e0 \u0153uvrer d\u2019elles-m\u00eames et en premier chef, pour l\u2019am\u00e9lioration de leur cadre de vie.<\/p>\n<p>Le Salon se tiendra chaque ann\u00e9e <strong>durant le mois d\u2019octobre, baptis\u00e9 mois de l\u2019habitat,<\/strong> dans l\u2019une des villes camerounaises, afin de contribuer significativement \u00e0 l\u2019am\u00e9lioration des quartiers populaires de ces villes ainsi que de d\u00e9construire chez des usagers et administrateurs desdits quartiers leur perception n\u00e9gative et discriminatoire.<\/p>\n<p>Le comit\u00e9 d\u2019organisation du Salon villes et Toits du Cameroun appelle \u00e0 des <strong>contributions sous forme d\u2019article scientifiques en langues fran\u00e7aise ou anglaise<\/strong>, dans les domaines th\u00e9matiques suivants:<br \/>\n1. Les quartiers populaires des villes du Cameroun,<br \/>\n2. Les initiatives d\u2019am\u00e9lioration des quartiers populaires,<br \/>\n3. Les r\u00e9f\u00e9rentiels en mati\u00e8re d\u2019am\u00e9liorations des quartiers populaires.<\/p>\n<p>&nbsp;<\/p>\n<p><strong>CHARTE DE PRESENTATION DES COMMUNICATIONS<\/strong><br \/>\n1. Titre de la communication<br \/>\n2. Nom(s) et pr\u00e9nom(s) de l\u2019auteur<br \/>\n3. Contacts de l\u2019auteur : Adresse \u00e9mail et num\u00e9ro de t\u00e9l\u00e9phone ;<br \/>\n4. Nom de l\u2019institution d\u2019attache ou de l\u2019organisation<br \/>\n5. Nombre de mots : 500 maximum<br \/>\n6. Police : Times New Roman<br \/>\n7. Taille de la police : 12<br \/>\n8. Interligne : 1.5<br \/>\n9. Mots cl\u00e9s : 5 maximum<br \/>\n10. Contenu des communications : Probl\u00e8me clairement identifi\u00e9 \u2013 Question de recherche \u2013 Objectifs et int\u00e9r\u00eat de la recherche &#8211; Cadre m\u00e9thodologique et cadre th\u00e9orique &#8211; R\u00e9sultats attendus ou obtenus.<\/p>\n<p>&nbsp;<\/p>\n<p><strong>INFORMATIONS PRATIQUES<\/strong><br \/>\nVeuillez soumettre votre communication \u00e0 l\u2019adresse codascaritasdouala@yahoo.fr, avec copie \u00e0 l\u2019adresse djilacathy@yahoo.fr, au plus tard le Mardi 19 Novembre 2019.<br \/>\nLes candidats recevront un accus\u00e9 de r\u00e9ception et un num\u00e9ro d\u2019enregistrement, dans les 24 heures suivant la soumission.<br \/>\nLes r\u00e9sum\u00e9s sont soumis \u00e0 l\u2019examen du Comit\u00e9 scientifique constitu\u00e9 \u00e0 cet effet et seules les propositions retenues seront incluses dans les actes du Salon.<br \/>\nLe mercredi 20 Novembre 2019, les candidats recevront un courrier \u00e9lectronique du Comit\u00e9 organisateur indiquant la suite donn\u00e9e \u00e0 leur soumission.<\/p>\n","protected":false},"featured_media":51263,"template":"","meta":{"_acf_changed":false,"_et_pb_use_builder":"","_et_pb_old_content":"","_et_gb_content_width":"","cybocfi_hide_featured_image":""},"themes":[164],"agendas_globales":[],"class_list":["post-51258","events","type-events","status-publish","has-post-thumbnail","hentry","themes-fonctions-sociales-remplies"],"acf":[],"yoast_head":"<!-- This site is optimized with the Yoast SEO plugin v27.5 - https:\/\/yoast.com\/product\/yoast-seo-wordpress\/ -->\n<title>1\u00e8re \u00e9dition du Salon Villes et Toits du Cameroun - Right to the city<\/title>\n<meta name=\"robots\" content=\"index, follow, max-snippet:-1, max-image-preview:large, max-video-preview:-1\" \/>\n<link rel=\"canonical\" href=\"https:\/\/www.right2city.org\/fr\/events\/1ere-edition-du-salon-villes-et-toits-du-cameroun\/\" \/>\n<meta property=\"og:locale\" content=\"fr_FR\" \/>\n<meta property=\"og:type\" content=\"article\" \/>\n<meta property=\"og:title\" content=\"1\u00e8re \u00e9dition du Salon Villes et Toits du Cameroun - Right to the city\" \/>\n<meta property=\"og:description\" content=\"Lancement officiel des activit\u00e9s li\u00e9es \u00e0 la premi\u00e8re \u00e9dition du Salon Villes et Toits du Cameroun lors de la Journ\u00e9e Mondiale pour le Droit \u00e0 la Ville (photo. Codas Caritas Douala) &nbsp; En collaboration avec le Minist\u00e8re de l\u2019Habitat et du D\u00e9veloppement Urbain (MINHDU) du Cameroun, le Comit\u00e9 Dioc\u00e9sain des Activit\u00e9s Sociales et Caritas de [&hellip;]\" \/>\n<meta property=\"og:url\" content=\"https:\/\/www.right2city.org\/fr\/events\/1ere-edition-du-salon-villes-et-toits-du-cameroun\/\" \/>\n<meta property=\"og:site_name\" content=\"Right to the city\" \/>\n<meta property=\"article:modified_time\" content=\"2019-11-18T13:41:31+00:00\" \/>\n<meta property=\"og:image\" content=\"https:\/\/www.right2city.org\/wp-content\/uploads\/2019\/11\/Douala.jpg\" \/>\n\t<meta property=\"og:image:width\" content=\"878\" \/>\n\t<meta property=\"og:image:height\" content=\"282\" \/>\n\t<meta property=\"og:image:type\" content=\"image\/jpeg\" \/>\n<meta name=\"twitter:card\" content=\"summary_large_image\" \/>\n<meta name=\"twitter:label1\" content=\"Dur\u00e9e de lecture estim\u00e9e\" \/>\n\t<meta name=\"twitter:data1\" content=\"3 minutes\" \/>\n<script type=\"application\/ld+json\" class=\"yoast-schema-graph\">{\"@context\":\"https:\\\/\\\/schema.org\",\"@graph\":[{\"@type\":\"WebPage\",\"@id\":\"https:\\\/\\\/www.right2city.org\\\/fr\\\/events\\\/1ere-edition-du-salon-villes-et-toits-du-cameroun\\\/\",\"url\":\"https:\\\/\\\/www.right2city.org\\\/fr\\\/events\\\/1ere-edition-du-salon-villes-et-toits-du-cameroun\\\/\",\"name\":\"1\u00e8re \u00e9dition du Salon Villes et Toits du Cameroun - Right to the city\",\"isPartOf\":{\"@id\":\"https:\\\/\\\/www.right2city.org\\\/fr\\\/#website\"},\"primaryImageOfPage\":{\"@id\":\"https:\\\/\\\/www.right2city.org\\\/fr\\\/events\\\/1ere-edition-du-salon-villes-et-toits-du-cameroun\\\/#primaryimage\"},\"image\":{\"@id\":\"https:\\\/\\\/www.right2city.org\\\/fr\\\/events\\\/1ere-edition-du-salon-villes-et-toits-du-cameroun\\\/#primaryimage\"},\"thumbnailUrl\":\"https:\\\/\\\/www.right2city.org\\\/wp-content\\\/uploads\\\/2019\\\/11\\\/Douala.jpg\",\"datePublished\":\"2019-11-18T13:29:40+00:00\",\"dateModified\":\"2019-11-18T13:41:31+00:00\",\"breadcrumb\":{\"@id\":\"https:\\\/\\\/www.right2city.org\\\/fr\\\/events\\\/1ere-edition-du-salon-villes-et-toits-du-cameroun\\\/#breadcrumb\"},\"inLanguage\":\"fr-FR\",\"potentialAction\":[{\"@type\":\"ReadAction\",\"target\":[\"https:\\\/\\\/www.right2city.org\\\/fr\\\/events\\\/1ere-edition-du-salon-villes-et-toits-du-cameroun\\\/\"]}]},{\"@type\":\"ImageObject\",\"inLanguage\":\"fr-FR\",\"@id\":\"https:\\\/\\\/www.right2city.org\\\/fr\\\/events\\\/1ere-edition-du-salon-villes-et-toits-du-cameroun\\\/#primaryimage\",\"url\":\"https:\\\/\\\/www.right2city.org\\\/wp-content\\\/uploads\\\/2019\\\/11\\\/Douala.jpg\",\"contentUrl\":\"https:\\\/\\\/www.right2city.org\\\/wp-content\\\/uploads\\\/2019\\\/11\\\/Douala.jpg\",\"width\":878,\"height\":282},{\"@type\":\"BreadcrumbList\",\"@id\":\"https:\\\/\\\/www.right2city.org\\\/fr\\\/events\\\/1ere-edition-du-salon-villes-et-toits-du-cameroun\\\/#breadcrumb\",\"itemListElement\":[{\"@type\":\"ListItem\",\"position\":1,\"name\":\"Home\",\"item\":\"https:\\\/\\\/www.right2city.org\\\/fr\\\/\"},{\"@type\":\"ListItem\",\"position\":2,\"name\":\"1\u00e8re \u00e9dition du Salon Villes et Toits du Cameroun\"}]},{\"@type\":\"WebSite\",\"@id\":\"https:\\\/\\\/www.right2city.org\\\/fr\\\/#website\",\"url\":\"https:\\\/\\\/www.right2city.org\\\/fr\\\/\",\"name\":\"Right to the city\",\"description\":\"Global Platform for the Right to the City\",\"potentialAction\":[{\"@type\":\"SearchAction\",\"target\":{\"@type\":\"EntryPoint\",\"urlTemplate\":\"https:\\\/\\\/www.right2city.org\\\/fr\\\/?s={search_term_string}\"},\"query-input\":{\"@type\":\"PropertyValueSpecification\",\"valueRequired\":true,\"valueName\":\"search_term_string\"}}],\"inLanguage\":\"fr-FR\"}]}<\/script>\n<!-- \/ Yoast SEO plugin. -->","yoast_head_json":{"title":"1\u00e8re \u00e9dition du Salon Villes et Toits du Cameroun - Right to the city","robots":{"index":"index","follow":"follow","max-snippet":"max-snippet:-1","max-image-preview":"max-image-preview:large","max-video-preview":"max-video-preview:-1"},"canonical":"https:\/\/www.right2city.org\/fr\/events\/1ere-edition-du-salon-villes-et-toits-du-cameroun\/","og_locale":"fr_FR","og_type":"article","og_title":"1\u00e8re \u00e9dition du Salon Villes et Toits du Cameroun - Right to the city","og_description":"Lancement officiel des activit\u00e9s li\u00e9es \u00e0 la premi\u00e8re \u00e9dition du Salon Villes et Toits du Cameroun lors de la Journ\u00e9e Mondiale pour le Droit \u00e0 la Ville (photo. Codas Caritas Douala) &nbsp; En collaboration avec le Minist\u00e8re de l\u2019Habitat et du D\u00e9veloppement Urbain (MINHDU) du Cameroun, le Comit\u00e9 Dioc\u00e9sain des Activit\u00e9s Sociales et Caritas de [&hellip;]","og_url":"https:\/\/www.right2city.org\/fr\/events\/1ere-edition-du-salon-villes-et-toits-du-cameroun\/","og_site_name":"Right to the city","article_modified_time":"2019-11-18T13:41:31+00:00","og_image":[{"width":878,"height":282,"url":"https:\/\/www.right2city.org\/wp-content\/uploads\/2019\/11\/Douala.jpg","type":"image\/jpeg"}],"twitter_card":"summary_large_image","twitter_misc":{"Dur\u00e9e de lecture estim\u00e9e":"3 minutes"},"schema":{"@context":"https:\/\/schema.org","@graph":[{"@type":"WebPage","@id":"https:\/\/www.right2city.org\/fr\/events\/1ere-edition-du-salon-villes-et-toits-du-cameroun\/","url":"https:\/\/www.right2city.org\/fr\/events\/1ere-edition-du-salon-villes-et-toits-du-cameroun\/","name":"1\u00e8re \u00e9dition du Salon Villes et Toits du Cameroun - Right to the city","isPartOf":{"@id":"https:\/\/www.right2city.org\/fr\/#website"},"primaryImageOfPage":{"@id":"https:\/\/www.right2city.org\/fr\/events\/1ere-edition-du-salon-villes-et-toits-du-cameroun\/#primaryimage"},"image":{"@id":"https:\/\/www.right2city.org\/fr\/events\/1ere-edition-du-salon-villes-et-toits-du-cameroun\/#primaryimage"},"thumbnailUrl":"https:\/\/www.right2city.org\/wp-content\/uploads\/2019\/11\/Douala.jpg","datePublished":"2019-11-18T13:29:40+00:00","dateModified":"2019-11-18T13:41:31+00:00","breadcrumb":{"@id":"https:\/\/www.right2city.org\/fr\/events\/1ere-edition-du-salon-villes-et-toits-du-cameroun\/#breadcrumb"},"inLanguage":"fr-FR","potentialAction":[{"@type":"ReadAction","target":["https:\/\/www.right2city.org\/fr\/events\/1ere-edition-du-salon-villes-et-toits-du-cameroun\/"]}]},{"@type":"ImageObject","inLanguage":"fr-FR","@id":"https:\/\/www.right2city.org\/fr\/events\/1ere-edition-du-salon-villes-et-toits-du-cameroun\/#primaryimage","url":"https:\/\/www.right2city.org\/wp-content\/uploads\/2019\/11\/Douala.jpg","contentUrl":"https:\/\/www.right2city.org\/wp-content\/uploads\/2019\/11\/Douala.jpg","width":878,"height":282},{"@type":"BreadcrumbList","@id":"https:\/\/www.right2city.org\/fr\/events\/1ere-edition-du-salon-villes-et-toits-du-cameroun\/#breadcrumb","itemListElement":[{"@type":"ListItem","position":1,"name":"Home","item":"https:\/\/www.right2city.org\/fr\/"},{"@type":"ListItem","position":2,"name":"1\u00e8re \u00e9dition du Salon Villes et Toits du Cameroun"}]},{"@type":"WebSite","@id":"https:\/\/www.right2city.org\/fr\/#website","url":"https:\/\/www.right2city.org\/fr\/","name":"Right to the city","description":"Global Platform for the Right to the City","potentialAction":[{"@type":"SearchAction","target":{"@type":"EntryPoint","urlTemplate":"https:\/\/www.right2city.org\/fr\/?s={search_term_string}"},"query-input":{"@type":"PropertyValueSpecification","valueRequired":true,"valueName":"search_term_string"}}],"inLanguage":"fr-FR"}]}},"_links":{"self":[{"href":"https:\/\/www.right2city.org\/fr\/wp-json\/wp\/v2\/events\/51258","targetHints":{"allow":["GET"]}}],"collection":[{"href":"https:\/\/www.right2city.org\/fr\/wp-json\/wp\/v2\/events"}],"about":[{"href":"https:\/\/www.right2city.org\/fr\/wp-json\/wp\/v2\/types\/events"}],"wp:featuredmedia":[{"embeddable":true,"href":"https:\/\/www.right2city.org\/fr\/wp-json\/wp\/v2\/media\/51263"}],"wp:attachment":[{"href":"https:\/\/www.right2city.org\/fr\/wp-json\/wp\/v2\/media?parent=51258"}],"wp:term":[{"taxonomy":"themes","embeddable":true,"href":"https:\/\/www.right2city.org\/fr\/wp-json\/wp\/v2\/themes?post=51258"},{"taxonomy":"agendas_globales","embeddable":true,"href":"https:\/\/www.right2city.org\/fr\/wp-json\/wp\/v2\/agendas_globales?post=51258"}],"curies":[{"name":"wp","href":"https:\/\/api.w.org\/{rel}","templated":true}]}}

1ère édition du Salon Villes et Toits du Cameroun

<p><em>Lancement officiel des activités liées à la première édition du Salon Villes et Toits du Cameroun lors de la Journée Mondiale pour le Droit à la Ville (photo. Codas Caritas Douala)</em></p>
<p>&nbsp;</p>
<p>En collaboration avec le Ministère de l’Habitat et du Développement Urbain (MINHDU) du Cameroun, le Comité Diocésain des Activités Sociales et Caritas de l’Archidiocèse de Douala organise le premier <strong>Salon Villes et Toits du Cameroun</strong> à Douala,<strong> les mercredi 4 et jeudi 5 Décembre 2019, sous le thème : « Le potentiel des quartiers populaires».</strong></p>
<p>Ce Salon examinera de manière générale le <strong>cadre de vie des habitants des quartiers populaires de la ville de Douala</strong> ainsi que les initiatives d’amélioration du cadre de vie qui y existent. Un accent particulier sera porté sur les atouts dont regorgent ces quartiers populaires, du point de vue sociologique, économique et artistique. Ce Salon envisage d’être désormais le <strong>rendez-vous annuel de partage et de réflexion sur l’amélioration des quartiers populaires des villes Camerounaises</strong> afin, d’une part, de participer à la déconstruction de la perception négative et discriminatoire des quartiers populaires et, d’autre part, d’encourager les habitants des quartiers populaires à œuvrer d’elles-mêmes et en premier chef, pour l’amélioration de leur cadre de vie.</p>
<p>Le Salon se tiendra chaque année <strong>durant le mois d’octobre, baptisé mois de l’habitat,</strong> dans l’une des villes camerounaises, afin de contribuer significativement à l’amélioration des quartiers populaires de ces villes ainsi que de déconstruire chez des usagers et administrateurs desdits quartiers leur perception négative et discriminatoire.</p>
<p>Le comité d’organisation du Salon villes et Toits du Cameroun appelle à des <strong>contributions sous forme d’article scientifiques en langues française ou anglaise</strong>, dans les domaines thématiques suivants:<br />
1. Les quartiers populaires des villes du Cameroun,<br />
2. Les initiatives d’amélioration des quartiers populaires,<br />
3. Les référentiels en matière d’améliorations des quartiers populaires.</p>
<p>&nbsp;</p>
<p><strong>CHARTE DE PRESENTATION DES COMMUNICATIONS</strong><br />
1. Titre de la communication<br />
2. Nom(s) et prénom(s) de l’auteur<br />
3. Contacts de l’auteur : Adresse émail et numéro de téléphone ;<br />
4. Nom de l’institution d’attache ou de l’organisation<br />
5. Nombre de mots : 500 maximum<br />
6. Police : Times New Roman<br />
7. Taille de la police : 12<br />
8. Interligne : 1.5<br />
9. Mots clés : 5 maximum<br />
10. Contenu des communications : Problème clairement identifié – Question de recherche – Objectifs et intérêt de la recherche &#8211; Cadre méthodologique et cadre théorique &#8211; Résultats attendus ou obtenus.</p>
<p>&nbsp;</p>
<p><strong>INFORMATIONS PRATIQUES</strong><br />
Veuillez soumettre votre communication à l’adresse codascaritasdouala@yahoo.fr, avec copie à l’adresse djilacathy@yahoo.fr, au plus tard le Mardi 19 Novembre 2019.<br />
Les candidats recevront un accusé de réception et un numéro d’enregistrement, dans les 24 heures suivant la soumission.<br />
Les résumés sont soumis à l’examen du Comité scientifique constitué à cet effet et seules les propositions retenues seront incluses dans les actes du Salon.<br />
Le mercredi 20 Novembre 2019, les candidats recevront un courrier électronique du Comité organisateur indiquant la suite donnée à leur soumission.</p>

<!-- This site is optimized with the Yoast SEO plugin v27.5 - https://yoast.com/product/yoast-seo-wordpress/ -->
<title>1ère édition du Salon Villes et Toits du Cameroun - Right to the city</title>
<meta name="robots" content="index, follow, max-snippet:-1, max-image-preview:large, max-video-preview:-1" />
<link rel="canonical" href="https://www.right2city.org/fr/events/1ere-edition-du-salon-villes-et-toits-du-cameroun/" />
<meta property="og:locale" content="fr_FR" />
<meta property="og:type" content="article" />
<meta property="og:title" content="1ère édition du Salon Villes et Toits du Cameroun - Right to the city" />
<meta property="og:description" content="Lancement officiel des activités liées à la première édition du Salon Villes et Toits du Cameroun lors de la Journée Mondiale pour le Droit à la Ville (photo. Codas Caritas Douala) &nbsp; En collaboration avec le Ministère de l’Habitat et du Développement Urbain (MINHDU) du Cameroun, le Comité Diocésain des Activités Sociales et Caritas de [&hellip;]" />
<meta property="og:url" content="https://www.right2city.org/fr/events/1ere-edition-du-salon-villes-et-toits-du-cameroun/" />
<meta property="og:site_name" content="Right to the city" />
<meta property="article:modified_time" content="2019-11-18T13:41:31+00:00" />
<meta property="og:image" content="https://www.right2city.org/wp-content/uploads/2019/11/Douala.jpg" />
	<meta property="og:image:width" content="878" />
	<meta property="og:image:height" content="282" />
	<meta property="og:image:type" content="image/jpeg" />
<meta name="twitter:card" content="summary_large_image" />
<meta name="twitter:label1" content="Durée de lecture estimée" />
	<meta name="twitter:data1" content="3 minutes" />
<script type="application/ld+json" class="yoast-schema-graph">{"@context":"https:\/\/schema.org","@graph":[{"@type":"WebPage","@id":"https:\/\/www.right2city.org\/fr\/events\/1ere-edition-du-salon-villes-et-toits-du-cameroun\/","url":"https:\/\/www.right2city.org\/fr\/events\/1ere-edition-du-salon-villes-et-toits-du-cameroun\/","name":"1ère édition du Salon Villes et Toits du Cameroun - Right to the city","isPartOf":{"@id":"https:\/\/www.right2city.org\/fr\/#website"},"primaryImageOfPage":{"@id":"https:\/\/www.right2city.org\/fr\/events\/1ere-edition-du-salon-villes-et-toits-du-cameroun\/#primaryimage"},"image":{"@id":"https:\/\/www.right2city.org\/fr\/events\/1ere-edition-du-salon-villes-et-toits-du-cameroun\/#primaryimage"},"thumbnailUrl":"https:\/\/www.right2city.org\/wp-content\/uploads\/2019\/11\/Douala.jpg","datePublished":"2019-11-18T13:29:40+00:00","dateModified":"2019-11-18T13:41:31+00:00","breadcrumb":{"@id":"https:\/\/www.right2city.org\/fr\/events\/1ere-edition-du-salon-villes-et-toits-du-cameroun\/#breadcrumb"},"inLanguage":"fr-FR","potentialAction":[{"@type":"ReadAction","target":["https:\/\/www.right2city.org\/fr\/events\/1ere-edition-du-salon-villes-et-toits-du-cameroun\/"]}]},{"@type":"ImageObject","inLanguage":"fr-FR","@id":"https:\/\/www.right2city.org\/fr\/events\/1ere-edition-du-salon-villes-et-toits-du-cameroun\/#primaryimage","url":"https:\/\/www.right2city.org\/wp-content\/uploads\/2019\/11\/Douala.jpg","contentUrl":"https:\/\/www.right2city.org\/wp-content\/uploads\/2019\/11\/Douala.jpg","width":878,"height":282},{"@type":"BreadcrumbList","@id":"https:\/\/www.right2city.org\/fr\/events\/1ere-edition-du-salon-villes-et-toits-du-cameroun\/#breadcrumb","itemListElement":[{"@type":"ListItem","position":1,"name":"Home","item":"https:\/\/www.right2city.org\/fr\/"},{"@type":"ListItem","position":2,"name":"1ère édition du Salon Villes et Toits du Cameroun"}]},{"@type":"WebSite","@id":"https:\/\/www.right2city.org\/fr\/#website","url":"https:\/\/www.right2city.org\/fr\/","name":"Right to the city","description":"Global Platform for the Right to the City","potentialAction":[{"@type":"SearchAction","target":{"@type":"EntryPoint","urlTemplate":"https:\/\/www.right2city.org\/fr\/?s={search_term_string}"},"query-input":{"@type":"PropertyValueSpecification","valueRequired":true,"valueName":"search_term_string"}}],"inLanguage":"fr-FR"}]}</script>
<!-- / Yoast SEO plugin. -->

1ère édition du Salon Villes et Toits du Cameroun - Right to the city

Lancement officiel des activités liées à la première édition du Salon Villes et Toits du Cameroun lors de la Journée Mondiale pour le Droit à la Ville (photo. Codas Caritas Douala) &nbsp; En collaboration avec le Ministère de l’Habitat et du Développement Urbain (MINHDU) du Cameroun, le Comité Diocésain des Activités Sociales et Caritas de [&hellip;]
