{"id":53229,"date":"2018-09-03T15:58:42","date_gmt":"2018-09-03T13:58:42","guid":{"rendered":"https:\/\/www.right2city.org\/events\/espanol-encuentro-internacional-por-ciudades-igualitarias-eipci\/"},"modified":"2020-03-18T13:43:57","modified_gmt":"2020-03-18T11:43:57","slug":"espanol-encuentro-internacional-por-ciudades-igualitarias-eipci","status":"publish","type":"events","link":"https:\/\/www.right2city.org\/fr\/events\/espanol-encuentro-internacional-por-ciudades-igualitarias-eipci\/","title":{"rendered":"Rencontre Internationale pour des Villes \u00c9galitaristes"},"content":{"rendered":"<p>&nbsp;<\/p>\n<p><a href=\"http:\/\/www.righttothecityplatform.org.br\/event\/espanol-encuentro-internacional-por-ciudades-igualitarias-eipci\/portada-evento\/\" rel=\"attachment wp-att-3150\"><img loading=\"lazy\" decoding=\"async\" class=\"aligncenter size-full wp-image-3150\" src=\"https:\/\/www.right2city.org\/wp-content\/uploads\/2020\/01\/portada-evento.jpg\" alt=\"\" width=\"500\" height=\"262\" \/><\/a><\/p>\n<p style=\"text-align: center;\"><a href=\"http:\/\/www.righttothecityplatform.org.br\/wp-content\/uploads\/FR-D\u00e9claration-de-la-Rencontre-internationale-pour-des-villes-\u00e9galitaristes.pdf\"><strong>D\u00e9claration de la Rencontre internationale pour des villes \u00e9galitaristes<\/strong><\/a><\/p>\n<p><strong>Un engagement commun <\/strong><\/p>\n<p>Nous, organisations, mouvements et r\u00e9seaux d&rsquo;habitants, d&rsquo;universitaires et de gouvernements locaux, engag\u00e9s en faveur de la justice sociale territoriale, nous sommes r\u00e9unis \u00e0 Buenos Aires, parall\u00e8lement \u00e0 la r\u00e9union convoqu\u00e9e officiellement par URBAN 20, pour discuter d&rsquo;une position alternative aux initiatives urbaines n\u00e9olib\u00e9rales et \u00e9changer des id\u00e9es ainsi que des exp\u00e9riences sur les villes auxquelles nous aspirons dans ce contexte international de crise \u00e9conomique, sociale, environnementale et politique.<\/p>\n<p>Nous nous appuyons sur des contributions essentielles telles que la D\u00e9claration municipaliste pour le droit au logement et le droit \u00e0 la ville et sur tous les instruments internationaux qui promeuvent la garantie du droit au logement et \u00e0 un habitat d\u00e9cent, en tant que droits fondamentaux de l&rsquo;homme. Nous concevons le droit \u00e0 la ville comme le droit de tous les habitants, pr\u00e9sents et futurs, permanents et temporaires, d\u2019habiter, d\u2019utiliser, d\u2019occuper, de produire, de transformer, de gouverner et de jouir de villes, de villages et d\u2019agglom\u00e9rations urbaines justes, \u00e9galitaires, s\u00fbres, durables et d\u00e9mocratiques, d\u00e9finis comme des biens communs pour une vie d\u00e9cente, qui doivent se partager et appartenir \u00e0 tous les membres de la communaut\u00e9.<\/p>\n<p>La d\u00e9fense du droit \u00e0 la ville r\u00e9affirme, met \u00e0 jour et d\u00e9fend les droits de l&rsquo;homme et les obligations qui en d\u00e9coulent pour les \u00c9tats: l&rsquo;accord de l&rsquo;Agenda 2030 de \u00ab\u00a0ne laissez personne derri\u00e8re\u00a0\u00bb, et le \u00ab\u00a0ne laissez aucun territoire derri\u00e8re\u00a0\u00bb, de la D\u00e9claration du 9\u00e8me Forum urbain mondial. Les villes peuvent \u00eatre un endroit pour tout le monde.<\/p>\n<p><a href=\"http:\/\/www.righttothecityplatform.org.br\/wp-content\/uploads\/FR-D\u00e9claration-de-la-Rencontre-internationale-pour-des-villes-\u00e9galitaristes.pdf\"><strong>T\u00e9l\u00e9charger la d\u00e9claration compl\u00e8te<\/strong><\/a><\/p>\n<p>Plus d&rsquo;info :<\/p>\n<p><a href=\"https:\/\/drive.google.com\/file\/d\/1sKJ8s6aP9vYMvMKhOOmxqBa6uKkb0_1g\/view\">T\u00e9l\u00e9charger l&rsquo;appel.<\/a><\/p>\n<p><a href=\"http:\/\/www.righttothecityplatform.org.br\/wp-content\/uploads\/guia-CI.jpg\">T\u00e9l\u00e9charger le programme<\/a><\/p>\n<p>Rejoignez l&rsquo;\u00e9v\u00e9nement sur facebook : https:\/\/www.facebook.com\/events\/488955661586892\/<\/p>\n","protected":false},"featured_media":0,"template":"","meta":{"_acf_changed":false,"_et_pb_use_builder":"","_et_pb_old_content":"","_et_gb_content_width":"","cybocfi_hide_featured_image":""},"themes":[],"agendas_globales":[],"class_list":["post-53229","events","type-events","status-publish","hentry"],"acf":[],"yoast_head":"<!-- This site is optimized with the Yoast SEO plugin v27.5 - https:\/\/yoast.com\/product\/yoast-seo-wordpress\/ -->\n<title>Rencontre Internationale pour des Villes \u00c9galitaristes - Right to the city<\/title>\n<meta name=\"robots\" content=\"index, follow, max-snippet:-1, max-image-preview:large, max-video-preview:-1\" \/>\n<link rel=\"canonical\" href=\"https:\/\/www.right2city.org\/fr\/events\/espanol-encuentro-internacional-por-ciudades-igualitarias-eipci\/\" \/>\n<meta property=\"og:locale\" content=\"fr_FR\" \/>\n<meta property=\"og:type\" content=\"article\" \/>\n<meta property=\"og:title\" content=\"Rencontre Internationale pour des Villes \u00c9galitaristes - Right to the city\" \/>\n<meta property=\"og:description\" content=\"&nbsp; D\u00e9claration de la Rencontre internationale pour des villes \u00e9galitaristes Un engagement commun Nous, organisations, mouvements et r\u00e9seaux d&rsquo;habitants, d&rsquo;universitaires et de gouvernements locaux, engag\u00e9s en faveur de la justice sociale territoriale, nous sommes r\u00e9unis \u00e0 Buenos Aires, parall\u00e8lement \u00e0 la r\u00e9union convoqu\u00e9e officiellement par URBAN 20, pour discuter d&rsquo;une position alternative aux initiatives urbaines [&hellip;]\" \/>\n<meta property=\"og:url\" content=\"https:\/\/www.right2city.org\/fr\/events\/espanol-encuentro-internacional-por-ciudades-igualitarias-eipci\/\" \/>\n<meta property=\"og:site_name\" content=\"Right to the city\" \/>\n<meta property=\"article:modified_time\" content=\"2020-03-18T11:43:57+00:00\" \/>\n<meta property=\"og:image\" content=\"https:\/\/www.right2city.org\/wp-content\/uploads\/2020\/01\/portada-evento.jpg\" \/>\n<meta name=\"twitter:card\" content=\"summary_large_image\" \/>\n<meta name=\"twitter:label1\" content=\"Dur\u00e9e de lecture estim\u00e9e\" \/>\n\t<meta name=\"twitter:data1\" content=\"2 minutes\" \/>\n<script type=\"application\/ld+json\" class=\"yoast-schema-graph\">{\"@context\":\"https:\\\/\\\/schema.org\",\"@graph\":[{\"@type\":\"WebPage\",\"@id\":\"https:\\\/\\\/www.right2city.org\\\/fr\\\/events\\\/espanol-encuentro-internacional-por-ciudades-igualitarias-eipci\\\/\",\"url\":\"https:\\\/\\\/www.right2city.org\\\/fr\\\/events\\\/espanol-encuentro-internacional-por-ciudades-igualitarias-eipci\\\/\",\"name\":\"Rencontre Internationale pour des Villes \u00c9galitaristes - Right to the city\",\"isPartOf\":{\"@id\":\"https:\\\/\\\/www.right2city.org\\\/fr\\\/#website\"},\"primaryImageOfPage\":{\"@id\":\"https:\\\/\\\/www.right2city.org\\\/fr\\\/events\\\/espanol-encuentro-internacional-por-ciudades-igualitarias-eipci\\\/#primaryimage\"},\"image\":{\"@id\":\"https:\\\/\\\/www.right2city.org\\\/fr\\\/events\\\/espanol-encuentro-internacional-por-ciudades-igualitarias-eipci\\\/#primaryimage\"},\"thumbnailUrl\":\"https:\\\/\\\/www.right2city.org\\\/wp-content\\\/uploads\\\/2020\\\/01\\\/portada-evento.jpg\",\"datePublished\":\"2018-09-03T13:58:42+00:00\",\"dateModified\":\"2020-03-18T11:43:57+00:00\",\"breadcrumb\":{\"@id\":\"https:\\\/\\\/www.right2city.org\\\/fr\\\/events\\\/espanol-encuentro-internacional-por-ciudades-igualitarias-eipci\\\/#breadcrumb\"},\"inLanguage\":\"fr-FR\",\"potentialAction\":[{\"@type\":\"ReadAction\",\"target\":[\"https:\\\/\\\/www.right2city.org\\\/fr\\\/events\\\/espanol-encuentro-internacional-por-ciudades-igualitarias-eipci\\\/\"]}]},{\"@type\":\"ImageObject\",\"inLanguage\":\"fr-FR\",\"@id\":\"https:\\\/\\\/www.right2city.org\\\/fr\\\/events\\\/espanol-encuentro-internacional-por-ciudades-igualitarias-eipci\\\/#primaryimage\",\"url\":\"https:\\\/\\\/www.right2city.org\\\/wp-content\\\/uploads\\\/2020\\\/01\\\/portada-evento.jpg\",\"contentUrl\":\"https:\\\/\\\/www.right2city.org\\\/wp-content\\\/uploads\\\/2020\\\/01\\\/portada-evento.jpg\"},{\"@type\":\"BreadcrumbList\",\"@id\":\"https:\\\/\\\/www.right2city.org\\\/fr\\\/events\\\/espanol-encuentro-internacional-por-ciudades-igualitarias-eipci\\\/#breadcrumb\",\"itemListElement\":[{\"@type\":\"ListItem\",\"position\":1,\"name\":\"Home\",\"item\":\"https:\\\/\\\/www.right2city.org\\\/fr\\\/\"},{\"@type\":\"ListItem\",\"position\":2,\"name\":\"Rencontre Internationale pour des Villes \u00c9galitaristes\"}]},{\"@type\":\"WebSite\",\"@id\":\"https:\\\/\\\/www.right2city.org\\\/fr\\\/#website\",\"url\":\"https:\\\/\\\/www.right2city.org\\\/fr\\\/\",\"name\":\"Right to the city\",\"description\":\"Global Platform for the Right to the City\",\"potentialAction\":[{\"@type\":\"SearchAction\",\"target\":{\"@type\":\"EntryPoint\",\"urlTemplate\":\"https:\\\/\\\/www.right2city.org\\\/fr\\\/?s={search_term_string}\"},\"query-input\":{\"@type\":\"PropertyValueSpecification\",\"valueRequired\":true,\"valueName\":\"search_term_string\"}}],\"inLanguage\":\"fr-FR\"}]}<\/script>\n<!-- \/ Yoast SEO plugin. -->","yoast_head_json":{"title":"Rencontre Internationale pour des Villes \u00c9galitaristes - Right to the city","robots":{"index":"index","follow":"follow","max-snippet":"max-snippet:-1","max-image-preview":"max-image-preview:large","max-video-preview":"max-video-preview:-1"},"canonical":"https:\/\/www.right2city.org\/fr\/events\/espanol-encuentro-internacional-por-ciudades-igualitarias-eipci\/","og_locale":"fr_FR","og_type":"article","og_title":"Rencontre Internationale pour des Villes \u00c9galitaristes - Right to the city","og_description":"&nbsp; D\u00e9claration de la Rencontre internationale pour des villes \u00e9galitaristes Un engagement commun Nous, organisations, mouvements et r\u00e9seaux d&rsquo;habitants, d&rsquo;universitaires et de gouvernements locaux, engag\u00e9s en faveur de la justice sociale territoriale, nous sommes r\u00e9unis \u00e0 Buenos Aires, parall\u00e8lement \u00e0 la r\u00e9union convoqu\u00e9e officiellement par URBAN 20, pour discuter d&rsquo;une position alternative aux initiatives urbaines [&hellip;]","og_url":"https:\/\/www.right2city.org\/fr\/events\/espanol-encuentro-internacional-por-ciudades-igualitarias-eipci\/","og_site_name":"Right to the city","article_modified_time":"2020-03-18T11:43:57+00:00","og_image":[{"url":"https:\/\/www.right2city.org\/wp-content\/uploads\/2020\/01\/portada-evento.jpg","type":"","width":"","height":""}],"twitter_card":"summary_large_image","twitter_misc":{"Dur\u00e9e de lecture estim\u00e9e":"2 minutes"},"schema":{"@context":"https:\/\/schema.org","@graph":[{"@type":"WebPage","@id":"https:\/\/www.right2city.org\/fr\/events\/espanol-encuentro-internacional-por-ciudades-igualitarias-eipci\/","url":"https:\/\/www.right2city.org\/fr\/events\/espanol-encuentro-internacional-por-ciudades-igualitarias-eipci\/","name":"Rencontre Internationale pour des Villes \u00c9galitaristes - Right to the city","isPartOf":{"@id":"https:\/\/www.right2city.org\/fr\/#website"},"primaryImageOfPage":{"@id":"https:\/\/www.right2city.org\/fr\/events\/espanol-encuentro-internacional-por-ciudades-igualitarias-eipci\/#primaryimage"},"image":{"@id":"https:\/\/www.right2city.org\/fr\/events\/espanol-encuentro-internacional-por-ciudades-igualitarias-eipci\/#primaryimage"},"thumbnailUrl":"https:\/\/www.right2city.org\/wp-content\/uploads\/2020\/01\/portada-evento.jpg","datePublished":"2018-09-03T13:58:42+00:00","dateModified":"2020-03-18T11:43:57+00:00","breadcrumb":{"@id":"https:\/\/www.right2city.org\/fr\/events\/espanol-encuentro-internacional-por-ciudades-igualitarias-eipci\/#breadcrumb"},"inLanguage":"fr-FR","potentialAction":[{"@type":"ReadAction","target":["https:\/\/www.right2city.org\/fr\/events\/espanol-encuentro-internacional-por-ciudades-igualitarias-eipci\/"]}]},{"@type":"ImageObject","inLanguage":"fr-FR","@id":"https:\/\/www.right2city.org\/fr\/events\/espanol-encuentro-internacional-por-ciudades-igualitarias-eipci\/#primaryimage","url":"https:\/\/www.right2city.org\/wp-content\/uploads\/2020\/01\/portada-evento.jpg","contentUrl":"https:\/\/www.right2city.org\/wp-content\/uploads\/2020\/01\/portada-evento.jpg"},{"@type":"BreadcrumbList","@id":"https:\/\/www.right2city.org\/fr\/events\/espanol-encuentro-internacional-por-ciudades-igualitarias-eipci\/#breadcrumb","itemListElement":[{"@type":"ListItem","position":1,"name":"Home","item":"https:\/\/www.right2city.org\/fr\/"},{"@type":"ListItem","position":2,"name":"Rencontre Internationale pour des Villes \u00c9galitaristes"}]},{"@type":"WebSite","@id":"https:\/\/www.right2city.org\/fr\/#website","url":"https:\/\/www.right2city.org\/fr\/","name":"Right to the city","description":"Global Platform for the Right to the City","potentialAction":[{"@type":"SearchAction","target":{"@type":"EntryPoint","urlTemplate":"https:\/\/www.right2city.org\/fr\/?s={search_term_string}"},"query-input":{"@type":"PropertyValueSpecification","valueRequired":true,"valueName":"search_term_string"}}],"inLanguage":"fr-FR"}]}},"_links":{"self":[{"href":"https:\/\/www.right2city.org\/fr\/wp-json\/wp\/v2\/events\/53229","targetHints":{"allow":["GET"]}}],"collection":[{"href":"https:\/\/www.right2city.org\/fr\/wp-json\/wp\/v2\/events"}],"about":[{"href":"https:\/\/www.right2city.org\/fr\/wp-json\/wp\/v2\/types\/events"}],"wp:attachment":[{"href":"https:\/\/www.right2city.org\/fr\/wp-json\/wp\/v2\/media?parent=53229"}],"wp:term":[{"taxonomy":"themes","embeddable":true,"href":"https:\/\/www.right2city.org\/fr\/wp-json\/wp\/v2\/themes?post=53229"},{"taxonomy":"agendas_globales","embeddable":true,"href":"https:\/\/www.right2city.org\/fr\/wp-json\/wp\/v2\/agendas_globales?post=53229"}],"curies":[{"name":"wp","href":"https:\/\/api.w.org\/{rel}","templated":true}]}}

Rencontre Internationale pour des Villes Égalitaristes

<p>&nbsp;</p>
<p><a href="http://www.righttothecityplatform.org.br/event/espanol-encuentro-internacional-por-ciudades-igualitarias-eipci/portada-evento/" rel="attachment wp-att-3150"><img loading="lazy" decoding="async" class="aligncenter size-full wp-image-3150" src="https://www.right2city.org/wp-content/uploads/2020/01/portada-evento.jpg" alt="" width="500" height="262" /></a></p>
<p style="text-align: center;"><a href="http://www.righttothecityplatform.org.br/wp-content/uploads/FR-Déclaration-de-la-Rencontre-internationale-pour-des-villes-égalitaristes.pdf"><strong>Déclaration de la Rencontre internationale pour des villes égalitaristes</strong></a></p>
<p><strong>Un engagement commun </strong></p>
<p>Nous, organisations, mouvements et réseaux d&rsquo;habitants, d&rsquo;universitaires et de gouvernements locaux, engagés en faveur de la justice sociale territoriale, nous sommes réunis à Buenos Aires, parallèlement à la réunion convoquée officiellement par URBAN 20, pour discuter d&rsquo;une position alternative aux initiatives urbaines néolibérales et échanger des idées ainsi que des expériences sur les villes auxquelles nous aspirons dans ce contexte international de crise économique, sociale, environnementale et politique.</p>
<p>Nous nous appuyons sur des contributions essentielles telles que la Déclaration municipaliste pour le droit au logement et le droit à la ville et sur tous les instruments internationaux qui promeuvent la garantie du droit au logement et à un habitat décent, en tant que droits fondamentaux de l&rsquo;homme. Nous concevons le droit à la ville comme le droit de tous les habitants, présents et futurs, permanents et temporaires, d’habiter, d’utiliser, d’occuper, de produire, de transformer, de gouverner et de jouir de villes, de villages et d’agglomérations urbaines justes, égalitaires, sûres, durables et démocratiques, définis comme des biens communs pour une vie décente, qui doivent se partager et appartenir à tous les membres de la communauté.</p>
<p>La défense du droit à la ville réaffirme, met à jour et défend les droits de l&rsquo;homme et les obligations qui en découlent pour les États: l&rsquo;accord de l&rsquo;Agenda 2030 de « ne laissez personne derrière », et le « ne laissez aucun territoire derrière », de la Déclaration du 9ème Forum urbain mondial. Les villes peuvent être un endroit pour tout le monde.</p>
<p><a href="http://www.righttothecityplatform.org.br/wp-content/uploads/FR-Déclaration-de-la-Rencontre-internationale-pour-des-villes-égalitaristes.pdf"><strong>Télécharger la déclaration complète</strong></a></p>
<p>Plus d&rsquo;info :</p>
<p><a href="https://drive.google.com/file/d/1sKJ8s6aP9vYMvMKhOOmxqBa6uKkb0_1g/view">Télécharger l&rsquo;appel.</a></p>
<p><a href="http://www.righttothecityplatform.org.br/wp-content/uploads/guia-CI.jpg">Télécharger le programme</a></p>
<p>Rejoignez l&rsquo;événement sur facebook : https://www.facebook.com/events/488955661586892/</p>

<!-- This site is optimized with the Yoast SEO plugin v27.5 - https://yoast.com/product/yoast-seo-wordpress/ -->
<title>Rencontre Internationale pour des Villes Égalitaristes - Right to the city</title>
<meta name="robots" content="index, follow, max-snippet:-1, max-image-preview:large, max-video-preview:-1" />
<link rel="canonical" href="https://www.right2city.org/fr/events/espanol-encuentro-internacional-por-ciudades-igualitarias-eipci/" />
<meta property="og:locale" content="fr_FR" />
<meta property="og:type" content="article" />
<meta property="og:title" content="Rencontre Internationale pour des Villes Égalitaristes - Right to the city" />
<meta property="og:description" content="&nbsp; Déclaration de la Rencontre internationale pour des villes égalitaristes Un engagement commun Nous, organisations, mouvements et réseaux d&rsquo;habitants, d&rsquo;universitaires et de gouvernements locaux, engagés en faveur de la justice sociale territoriale, nous sommes réunis à Buenos Aires, parallèlement à la réunion convoquée officiellement par URBAN 20, pour discuter d&rsquo;une position alternative aux initiatives urbaines [&hellip;]" />
<meta property="og:url" content="https://www.right2city.org/fr/events/espanol-encuentro-internacional-por-ciudades-igualitarias-eipci/" />
<meta property="og:site_name" content="Right to the city" />
<meta property="article:modified_time" content="2020-03-18T11:43:57+00:00" />
<meta property="og:image" content="https://www.right2city.org/wp-content/uploads/2020/01/portada-evento.jpg" />
<meta name="twitter:card" content="summary_large_image" />
<meta name="twitter:label1" content="Durée de lecture estimée" />
	<meta name="twitter:data1" content="2 minutes" />
<script type="application/ld+json" class="yoast-schema-graph">{"@context":"https:\/\/schema.org","@graph":[{"@type":"WebPage","@id":"https:\/\/www.right2city.org\/fr\/events\/espanol-encuentro-internacional-por-ciudades-igualitarias-eipci\/","url":"https:\/\/www.right2city.org\/fr\/events\/espanol-encuentro-internacional-por-ciudades-igualitarias-eipci\/","name":"Rencontre Internationale pour des Villes Égalitaristes - Right to the city","isPartOf":{"@id":"https:\/\/www.right2city.org\/fr\/#website"},"primaryImageOfPage":{"@id":"https:\/\/www.right2city.org\/fr\/events\/espanol-encuentro-internacional-por-ciudades-igualitarias-eipci\/#primaryimage"},"image":{"@id":"https:\/\/www.right2city.org\/fr\/events\/espanol-encuentro-internacional-por-ciudades-igualitarias-eipci\/#primaryimage"},"thumbnailUrl":"https:\/\/www.right2city.org\/wp-content\/uploads\/2020\/01\/portada-evento.jpg","datePublished":"2018-09-03T13:58:42+00:00","dateModified":"2020-03-18T11:43:57+00:00","breadcrumb":{"@id":"https:\/\/www.right2city.org\/fr\/events\/espanol-encuentro-internacional-por-ciudades-igualitarias-eipci\/#breadcrumb"},"inLanguage":"fr-FR","potentialAction":[{"@type":"ReadAction","target":["https:\/\/www.right2city.org\/fr\/events\/espanol-encuentro-internacional-por-ciudades-igualitarias-eipci\/"]}]},{"@type":"ImageObject","inLanguage":"fr-FR","@id":"https:\/\/www.right2city.org\/fr\/events\/espanol-encuentro-internacional-por-ciudades-igualitarias-eipci\/#primaryimage","url":"https:\/\/www.right2city.org\/wp-content\/uploads\/2020\/01\/portada-evento.jpg","contentUrl":"https:\/\/www.right2city.org\/wp-content\/uploads\/2020\/01\/portada-evento.jpg"},{"@type":"BreadcrumbList","@id":"https:\/\/www.right2city.org\/fr\/events\/espanol-encuentro-internacional-por-ciudades-igualitarias-eipci\/#breadcrumb","itemListElement":[{"@type":"ListItem","position":1,"name":"Home","item":"https:\/\/www.right2city.org\/fr\/"},{"@type":"ListItem","position":2,"name":"Rencontre Internationale pour des Villes Égalitaristes"}]},{"@type":"WebSite","@id":"https:\/\/www.right2city.org\/fr\/#website","url":"https:\/\/www.right2city.org\/fr\/","name":"Right to the city","description":"Global Platform for the Right to the City","potentialAction":[{"@type":"SearchAction","target":{"@type":"EntryPoint","urlTemplate":"https:\/\/www.right2city.org\/fr\/?s={search_term_string}"},"query-input":{"@type":"PropertyValueSpecification","valueRequired":true,"valueName":"search_term_string"}}],"inLanguage":"fr-FR"}]}</script>
<!-- / Yoast SEO plugin. -->

Rencontre Internationale pour des Villes Égalitaristes - Right to the city

&nbsp; Déclaration de la Rencontre internationale pour des villes égalitaristes Un engagement commun Nous, organisations, mouvements et réseaux d&rsquo;habitants, d&rsquo;universitaires et de gouvernements locaux, engagés en faveur de la justice sociale territoriale, nous sommes réunis à Buenos Aires, parallèlement à la réunion convoquée officiellement par URBAN 20, pour discuter d&rsquo;une position alternative aux initiatives urbaines [&hellip;]
