{"id":63842,"date":"2022-02-02T11:39:43","date_gmt":"2022-02-02T09:39:43","guid":{"rendered":"https:\/\/www.right2city.org\/events\/world-urban-forum-11\/"},"modified":"2022-03-21T17:36:02","modified_gmt":"2022-03-21T15:36:02","slug":"world-urban-forum-11","status":"publish","type":"events","link":"https:\/\/www.right2city.org\/fr\/events\/world-urban-forum-11\/","title":{"rendered":"Forum Urbain Mondial 11"},"content":{"rendered":"<p><img loading=\"lazy\" decoding=\"async\" class=\"alignnone size-full wp-image-63835\" src=\"https:\/\/www.right2city.org\/wp-content\/uploads\/2022\/02\/wuf11.jpg\" alt=\"\" width=\"1886\" height=\"738\" srcset=\"https:\/\/www.right2city.org\/wp-content\/uploads\/2022\/02\/wuf11.jpg 1886w, https:\/\/www.right2city.org\/wp-content\/uploads\/2022\/02\/wuf11-1280x501.jpg 1280w, https:\/\/www.right2city.org\/wp-content\/uploads\/2022\/02\/wuf11-980x383.jpg 980w, https:\/\/www.right2city.org\/wp-content\/uploads\/2022\/02\/wuf11-480x188.jpg 480w\" sizes=\"(min-width: 0px) and (max-width: 480px) 480px, (min-width: 481px) and (max-width: 980px) 980px, (min-width: 981px) and (max-width: 1280px) 1280px, (min-width: 1281px) 1886px, 100vw\" \/><\/p>\n<p>Le <a href=\"https:\/\/wuf.unhabitat.org\/\">Forum Urbain Mondial<\/a> (FUM) est la premi\u00e8re conf\u00e9rence mondiale sur l&rsquo;urbanisation durable. Il rassemble un large \u00e9ventail de participants du monde entier pour discuter des principaux d\u00e9fis urbains auxquels le monde est confront\u00e9 aujourd&rsquo;hui.<\/p>\n<p>Le FUM11 se tiendra dans la <strong>ville polonaise de Katowice du 26 au 30 juin 2022<\/strong>. Il est organis\u00e9 conjointement par le minist\u00e8re polonais des Fonds de d\u00e9veloppement et de la politique r\u00e9gionale, le bureau municipal de Katowice et le Programme des Nations Unies pour les \u00e9tablissements humains (ONU-Habitat).<\/p>\n<p><span style=\"font-size: 14pt; color: #993366;\"><strong>Th\u00e8me et Infos pratiques<\/strong><\/span><\/p>\n<p>Le th\u00e8me du FUM11, <strong>Transformer nos villes pour un meilleur avenir urbain<\/strong>, permettra de mieux comprendre et de clarifier l&rsquo;avenir des villes en fonction des tendances, des d\u00e9fis et des possibilit\u00e9s actuels, et sugg\u00e9rera des fa\u00e7ons de mieux pr\u00e9parer les villes \u00e0 faire face aux pand\u00e9mies futures et \u00e0 un large \u00e9ventail d&rsquo;autres chocs.<\/p>\n<p><strong>Inscription en ligne:<\/strong> ouverte le 15 d\u00e9cembre 2021 et <strong>cl\u00f4tur\u00e9e le 22 juin 2022<\/strong>. <strong><a href=\"https:\/\/www.unevents.org\/Home\/Register\">Cliquez ici pour vous inscrire.<\/a><\/strong><\/p>\n<p><strong>Lieu<\/strong>:\u00a0 Centre international de congr\u00e8s (MCK), Plac S\u0142awika i Antalla 1 40-163 Katowice, Pologne. Vous trouverez de plus amples informations sur <a href=\"www.mckkatowice.pl\/en\/\">www.mckkatowice.pl\/en\/<\/a><\/p>\n<p><strong>Programme:<\/strong> Des renseignements complets sur les diff\u00e9rents \u00e9v\u00e9nements du FUM 11 seront disponibles sur le site Web <a href=\"www.unhabitat.org\/wuf\">www.unhabitat.org\/wuf<\/a> au d\u00e9but de juin 2022.<\/p>\n<p><strong>Inscription aux \u00e9v\u00e9nements<\/strong>: Le Forum urbain mondial proposera diff\u00e9rents \u00e9v\u00e9nements: assembl\u00e9es, dialogues, tables rondes, r\u00e9seautage, formation, projection de films. <strong>Les soumissions d&rsquo;\u00e9v\u00e9nements sont accept\u00e9es jusqu&rsquo;au 21 mars 2022<\/strong>. <strong><a href=\"https:\/\/www.unevents.org\/Home\/Register\">Cliquez ici pour vous inscrire.<\/a><\/strong><\/p>\n<p><strong><span style=\"font-size: 14pt; color: #691950;\">Participation de la PGDV<\/span><\/strong><br \/>\nLe Forum urbain mondial comportera <a href=\"https:\/\/wuf.unhabitat.org\/main-events.php\">diff\u00e9rents \u00e9v\u00e9nements<\/a>: assembl\u00e9es, dialogues, tables rondes, mise en r\u00e9seau, formation, projection de films. Comme les ann\u00e9es pr\u00e9c\u00e9dentes, le PGDV et ses membres participeront activement au forum, en r\u00e9alisant et en s&rsquo;engageant dans une s\u00e9rie d&rsquo;\u00e9v\u00e9nements et d&rsquo;activit\u00e9s. Au fur et \u00e0 mesure que le programme final sera d\u00e9voil\u00e9 dans les prochains mois, de plus amples informations seront partag\u00e9es sur l&rsquo;ensemble des \u00e9v\u00e9nements et activit\u00e9s men\u00e9s par le PGDV et ses membres.<\/p>\n<p>Compte tenu de l&rsquo;incertitude concernant la r\u00e9alisation compl\u00e8te de l&rsquo;\u00e9v\u00e9nement \u00e0 Katowice aux dates pr\u00e9vues, le PGDV sera attentif et partagera des mises \u00e0 jour concernant toute modification en termes de date finale, de lieu et de modalit\u00e9 dans laquelle le forum sera d\u00e9velopp\u00e9.<\/p>\n","protected":false},"featured_media":0,"template":"","meta":{"_acf_changed":false,"_et_pb_use_builder":"","_et_pb_old_content":"","_et_gb_content_width":"","cybocfi_hide_featured_image":""},"themes":[],"agendas_globales":[275],"class_list":["post-63842","events","type-events","status-publish","hentry","agendas_globales-fsu"],"acf":[],"yoast_head":"<!-- This site is optimized with the Yoast SEO plugin v27.4 - https:\/\/yoast.com\/product\/yoast-seo-wordpress\/ -->\n<title>Forum Urbain Mondial 11 - Right to the city<\/title>\n<meta name=\"robots\" content=\"index, follow, max-snippet:-1, max-image-preview:large, max-video-preview:-1\" \/>\n<link rel=\"canonical\" href=\"https:\/\/www.right2city.org\/fr\/events\/world-urban-forum-11\/\" \/>\n<meta property=\"og:locale\" content=\"fr_FR\" \/>\n<meta property=\"og:type\" content=\"article\" \/>\n<meta property=\"og:title\" content=\"Forum Urbain Mondial 11 - Right to the city\" \/>\n<meta property=\"og:description\" content=\"Le Forum Urbain Mondial (FUM) est la premi\u00e8re conf\u00e9rence mondiale sur l&rsquo;urbanisation durable. Il rassemble un large \u00e9ventail de participants du monde entier pour discuter des principaux d\u00e9fis urbains auxquels le monde est confront\u00e9 aujourd&rsquo;hui. Le FUM11 se tiendra dans la ville polonaise de Katowice du 26 au 30 juin 2022. Il est organis\u00e9 conjointement [&hellip;]\" \/>\n<meta property=\"og:url\" content=\"https:\/\/www.right2city.org\/fr\/events\/world-urban-forum-11\/\" \/>\n<meta property=\"og:site_name\" content=\"Right to the city\" \/>\n<meta property=\"article:modified_time\" content=\"2022-03-21T15:36:02+00:00\" \/>\n<meta property=\"og:image\" content=\"https:\/\/www.right2city.org\/wp-content\/uploads\/2022\/02\/wuf11.jpg\" \/>\n<meta name=\"twitter:card\" content=\"summary_large_image\" \/>\n<meta name=\"twitter:label1\" content=\"Dur\u00e9e de lecture estim\u00e9e\" \/>\n\t<meta name=\"twitter:data1\" content=\"2 minutes\" \/>\n<script type=\"application\/ld+json\" class=\"yoast-schema-graph\">{\"@context\":\"https:\\\/\\\/schema.org\",\"@graph\":[{\"@type\":\"WebPage\",\"@id\":\"https:\\\/\\\/www.right2city.org\\\/fr\\\/events\\\/world-urban-forum-11\\\/\",\"url\":\"https:\\\/\\\/www.right2city.org\\\/fr\\\/events\\\/world-urban-forum-11\\\/\",\"name\":\"Forum Urbain Mondial 11 - Right to the city\",\"isPartOf\":{\"@id\":\"https:\\\/\\\/www.right2city.org\\\/fr\\\/#website\"},\"primaryImageOfPage\":{\"@id\":\"https:\\\/\\\/www.right2city.org\\\/fr\\\/events\\\/world-urban-forum-11\\\/#primaryimage\"},\"image\":{\"@id\":\"https:\\\/\\\/www.right2city.org\\\/fr\\\/events\\\/world-urban-forum-11\\\/#primaryimage\"},\"thumbnailUrl\":\"https:\\\/\\\/www.right2city.org\\\/wp-content\\\/uploads\\\/2022\\\/02\\\/wuf11.jpg\",\"datePublished\":\"2022-02-02T09:39:43+00:00\",\"dateModified\":\"2022-03-21T15:36:02+00:00\",\"breadcrumb\":{\"@id\":\"https:\\\/\\\/www.right2city.org\\\/fr\\\/events\\\/world-urban-forum-11\\\/#breadcrumb\"},\"inLanguage\":\"fr-FR\",\"potentialAction\":[{\"@type\":\"ReadAction\",\"target\":[\"https:\\\/\\\/www.right2city.org\\\/fr\\\/events\\\/world-urban-forum-11\\\/\"]}]},{\"@type\":\"ImageObject\",\"inLanguage\":\"fr-FR\",\"@id\":\"https:\\\/\\\/www.right2city.org\\\/fr\\\/events\\\/world-urban-forum-11\\\/#primaryimage\",\"url\":\"https:\\\/\\\/www.right2city.org\\\/wp-content\\\/uploads\\\/2022\\\/02\\\/wuf11.jpg\",\"contentUrl\":\"https:\\\/\\\/www.right2city.org\\\/wp-content\\\/uploads\\\/2022\\\/02\\\/wuf11.jpg\"},{\"@type\":\"BreadcrumbList\",\"@id\":\"https:\\\/\\\/www.right2city.org\\\/fr\\\/events\\\/world-urban-forum-11\\\/#breadcrumb\",\"itemListElement\":[{\"@type\":\"ListItem\",\"position\":1,\"name\":\"Home\",\"item\":\"https:\\\/\\\/www.right2city.org\\\/fr\\\/\"},{\"@type\":\"ListItem\",\"position\":2,\"name\":\"Forum Urbain Mondial 11\"}]},{\"@type\":\"WebSite\",\"@id\":\"https:\\\/\\\/www.right2city.org\\\/fr\\\/#website\",\"url\":\"https:\\\/\\\/www.right2city.org\\\/fr\\\/\",\"name\":\"Right to the city\",\"description\":\"Global Platform for the Right to the City\",\"potentialAction\":[{\"@type\":\"SearchAction\",\"target\":{\"@type\":\"EntryPoint\",\"urlTemplate\":\"https:\\\/\\\/www.right2city.org\\\/fr\\\/?s={search_term_string}\"},\"query-input\":{\"@type\":\"PropertyValueSpecification\",\"valueRequired\":true,\"valueName\":\"search_term_string\"}}],\"inLanguage\":\"fr-FR\"}]}<\/script>\n<!-- \/ Yoast SEO plugin. -->","yoast_head_json":{"title":"Forum Urbain Mondial 11 - Right to the city","robots":{"index":"index","follow":"follow","max-snippet":"max-snippet:-1","max-image-preview":"max-image-preview:large","max-video-preview":"max-video-preview:-1"},"canonical":"https:\/\/www.right2city.org\/fr\/events\/world-urban-forum-11\/","og_locale":"fr_FR","og_type":"article","og_title":"Forum Urbain Mondial 11 - Right to the city","og_description":"Le Forum Urbain Mondial (FUM) est la premi\u00e8re conf\u00e9rence mondiale sur l&rsquo;urbanisation durable. Il rassemble un large \u00e9ventail de participants du monde entier pour discuter des principaux d\u00e9fis urbains auxquels le monde est confront\u00e9 aujourd&rsquo;hui. Le FUM11 se tiendra dans la ville polonaise de Katowice du 26 au 30 juin 2022. Il est organis\u00e9 conjointement [&hellip;]","og_url":"https:\/\/www.right2city.org\/fr\/events\/world-urban-forum-11\/","og_site_name":"Right to the city","article_modified_time":"2022-03-21T15:36:02+00:00","og_image":[{"url":"https:\/\/www.right2city.org\/wp-content\/uploads\/2022\/02\/wuf11.jpg","type":"","width":"","height":""}],"twitter_card":"summary_large_image","twitter_misc":{"Dur\u00e9e de lecture estim\u00e9e":"2 minutes"},"schema":{"@context":"https:\/\/schema.org","@graph":[{"@type":"WebPage","@id":"https:\/\/www.right2city.org\/fr\/events\/world-urban-forum-11\/","url":"https:\/\/www.right2city.org\/fr\/events\/world-urban-forum-11\/","name":"Forum Urbain Mondial 11 - Right to the city","isPartOf":{"@id":"https:\/\/www.right2city.org\/fr\/#website"},"primaryImageOfPage":{"@id":"https:\/\/www.right2city.org\/fr\/events\/world-urban-forum-11\/#primaryimage"},"image":{"@id":"https:\/\/www.right2city.org\/fr\/events\/world-urban-forum-11\/#primaryimage"},"thumbnailUrl":"https:\/\/www.right2city.org\/wp-content\/uploads\/2022\/02\/wuf11.jpg","datePublished":"2022-02-02T09:39:43+00:00","dateModified":"2022-03-21T15:36:02+00:00","breadcrumb":{"@id":"https:\/\/www.right2city.org\/fr\/events\/world-urban-forum-11\/#breadcrumb"},"inLanguage":"fr-FR","potentialAction":[{"@type":"ReadAction","target":["https:\/\/www.right2city.org\/fr\/events\/world-urban-forum-11\/"]}]},{"@type":"ImageObject","inLanguage":"fr-FR","@id":"https:\/\/www.right2city.org\/fr\/events\/world-urban-forum-11\/#primaryimage","url":"https:\/\/www.right2city.org\/wp-content\/uploads\/2022\/02\/wuf11.jpg","contentUrl":"https:\/\/www.right2city.org\/wp-content\/uploads\/2022\/02\/wuf11.jpg"},{"@type":"BreadcrumbList","@id":"https:\/\/www.right2city.org\/fr\/events\/world-urban-forum-11\/#breadcrumb","itemListElement":[{"@type":"ListItem","position":1,"name":"Home","item":"https:\/\/www.right2city.org\/fr\/"},{"@type":"ListItem","position":2,"name":"Forum Urbain Mondial 11"}]},{"@type":"WebSite","@id":"https:\/\/www.right2city.org\/fr\/#website","url":"https:\/\/www.right2city.org\/fr\/","name":"Right to the city","description":"Global Platform for the Right to the City","potentialAction":[{"@type":"SearchAction","target":{"@type":"EntryPoint","urlTemplate":"https:\/\/www.right2city.org\/fr\/?s={search_term_string}"},"query-input":{"@type":"PropertyValueSpecification","valueRequired":true,"valueName":"search_term_string"}}],"inLanguage":"fr-FR"}]}},"_links":{"self":[{"href":"https:\/\/www.right2city.org\/fr\/wp-json\/wp\/v2\/events\/63842","targetHints":{"allow":["GET"]}}],"collection":[{"href":"https:\/\/www.right2city.org\/fr\/wp-json\/wp\/v2\/events"}],"about":[{"href":"https:\/\/www.right2city.org\/fr\/wp-json\/wp\/v2\/types\/events"}],"wp:attachment":[{"href":"https:\/\/www.right2city.org\/fr\/wp-json\/wp\/v2\/media?parent=63842"}],"wp:term":[{"taxonomy":"themes","embeddable":true,"href":"https:\/\/www.right2city.org\/fr\/wp-json\/wp\/v2\/themes?post=63842"},{"taxonomy":"agendas_globales","embeddable":true,"href":"https:\/\/www.right2city.org\/fr\/wp-json\/wp\/v2\/agendas_globales?post=63842"}],"curies":[{"name":"wp","href":"https:\/\/api.w.org\/{rel}","templated":true}]}}

<p><img loading="lazy" decoding="async" class="alignnone size-full wp-image-63835" src="https://www.right2city.org/wp-content/uploads/2022/02/wuf11.jpg" alt="" width="1886" height="738" srcset="https://www.right2city.org/wp-content/uploads/2022/02/wuf11.jpg 1886w, https://www.right2city.org/wp-content/uploads/2022/02/wuf11-1280x501.jpg 1280w, https://www.right2city.org/wp-content/uploads/2022/02/wuf11-980x383.jpg 980w, https://www.right2city.org/wp-content/uploads/2022/02/wuf11-480x188.jpg 480w" sizes="(min-width: 0px) and (max-width: 480px) 480px, (min-width: 481px) and (max-width: 980px) 980px, (min-width: 981px) and (max-width: 1280px) 1280px, (min-width: 1281px) 1886px, 100vw" /></p>
<p>Le <a href="https://wuf.unhabitat.org/">Forum Urbain Mondial</a> (FUM) est la première conférence mondiale sur l&rsquo;urbanisation durable. Il rassemble un large éventail de participants du monde entier pour discuter des principaux défis urbains auxquels le monde est confronté aujourd&rsquo;hui.</p>
<p>Le FUM11 se tiendra dans la <strong>ville polonaise de Katowice du 26 au 30 juin 2022</strong>. Il est organisé conjointement par le ministère polonais des Fonds de développement et de la politique régionale, le bureau municipal de Katowice et le Programme des Nations Unies pour les établissements humains (ONU-Habitat).</p>
<p><span style="font-size: 14pt; color: #993366;"><strong>Thème et Infos pratiques</strong></span></p>
<p>Le thème du FUM11, <strong>Transformer nos villes pour un meilleur avenir urbain</strong>, permettra de mieux comprendre et de clarifier l&rsquo;avenir des villes en fonction des tendances, des défis et des possibilités actuels, et suggérera des façons de mieux préparer les villes à faire face aux pandémies futures et à un large éventail d&rsquo;autres chocs.</p>
<p><strong>Inscription en ligne:</strong> ouverte le 15 décembre 2021 et <strong>clôturée le 22 juin 2022</strong>. <strong><a href="https://www.unevents.org/Home/Register">Cliquez ici pour vous inscrire.</a></strong></p>
<p><strong>Lieu</strong>:  Centre international de congrès (MCK), Plac Sławika i Antalla 1 40-163 Katowice, Pologne. Vous trouverez de plus amples informations sur <a href="www.mckkatowice.pl/en/">www.mckkatowice.pl/en/</a></p>
<p><strong>Programme:</strong> Des renseignements complets sur les différents événements du FUM 11 seront disponibles sur le site Web <a href="www.unhabitat.org/wuf">www.unhabitat.org/wuf</a> au début de juin 2022.</p>
<p><strong>Inscription aux événements</strong>: Le Forum urbain mondial proposera différents événements: assemblées, dialogues, tables rondes, réseautage, formation, projection de films. <strong>Les soumissions d&rsquo;événements sont acceptées jusqu&rsquo;au 21 mars 2022</strong>. <strong><a href="https://www.unevents.org/Home/Register">Cliquez ici pour vous inscrire.</a></strong></p>
<p><strong><span style="font-size: 14pt; color: #691950;">Participation de la PGDV</span></strong><br />
Le Forum urbain mondial comportera <a href="https://wuf.unhabitat.org/main-events.php">différents événements</a>: assemblées, dialogues, tables rondes, mise en réseau, formation, projection de films. Comme les années précédentes, le PGDV et ses membres participeront activement au forum, en réalisant et en s&rsquo;engageant dans une série d&rsquo;événements et d&rsquo;activités. Au fur et à mesure que le programme final sera dévoilé dans les prochains mois, de plus amples informations seront partagées sur l&rsquo;ensemble des événements et activités menés par le PGDV et ses membres.</p>
<p>Compte tenu de l&rsquo;incertitude concernant la réalisation complète de l&rsquo;événement à Katowice aux dates prévues, le PGDV sera attentif et partagera des mises à jour concernant toute modification en termes de date finale, de lieu et de modalité dans laquelle le forum sera développé.</p>

<!-- This site is optimized with the Yoast SEO plugin v27.4 - https://yoast.com/product/yoast-seo-wordpress/ -->
<title>Forum Urbain Mondial 11 - Right to the city</title>
<meta name="robots" content="index, follow, max-snippet:-1, max-image-preview:large, max-video-preview:-1" />
<link rel="canonical" href="https://www.right2city.org/fr/events/world-urban-forum-11/" />
<meta property="og:locale" content="fr_FR" />
<meta property="og:type" content="article" />
<meta property="og:title" content="Forum Urbain Mondial 11 - Right to the city" />
<meta property="og:description" content="Le Forum Urbain Mondial (FUM) est la première conférence mondiale sur l&rsquo;urbanisation durable. Il rassemble un large éventail de participants du monde entier pour discuter des principaux défis urbains auxquels le monde est confronté aujourd&rsquo;hui. Le FUM11 se tiendra dans la ville polonaise de Katowice du 26 au 30 juin 2022. Il est organisé conjointement [&hellip;]" />
<meta property="og:url" content="https://www.right2city.org/fr/events/world-urban-forum-11/" />
<meta property="og:site_name" content="Right to the city" />
<meta property="article:modified_time" content="2022-03-21T15:36:02+00:00" />
<meta property="og:image" content="https://www.right2city.org/wp-content/uploads/2022/02/wuf11.jpg" />
<meta name="twitter:card" content="summary_large_image" />
<meta name="twitter:label1" content="Durée de lecture estimée" />
	<meta name="twitter:data1" content="2 minutes" />
<script type="application/ld+json" class="yoast-schema-graph">{"@context":"https:\/\/schema.org","@graph":[{"@type":"WebPage","@id":"https:\/\/www.right2city.org\/fr\/events\/world-urban-forum-11\/","url":"https:\/\/www.right2city.org\/fr\/events\/world-urban-forum-11\/","name":"Forum Urbain Mondial 11 - Right to the city","isPartOf":{"@id":"https:\/\/www.right2city.org\/fr\/#website"},"primaryImageOfPage":{"@id":"https:\/\/www.right2city.org\/fr\/events\/world-urban-forum-11\/#primaryimage"},"image":{"@id":"https:\/\/www.right2city.org\/fr\/events\/world-urban-forum-11\/#primaryimage"},"thumbnailUrl":"https:\/\/www.right2city.org\/wp-content\/uploads\/2022\/02\/wuf11.jpg","datePublished":"2022-02-02T09:39:43+00:00","dateModified":"2022-03-21T15:36:02+00:00","breadcrumb":{"@id":"https:\/\/www.right2city.org\/fr\/events\/world-urban-forum-11\/#breadcrumb"},"inLanguage":"fr-FR","potentialAction":[{"@type":"ReadAction","target":["https:\/\/www.right2city.org\/fr\/events\/world-urban-forum-11\/"]}]},{"@type":"ImageObject","inLanguage":"fr-FR","@id":"https:\/\/www.right2city.org\/fr\/events\/world-urban-forum-11\/#primaryimage","url":"https:\/\/www.right2city.org\/wp-content\/uploads\/2022\/02\/wuf11.jpg","contentUrl":"https:\/\/www.right2city.org\/wp-content\/uploads\/2022\/02\/wuf11.jpg"},{"@type":"BreadcrumbList","@id":"https:\/\/www.right2city.org\/fr\/events\/world-urban-forum-11\/#breadcrumb","itemListElement":[{"@type":"ListItem","position":1,"name":"Home","item":"https:\/\/www.right2city.org\/fr\/"},{"@type":"ListItem","position":2,"name":"Forum Urbain Mondial 11"}]},{"@type":"WebSite","@id":"https:\/\/www.right2city.org\/fr\/#website","url":"https:\/\/www.right2city.org\/fr\/","name":"Right to the city","description":"Global Platform for the Right to the City","potentialAction":[{"@type":"SearchAction","target":{"@type":"EntryPoint","urlTemplate":"https:\/\/www.right2city.org\/fr\/?s={search_term_string}"},"query-input":{"@type":"PropertyValueSpecification","valueRequired":true,"valueName":"search_term_string"}}],"inLanguage":"fr-FR"}]}</script>
<!-- / Yoast SEO plugin. -->

Le Forum Urbain Mondial (FUM) est la première conférence mondiale sur l&rsquo;urbanisation durable. Il rassemble un large éventail de participants du monde entier pour discuter des principaux défis urbains auxquels le monde est confronté aujourd&rsquo;hui. Le FUM11 se tiendra dans la ville polonaise de Katowice du 26 au 30 juin 2022. Il est organisé conjointement [&hellip;]
