{"id":64574,"date":"2022-03-21T14:44:54","date_gmt":"2022-03-21T12:44:54","guid":{"rendered":"https:\/\/www.right2city.org\/events\/64572\/"},"modified":"2022-03-24T12:27:33","modified_gmt":"2022-03-24T10:27:33","slug":"forum-social-mondial-2022","status":"publish","type":"events","link":"https:\/\/www.right2city.org\/fr\/events\/forum-social-mondial-2022\/","title":{"rendered":"Forum Social Mondial 2022"},"content":{"rendered":"<p><img loading=\"lazy\" decoding=\"async\" class=\"aligncenter size-full wp-image-64570\" src=\"https:\/\/www.right2city.org\/wp-content\/uploads\/2022\/03\/wsf2022_logo_813-x-420_EN.png\" alt=\"\" width=\"813\" height=\"420\" srcset=\"https:\/\/www.right2city.org\/wp-content\/uploads\/2022\/03\/wsf2022_logo_813-x-420_EN.png 813w, https:\/\/www.right2city.org\/wp-content\/uploads\/2022\/03\/wsf2022_logo_813-x-420_EN-480x248.png 480w\" sizes=\"(min-width: 0px) and (max-width: 480px) 480px, (min-width: 481px) 813px, 100vw\" \/><\/p>\n<p><strong>Le <a href=\"https:\/\/join.wsforum.net\/?q=fr\">Forum Social Mondial<\/a> (FSM) se tiendra du 1er au 6 mai 2022 \u00e0 Mexico.<\/strong><\/p>\n<p>Le FSM est un espace ouvert &#8211; pluriel, diversifi\u00e9, non gouvernemental et non partisan &#8211; qui stimule le d\u00e9bat d\u00e9centralis\u00e9, la r\u00e9flexion, la construction de propositions, l&rsquo;\u00e9change d&rsquo;exp\u00e9riences et les alliances entre mouvements et organisations engag\u00e9s dans des actions concr\u00e8tes pour un monde plus solidaire, d\u00e9mocratique et juste.<\/p>\n<p>Plus d&rsquo;informations sur les activit\u00e9s de la PGDV pendant le FSM 2022 seront bient\u00f4t disponibles.<\/p>\n<p>Vous pouvez inscrire vos organisations, vos activit\u00e9s, ou des initiatives qui feront partie du FSM 2022<a href=\"https:\/\/join.wsforum.net\/?locale=fr\"> ici.<\/a><\/p>\n<p><strong>\u00a0<\/strong><\/p>\n","protected":false},"featured_media":64570,"template":"","meta":{"_acf_changed":false,"_et_pb_use_builder":"","_et_pb_old_content":"","_et_gb_content_width":"","cybocfi_hide_featured_image":""},"themes":[],"agendas_globales":[273],"class_list":["post-64574","events","type-events","status-publish","has-post-thumbnail","hentry","agendas_globales-forum-social-urbain"],"acf":[],"yoast_head":"<!-- This site is optimized with the Yoast SEO plugin v27.5 - https:\/\/yoast.com\/product\/yoast-seo-wordpress\/ -->\n<title>Forum Social Mondial 2022 - Right to the city<\/title>\n<meta name=\"robots\" content=\"index, follow, max-snippet:-1, max-image-preview:large, max-video-preview:-1\" \/>\n<link rel=\"canonical\" href=\"https:\/\/www.right2city.org\/fr\/events\/forum-social-mondial-2022\/\" \/>\n<meta property=\"og:locale\" content=\"fr_FR\" \/>\n<meta property=\"og:type\" content=\"article\" \/>\n<meta property=\"og:title\" content=\"Forum Social Mondial 2022 - Right to the city\" \/>\n<meta property=\"og:description\" content=\"Le Forum Social Mondial (FSM) se tiendra du 1er au 6 mai 2022 \u00e0 Mexico. Le FSM est un espace ouvert &#8211; pluriel, diversifi\u00e9, non gouvernemental et non partisan &#8211; qui stimule le d\u00e9bat d\u00e9centralis\u00e9, la r\u00e9flexion, la construction de propositions, l&rsquo;\u00e9change d&rsquo;exp\u00e9riences et les alliances entre mouvements et organisations engag\u00e9s dans des actions concr\u00e8tes [&hellip;]\" \/>\n<meta property=\"og:url\" content=\"https:\/\/www.right2city.org\/fr\/events\/forum-social-mondial-2022\/\" \/>\n<meta property=\"og:site_name\" content=\"Right to the city\" \/>\n<meta property=\"article:modified_time\" content=\"2022-03-24T10:27:33+00:00\" \/>\n<meta property=\"og:image\" content=\"https:\/\/www.right2city.org\/wp-content\/uploads\/2022\/03\/wsf2022_logo_813-x-420_EN.png\" \/>\n\t<meta property=\"og:image:width\" content=\"813\" \/>\n\t<meta property=\"og:image:height\" content=\"420\" \/>\n\t<meta property=\"og:image:type\" content=\"image\/png\" \/>\n<meta name=\"twitter:card\" content=\"summary_large_image\" \/>\n<meta name=\"twitter:label1\" content=\"Dur\u00e9e de lecture estim\u00e9e\" \/>\n\t<meta name=\"twitter:data1\" content=\"1 minute\" \/>\n<script type=\"application\/ld+json\" class=\"yoast-schema-graph\">{\"@context\":\"https:\\\/\\\/schema.org\",\"@graph\":[{\"@type\":\"WebPage\",\"@id\":\"https:\\\/\\\/www.right2city.org\\\/fr\\\/events\\\/forum-social-mondial-2022\\\/\",\"url\":\"https:\\\/\\\/www.right2city.org\\\/fr\\\/events\\\/forum-social-mondial-2022\\\/\",\"name\":\"Forum Social Mondial 2022 - Right to the city\",\"isPartOf\":{\"@id\":\"https:\\\/\\\/www.right2city.org\\\/fr\\\/#website\"},\"primaryImageOfPage\":{\"@id\":\"https:\\\/\\\/www.right2city.org\\\/fr\\\/events\\\/forum-social-mondial-2022\\\/#primaryimage\"},\"image\":{\"@id\":\"https:\\\/\\\/www.right2city.org\\\/fr\\\/events\\\/forum-social-mondial-2022\\\/#primaryimage\"},\"thumbnailUrl\":\"https:\\\/\\\/www.right2city.org\\\/wp-content\\\/uploads\\\/2022\\\/03\\\/wsf2022_logo_813-x-420_EN.png\",\"datePublished\":\"2022-03-21T12:44:54+00:00\",\"dateModified\":\"2022-03-24T10:27:33+00:00\",\"breadcrumb\":{\"@id\":\"https:\\\/\\\/www.right2city.org\\\/fr\\\/events\\\/forum-social-mondial-2022\\\/#breadcrumb\"},\"inLanguage\":\"fr-FR\",\"potentialAction\":[{\"@type\":\"ReadAction\",\"target\":[\"https:\\\/\\\/www.right2city.org\\\/fr\\\/events\\\/forum-social-mondial-2022\\\/\"]}]},{\"@type\":\"ImageObject\",\"inLanguage\":\"fr-FR\",\"@id\":\"https:\\\/\\\/www.right2city.org\\\/fr\\\/events\\\/forum-social-mondial-2022\\\/#primaryimage\",\"url\":\"https:\\\/\\\/www.right2city.org\\\/wp-content\\\/uploads\\\/2022\\\/03\\\/wsf2022_logo_813-x-420_EN.png\",\"contentUrl\":\"https:\\\/\\\/www.right2city.org\\\/wp-content\\\/uploads\\\/2022\\\/03\\\/wsf2022_logo_813-x-420_EN.png\",\"width\":813,\"height\":420},{\"@type\":\"BreadcrumbList\",\"@id\":\"https:\\\/\\\/www.right2city.org\\\/fr\\\/events\\\/forum-social-mondial-2022\\\/#breadcrumb\",\"itemListElement\":[{\"@type\":\"ListItem\",\"position\":1,\"name\":\"Home\",\"item\":\"https:\\\/\\\/www.right2city.org\\\/fr\\\/\"},{\"@type\":\"ListItem\",\"position\":2,\"name\":\"Forum Social Mondial 2022\"}]},{\"@type\":\"WebSite\",\"@id\":\"https:\\\/\\\/www.right2city.org\\\/fr\\\/#website\",\"url\":\"https:\\\/\\\/www.right2city.org\\\/fr\\\/\",\"name\":\"Right to the city\",\"description\":\"Global Platform for the Right to the City\",\"potentialAction\":[{\"@type\":\"SearchAction\",\"target\":{\"@type\":\"EntryPoint\",\"urlTemplate\":\"https:\\\/\\\/www.right2city.org\\\/fr\\\/?s={search_term_string}\"},\"query-input\":{\"@type\":\"PropertyValueSpecification\",\"valueRequired\":true,\"valueName\":\"search_term_string\"}}],\"inLanguage\":\"fr-FR\"}]}<\/script>\n<!-- \/ Yoast SEO plugin. -->","yoast_head_json":{"title":"Forum Social Mondial 2022 - Right to the city","robots":{"index":"index","follow":"follow","max-snippet":"max-snippet:-1","max-image-preview":"max-image-preview:large","max-video-preview":"max-video-preview:-1"},"canonical":"https:\/\/www.right2city.org\/fr\/events\/forum-social-mondial-2022\/","og_locale":"fr_FR","og_type":"article","og_title":"Forum Social Mondial 2022 - Right to the city","og_description":"Le Forum Social Mondial (FSM) se tiendra du 1er au 6 mai 2022 \u00e0 Mexico. Le FSM est un espace ouvert &#8211; pluriel, diversifi\u00e9, non gouvernemental et non partisan &#8211; qui stimule le d\u00e9bat d\u00e9centralis\u00e9, la r\u00e9flexion, la construction de propositions, l&rsquo;\u00e9change d&rsquo;exp\u00e9riences et les alliances entre mouvements et organisations engag\u00e9s dans des actions concr\u00e8tes [&hellip;]","og_url":"https:\/\/www.right2city.org\/fr\/events\/forum-social-mondial-2022\/","og_site_name":"Right to the city","article_modified_time":"2022-03-24T10:27:33+00:00","og_image":[{"width":813,"height":420,"url":"https:\/\/www.right2city.org\/wp-content\/uploads\/2022\/03\/wsf2022_logo_813-x-420_EN.png","type":"image\/png"}],"twitter_card":"summary_large_image","twitter_misc":{"Dur\u00e9e de lecture estim\u00e9e":"1 minute"},"schema":{"@context":"https:\/\/schema.org","@graph":[{"@type":"WebPage","@id":"https:\/\/www.right2city.org\/fr\/events\/forum-social-mondial-2022\/","url":"https:\/\/www.right2city.org\/fr\/events\/forum-social-mondial-2022\/","name":"Forum Social Mondial 2022 - Right to the city","isPartOf":{"@id":"https:\/\/www.right2city.org\/fr\/#website"},"primaryImageOfPage":{"@id":"https:\/\/www.right2city.org\/fr\/events\/forum-social-mondial-2022\/#primaryimage"},"image":{"@id":"https:\/\/www.right2city.org\/fr\/events\/forum-social-mondial-2022\/#primaryimage"},"thumbnailUrl":"https:\/\/www.right2city.org\/wp-content\/uploads\/2022\/03\/wsf2022_logo_813-x-420_EN.png","datePublished":"2022-03-21T12:44:54+00:00","dateModified":"2022-03-24T10:27:33+00:00","breadcrumb":{"@id":"https:\/\/www.right2city.org\/fr\/events\/forum-social-mondial-2022\/#breadcrumb"},"inLanguage":"fr-FR","potentialAction":[{"@type":"ReadAction","target":["https:\/\/www.right2city.org\/fr\/events\/forum-social-mondial-2022\/"]}]},{"@type":"ImageObject","inLanguage":"fr-FR","@id":"https:\/\/www.right2city.org\/fr\/events\/forum-social-mondial-2022\/#primaryimage","url":"https:\/\/www.right2city.org\/wp-content\/uploads\/2022\/03\/wsf2022_logo_813-x-420_EN.png","contentUrl":"https:\/\/www.right2city.org\/wp-content\/uploads\/2022\/03\/wsf2022_logo_813-x-420_EN.png","width":813,"height":420},{"@type":"BreadcrumbList","@id":"https:\/\/www.right2city.org\/fr\/events\/forum-social-mondial-2022\/#breadcrumb","itemListElement":[{"@type":"ListItem","position":1,"name":"Home","item":"https:\/\/www.right2city.org\/fr\/"},{"@type":"ListItem","position":2,"name":"Forum Social Mondial 2022"}]},{"@type":"WebSite","@id":"https:\/\/www.right2city.org\/fr\/#website","url":"https:\/\/www.right2city.org\/fr\/","name":"Right to the city","description":"Global Platform for the Right to the City","potentialAction":[{"@type":"SearchAction","target":{"@type":"EntryPoint","urlTemplate":"https:\/\/www.right2city.org\/fr\/?s={search_term_string}"},"query-input":{"@type":"PropertyValueSpecification","valueRequired":true,"valueName":"search_term_string"}}],"inLanguage":"fr-FR"}]}},"_links":{"self":[{"href":"https:\/\/www.right2city.org\/fr\/wp-json\/wp\/v2\/events\/64574","targetHints":{"allow":["GET"]}}],"collection":[{"href":"https:\/\/www.right2city.org\/fr\/wp-json\/wp\/v2\/events"}],"about":[{"href":"https:\/\/www.right2city.org\/fr\/wp-json\/wp\/v2\/types\/events"}],"wp:featuredmedia":[{"embeddable":true,"href":"https:\/\/www.right2city.org\/fr\/wp-json\/wp\/v2\/media\/64570"}],"wp:attachment":[{"href":"https:\/\/www.right2city.org\/fr\/wp-json\/wp\/v2\/media?parent=64574"}],"wp:term":[{"taxonomy":"themes","embeddable":true,"href":"https:\/\/www.right2city.org\/fr\/wp-json\/wp\/v2\/themes?post=64574"},{"taxonomy":"agendas_globales","embeddable":true,"href":"https:\/\/www.right2city.org\/fr\/wp-json\/wp\/v2\/agendas_globales?post=64574"}],"curies":[{"name":"wp","href":"https:\/\/api.w.org\/{rel}","templated":true}]}}

<p><img loading="lazy" decoding="async" class="aligncenter size-full wp-image-64570" src="https://www.right2city.org/wp-content/uploads/2022/03/wsf2022_logo_813-x-420_EN.png" alt="" width="813" height="420" srcset="https://www.right2city.org/wp-content/uploads/2022/03/wsf2022_logo_813-x-420_EN.png 813w, https://www.right2city.org/wp-content/uploads/2022/03/wsf2022_logo_813-x-420_EN-480x248.png 480w" sizes="(min-width: 0px) and (max-width: 480px) 480px, (min-width: 481px) 813px, 100vw" /></p>
<p><strong>Le <a href="https://join.wsforum.net/?q=fr">Forum Social Mondial</a> (FSM) se tiendra du 1er au 6 mai 2022 à Mexico.</strong></p>
<p>Le FSM est un espace ouvert &#8211; pluriel, diversifié, non gouvernemental et non partisan &#8211; qui stimule le débat décentralisé, la réflexion, la construction de propositions, l&rsquo;échange d&rsquo;expériences et les alliances entre mouvements et organisations engagés dans des actions concrètes pour un monde plus solidaire, démocratique et juste.</p>
<p>Plus d&rsquo;informations sur les activités de la PGDV pendant le FSM 2022 seront bientôt disponibles.</p>
<p>Vous pouvez inscrire vos organisations, vos activités, ou des initiatives qui feront partie du FSM 2022<a href="https://join.wsforum.net/?locale=fr"> ici.</a></p>
<p><strong> </strong></p>

<!-- This site is optimized with the Yoast SEO plugin v27.5 - https://yoast.com/product/yoast-seo-wordpress/ -->
<title>Forum Social Mondial 2022 - Right to the city</title>
<meta name="robots" content="index, follow, max-snippet:-1, max-image-preview:large, max-video-preview:-1" />
<link rel="canonical" href="https://www.right2city.org/fr/events/forum-social-mondial-2022/" />
<meta property="og:locale" content="fr_FR" />
<meta property="og:type" content="article" />
<meta property="og:title" content="Forum Social Mondial 2022 - Right to the city" />
<meta property="og:description" content="Le Forum Social Mondial (FSM) se tiendra du 1er au 6 mai 2022 à Mexico. Le FSM est un espace ouvert &#8211; pluriel, diversifié, non gouvernemental et non partisan &#8211; qui stimule le débat décentralisé, la réflexion, la construction de propositions, l&rsquo;échange d&rsquo;expériences et les alliances entre mouvements et organisations engagés dans des actions concrètes [&hellip;]" />
<meta property="og:url" content="https://www.right2city.org/fr/events/forum-social-mondial-2022/" />
<meta property="og:site_name" content="Right to the city" />
<meta property="article:modified_time" content="2022-03-24T10:27:33+00:00" />
<meta property="og:image" content="https://www.right2city.org/wp-content/uploads/2022/03/wsf2022_logo_813-x-420_EN.png" />
	<meta property="og:image:width" content="813" />
	<meta property="og:image:height" content="420" />
	<meta property="og:image:type" content="image/png" />
<meta name="twitter:card" content="summary_large_image" />
<meta name="twitter:label1" content="Durée de lecture estimée" />
	<meta name="twitter:data1" content="1 minute" />
<script type="application/ld+json" class="yoast-schema-graph">{"@context":"https:\/\/schema.org","@graph":[{"@type":"WebPage","@id":"https:\/\/www.right2city.org\/fr\/events\/forum-social-mondial-2022\/","url":"https:\/\/www.right2city.org\/fr\/events\/forum-social-mondial-2022\/","name":"Forum Social Mondial 2022 - Right to the city","isPartOf":{"@id":"https:\/\/www.right2city.org\/fr\/#website"},"primaryImageOfPage":{"@id":"https:\/\/www.right2city.org\/fr\/events\/forum-social-mondial-2022\/#primaryimage"},"image":{"@id":"https:\/\/www.right2city.org\/fr\/events\/forum-social-mondial-2022\/#primaryimage"},"thumbnailUrl":"https:\/\/www.right2city.org\/wp-content\/uploads\/2022\/03\/wsf2022_logo_813-x-420_EN.png","datePublished":"2022-03-21T12:44:54+00:00","dateModified":"2022-03-24T10:27:33+00:00","breadcrumb":{"@id":"https:\/\/www.right2city.org\/fr\/events\/forum-social-mondial-2022\/#breadcrumb"},"inLanguage":"fr-FR","potentialAction":[{"@type":"ReadAction","target":["https:\/\/www.right2city.org\/fr\/events\/forum-social-mondial-2022\/"]}]},{"@type":"ImageObject","inLanguage":"fr-FR","@id":"https:\/\/www.right2city.org\/fr\/events\/forum-social-mondial-2022\/#primaryimage","url":"https:\/\/www.right2city.org\/wp-content\/uploads\/2022\/03\/wsf2022_logo_813-x-420_EN.png","contentUrl":"https:\/\/www.right2city.org\/wp-content\/uploads\/2022\/03\/wsf2022_logo_813-x-420_EN.png","width":813,"height":420},{"@type":"BreadcrumbList","@id":"https:\/\/www.right2city.org\/fr\/events\/forum-social-mondial-2022\/#breadcrumb","itemListElement":[{"@type":"ListItem","position":1,"name":"Home","item":"https:\/\/www.right2city.org\/fr\/"},{"@type":"ListItem","position":2,"name":"Forum Social Mondial 2022"}]},{"@type":"WebSite","@id":"https:\/\/www.right2city.org\/fr\/#website","url":"https:\/\/www.right2city.org\/fr\/","name":"Right to the city","description":"Global Platform for the Right to the City","potentialAction":[{"@type":"SearchAction","target":{"@type":"EntryPoint","urlTemplate":"https:\/\/www.right2city.org\/fr\/?s={search_term_string}"},"query-input":{"@type":"PropertyValueSpecification","valueRequired":true,"valueName":"search_term_string"}}],"inLanguage":"fr-FR"}]}</script>
<!-- / Yoast SEO plugin. -->

Le Forum Social Mondial (FSM) se tiendra du 1er au 6 mai 2022 à Mexico. Le FSM est un espace ouvert &#8211; pluriel, diversifié, non gouvernemental et non partisan &#8211; qui stimule le débat décentralisé, la réflexion, la construction de propositions, l&rsquo;échange d&rsquo;expériences et les alliances entre mouvements et organisations engagés dans des actions concrètes [&hellip;]
