{"id":53758,"date":"2019-10-02T11:00:04","date_gmt":"2019-10-02T09:00:04","guid":{"rendered":"https:\/\/www.right2city.org\/organizations\/aucm\/"},"modified":"2020-03-04T17:50:57","modified_gmt":"2020-03-04T15:50:57","slug":"aucm","status":"publish","type":"organizations","link":"https:\/\/www.right2city.org\/fr\/organizations\/aucm\/","title":{"rendered":"AUCM"},"content":{"rendered":"<p><img loading=\"lazy\" decoding=\"async\" class=\"wp-image-53731 size-medium alignnone\" src=\"https:\/\/www.right2city.org\/wp-content\/uploads\/2019\/10\/71310246_960987410919847_671565003412733952_o-300x300.jpg\" alt=\"\" width=\"300\" height=\"300\" \/><\/p>\n<p><strong>Description:\u00a0<\/strong>L&rsquo;Asamblea de Unidad Cantonal de Montufar (AUCM) est une organization de la soci\u00e9t\u00e9 civile qui encourage la participation active des citoyens dans la sph\u00e8re publique<\/p>\n<p><strong>Mission:<\/strong> \u00catre un canton mod\u00e8le dans la promotion de la participation active des citoyens aux affaires publiques pour un impact permanent sur la prise de d\u00e9cision en fonction des besoins locaux<\/p>\n<p><strong>Port\u00e9e: <\/strong>Locale<\/p>\n<p><strong>Composantes du Droit \u00e0 la Ville:<\/strong><\/p>\n<ul>\n<li>1. Non-discrimination<\/li>\n<li>2. \u00e9galite des sexes<\/li>\n<li>4. Participation politique<\/li>\n<li>5. Fonctions sociales remplies<\/li>\n<li>6. Espaces et services publics de qualit\u00e9<\/li>\n<li>7. \u00c9conomies diversifi\u00e9es et inclusives<\/li>\n<li>8. Villes durables avec des liens inclusifs entre les zones rurales et urbaines<\/li>\n<li><\/li>\n<\/ul>\n<p><strong>Groupes de travail:<\/strong><\/p>\n<ul>\n<li>Plaidoyer<\/li>\n<li>Recherche et formation<\/li>\n<li>Communication<\/li>\n<li>R\u00e9gional<\/li>\n<\/ul>\n<p><strong>Site web: <\/strong>asambleamontufar.org<\/p>\n<p><strong>Facebook: <\/strong>@asambleamontufa<\/p>\n<p><strong>Twitter: <\/strong>@asambleamontufa<\/p>\n<p><strong>Instagram: <\/strong>asambleamontufar<\/p>\n<p>&nbsp;<\/p>\n","protected":false},"featured_media":53733,"template":"","meta":{"_acf_changed":false,"_et_pb_use_builder":"","_et_pb_old_content":"","_et_gb_content_width":"","cybocfi_hide_featured_image":""},"categories":[],"tags":[],"themes":[161,169,177,164,172,175,118],"agendas_globales":[],"class_list":["post-53758","organizations","type-organizations","status-publish","has-post-thumbnail","hentry","themes-economies-diversifiees-et-inclusives","themes-egalite-de-genre","themes-espaces-publics-de-qualite","themes-fonctions-sociales-remplies","themes-liens-urbains-ruraux","themes-non-discrimination","themes-participation-politique"],"acf":[],"yoast_head":"<!-- This site is optimized with the Yoast SEO plugin v27.4 - https:\/\/yoast.com\/product\/yoast-seo-wordpress\/ -->\n<title>AUCM - Right to the city<\/title>\n<meta name=\"robots\" content=\"index, follow, max-snippet:-1, max-image-preview:large, max-video-preview:-1\" \/>\n<link rel=\"canonical\" href=\"https:\/\/www.right2city.org\/fr\/organizations\/aucm\/\" \/>\n<meta property=\"og:locale\" content=\"fr_FR\" \/>\n<meta property=\"og:type\" content=\"article\" \/>\n<meta property=\"og:title\" content=\"AUCM - Right to the city\" \/>\n<meta property=\"og:description\" content=\"Description:\u00a0L&rsquo;Asamblea de Unidad Cantonal de Montufar (AUCM) est une organization de la soci\u00e9t\u00e9 civile qui encourage la participation active des citoyens dans la sph\u00e8re publique Mission: \u00catre un canton mod\u00e8le dans la promotion de la participation active des citoyens aux affaires publiques pour un impact permanent sur la prise de d\u00e9cision en fonction des besoins [&hellip;]\" \/>\n<meta property=\"og:url\" content=\"https:\/\/www.right2city.org\/fr\/organizations\/aucm\/\" \/>\n<meta property=\"og:site_name\" content=\"Right to the city\" \/>\n<meta property=\"article:modified_time\" content=\"2020-03-04T15:50:57+00:00\" \/>\n<meta property=\"og:image\" content=\"https:\/\/www.right2city.org\/wp-content\/uploads\/2019\/10\/71310246_960987410919847_671565003412733952_o.jpg\" \/>\n\t<meta property=\"og:image:width\" content=\"960\" \/>\n\t<meta property=\"og:image:height\" content=\"960\" \/>\n\t<meta property=\"og:image:type\" content=\"image\/jpeg\" \/>\n<meta name=\"twitter:card\" content=\"summary_large_image\" \/>\n<meta name=\"twitter:label1\" content=\"Dur\u00e9e de lecture estim\u00e9e\" \/>\n\t<meta name=\"twitter:data1\" content=\"1 minute\" \/>\n<script type=\"application\/ld+json\" class=\"yoast-schema-graph\">{\"@context\":\"https:\\\/\\\/schema.org\",\"@graph\":[{\"@type\":\"WebPage\",\"@id\":\"https:\\\/\\\/www.right2city.org\\\/fr\\\/organizations\\\/aucm\\\/\",\"url\":\"https:\\\/\\\/www.right2city.org\\\/fr\\\/organizations\\\/aucm\\\/\",\"name\":\"AUCM - Right to the city\",\"isPartOf\":{\"@id\":\"https:\\\/\\\/www.right2city.org\\\/fr\\\/#website\"},\"primaryImageOfPage\":{\"@id\":\"https:\\\/\\\/www.right2city.org\\\/fr\\\/organizations\\\/aucm\\\/#primaryimage\"},\"image\":{\"@id\":\"https:\\\/\\\/www.right2city.org\\\/fr\\\/organizations\\\/aucm\\\/#primaryimage\"},\"thumbnailUrl\":\"https:\\\/\\\/www.right2city.org\\\/wp-content\\\/uploads\\\/2019\\\/10\\\/71310246_960987410919847_671565003412733952_o.jpg\",\"datePublished\":\"2019-10-02T09:00:04+00:00\",\"dateModified\":\"2020-03-04T15:50:57+00:00\",\"breadcrumb\":{\"@id\":\"https:\\\/\\\/www.right2city.org\\\/fr\\\/organizations\\\/aucm\\\/#breadcrumb\"},\"inLanguage\":\"fr-FR\",\"potentialAction\":[{\"@type\":\"ReadAction\",\"target\":[\"https:\\\/\\\/www.right2city.org\\\/fr\\\/organizations\\\/aucm\\\/\"]}]},{\"@type\":\"ImageObject\",\"inLanguage\":\"fr-FR\",\"@id\":\"https:\\\/\\\/www.right2city.org\\\/fr\\\/organizations\\\/aucm\\\/#primaryimage\",\"url\":\"https:\\\/\\\/www.right2city.org\\\/wp-content\\\/uploads\\\/2019\\\/10\\\/71310246_960987410919847_671565003412733952_o.jpg\",\"contentUrl\":\"https:\\\/\\\/www.right2city.org\\\/wp-content\\\/uploads\\\/2019\\\/10\\\/71310246_960987410919847_671565003412733952_o.jpg\",\"width\":960,\"height\":960},{\"@type\":\"BreadcrumbList\",\"@id\":\"https:\\\/\\\/www.right2city.org\\\/fr\\\/organizations\\\/aucm\\\/#breadcrumb\",\"itemListElement\":[{\"@type\":\"ListItem\",\"position\":1,\"name\":\"Home\",\"item\":\"https:\\\/\\\/www.right2city.org\\\/fr\\\/\"},{\"@type\":\"ListItem\",\"position\":2,\"name\":\"AUCM\"}]},{\"@type\":\"WebSite\",\"@id\":\"https:\\\/\\\/www.right2city.org\\\/fr\\\/#website\",\"url\":\"https:\\\/\\\/www.right2city.org\\\/fr\\\/\",\"name\":\"Right to the city\",\"description\":\"Global Platform for the Right to the City\",\"potentialAction\":[{\"@type\":\"SearchAction\",\"target\":{\"@type\":\"EntryPoint\",\"urlTemplate\":\"https:\\\/\\\/www.right2city.org\\\/fr\\\/?s={search_term_string}\"},\"query-input\":{\"@type\":\"PropertyValueSpecification\",\"valueRequired\":true,\"valueName\":\"search_term_string\"}}],\"inLanguage\":\"fr-FR\"}]}<\/script>\n<!-- \/ Yoast SEO plugin. -->","yoast_head_json":{"title":"AUCM - Right to the city","robots":{"index":"index","follow":"follow","max-snippet":"max-snippet:-1","max-image-preview":"max-image-preview:large","max-video-preview":"max-video-preview:-1"},"canonical":"https:\/\/www.right2city.org\/fr\/organizations\/aucm\/","og_locale":"fr_FR","og_type":"article","og_title":"AUCM - Right to the city","og_description":"Description:\u00a0L&rsquo;Asamblea de Unidad Cantonal de Montufar (AUCM) est une organization de la soci\u00e9t\u00e9 civile qui encourage la participation active des citoyens dans la sph\u00e8re publique Mission: \u00catre un canton mod\u00e8le dans la promotion de la participation active des citoyens aux affaires publiques pour un impact permanent sur la prise de d\u00e9cision en fonction des besoins [&hellip;]","og_url":"https:\/\/www.right2city.org\/fr\/organizations\/aucm\/","og_site_name":"Right to the city","article_modified_time":"2020-03-04T15:50:57+00:00","og_image":[{"width":960,"height":960,"url":"https:\/\/www.right2city.org\/wp-content\/uploads\/2019\/10\/71310246_960987410919847_671565003412733952_o.jpg","type":"image\/jpeg"}],"twitter_card":"summary_large_image","twitter_misc":{"Dur\u00e9e de lecture estim\u00e9e":"1 minute"},"schema":{"@context":"https:\/\/schema.org","@graph":[{"@type":"WebPage","@id":"https:\/\/www.right2city.org\/fr\/organizations\/aucm\/","url":"https:\/\/www.right2city.org\/fr\/organizations\/aucm\/","name":"AUCM - Right to the city","isPartOf":{"@id":"https:\/\/www.right2city.org\/fr\/#website"},"primaryImageOfPage":{"@id":"https:\/\/www.right2city.org\/fr\/organizations\/aucm\/#primaryimage"},"image":{"@id":"https:\/\/www.right2city.org\/fr\/organizations\/aucm\/#primaryimage"},"thumbnailUrl":"https:\/\/www.right2city.org\/wp-content\/uploads\/2019\/10\/71310246_960987410919847_671565003412733952_o.jpg","datePublished":"2019-10-02T09:00:04+00:00","dateModified":"2020-03-04T15:50:57+00:00","breadcrumb":{"@id":"https:\/\/www.right2city.org\/fr\/organizations\/aucm\/#breadcrumb"},"inLanguage":"fr-FR","potentialAction":[{"@type":"ReadAction","target":["https:\/\/www.right2city.org\/fr\/organizations\/aucm\/"]}]},{"@type":"ImageObject","inLanguage":"fr-FR","@id":"https:\/\/www.right2city.org\/fr\/organizations\/aucm\/#primaryimage","url":"https:\/\/www.right2city.org\/wp-content\/uploads\/2019\/10\/71310246_960987410919847_671565003412733952_o.jpg","contentUrl":"https:\/\/www.right2city.org\/wp-content\/uploads\/2019\/10\/71310246_960987410919847_671565003412733952_o.jpg","width":960,"height":960},{"@type":"BreadcrumbList","@id":"https:\/\/www.right2city.org\/fr\/organizations\/aucm\/#breadcrumb","itemListElement":[{"@type":"ListItem","position":1,"name":"Home","item":"https:\/\/www.right2city.org\/fr\/"},{"@type":"ListItem","position":2,"name":"AUCM"}]},{"@type":"WebSite","@id":"https:\/\/www.right2city.org\/fr\/#website","url":"https:\/\/www.right2city.org\/fr\/","name":"Right to the city","description":"Global Platform for the Right to the City","potentialAction":[{"@type":"SearchAction","target":{"@type":"EntryPoint","urlTemplate":"https:\/\/www.right2city.org\/fr\/?s={search_term_string}"},"query-input":{"@type":"PropertyValueSpecification","valueRequired":true,"valueName":"search_term_string"}}],"inLanguage":"fr-FR"}]}},"_links":{"self":[{"href":"https:\/\/www.right2city.org\/fr\/wp-json\/wp\/v2\/organizations\/53758","targetHints":{"allow":["GET"]}}],"collection":[{"href":"https:\/\/www.right2city.org\/fr\/wp-json\/wp\/v2\/organizations"}],"about":[{"href":"https:\/\/www.right2city.org\/fr\/wp-json\/wp\/v2\/types\/organizations"}],"wp:featuredmedia":[{"embeddable":true,"href":"https:\/\/www.right2city.org\/fr\/wp-json\/wp\/v2\/media\/53733"}],"wp:attachment":[{"href":"https:\/\/www.right2city.org\/fr\/wp-json\/wp\/v2\/media?parent=53758"}],"wp:term":[{"taxonomy":"category","embeddable":true,"href":"https:\/\/www.right2city.org\/fr\/wp-json\/wp\/v2\/categories?post=53758"},{"taxonomy":"post_tag","embeddable":true,"href":"https:\/\/www.right2city.org\/fr\/wp-json\/wp\/v2\/tags?post=53758"},{"taxonomy":"themes","embeddable":true,"href":"https:\/\/www.right2city.org\/fr\/wp-json\/wp\/v2\/themes?post=53758"},{"taxonomy":"agendas_globales","embeddable":true,"href":"https:\/\/www.right2city.org\/fr\/wp-json\/wp\/v2\/agendas_globales?post=53758"}],"curies":[{"name":"wp","href":"https:\/\/api.w.org\/{rel}","templated":true}]}}

<p><img loading="lazy" decoding="async" class="wp-image-53731 size-medium alignnone" src="https://www.right2city.org/wp-content/uploads/2019/10/71310246_960987410919847_671565003412733952_o-300x300.jpg" alt="" width="300" height="300" /></p>
<p><strong>Description: </strong>L&rsquo;Asamblea de Unidad Cantonal de Montufar (AUCM) est une organization de la société civile qui encourage la participation active des citoyens dans la sphère publique</p>
<p><strong>Mission:</strong> Être un canton modèle dans la promotion de la participation active des citoyens aux affaires publiques pour un impact permanent sur la prise de décision en fonction des besoins locaux</p>
<p><strong>Portée: </strong>Locale</p>
<p><strong>Composantes du Droit à la Ville:</strong></p>
<ul>
<li>1. Non-discrimination</li>
<li>2. égalite des sexes</li>
<li>4. Participation politique</li>
<li>5. Fonctions sociales remplies</li>
<li>6. Espaces et services publics de qualité</li>
<li>7. Économies diversifiées et inclusives</li>
<li>8. Villes durables avec des liens inclusifs entre les zones rurales et urbaines</li>
<li></li>
</ul>
<p><strong>Groupes de travail:</strong></p>
<ul>
<li>Plaidoyer</li>
<li>Recherche et formation</li>
<li>Communication</li>
<li>Régional</li>
</ul>
<p><strong>Site web: </strong>asambleamontufar.org</p>
<p><strong>Facebook: </strong>@asambleamontufa</p>
<p><strong>Twitter: </strong>@asambleamontufa</p>
<p><strong>Instagram: </strong>asambleamontufar</p>
<p>&nbsp;</p>

<!-- This site is optimized with the Yoast SEO plugin v27.4 - https://yoast.com/product/yoast-seo-wordpress/ -->
<title>AUCM - Right to the city</title>
<meta name="robots" content="index, follow, max-snippet:-1, max-image-preview:large, max-video-preview:-1" />
<link rel="canonical" href="https://www.right2city.org/fr/organizations/aucm/" />
<meta property="og:locale" content="fr_FR" />
<meta property="og:type" content="article" />
<meta property="og:title" content="AUCM - Right to the city" />
<meta property="og:description" content="Description: L&rsquo;Asamblea de Unidad Cantonal de Montufar (AUCM) est une organization de la société civile qui encourage la participation active des citoyens dans la sphère publique Mission: Être un canton modèle dans la promotion de la participation active des citoyens aux affaires publiques pour un impact permanent sur la prise de décision en fonction des besoins [&hellip;]" />
<meta property="og:url" content="https://www.right2city.org/fr/organizations/aucm/" />
<meta property="og:site_name" content="Right to the city" />
<meta property="article:modified_time" content="2020-03-04T15:50:57+00:00" />
<meta property="og:image" content="https://www.right2city.org/wp-content/uploads/2019/10/71310246_960987410919847_671565003412733952_o.jpg" />
	<meta property="og:image:width" content="960" />
	<meta property="og:image:height" content="960" />
	<meta property="og:image:type" content="image/jpeg" />
<meta name="twitter:card" content="summary_large_image" />
<meta name="twitter:label1" content="Durée de lecture estimée" />
	<meta name="twitter:data1" content="1 minute" />
<script type="application/ld+json" class="yoast-schema-graph">{"@context":"https:\/\/schema.org","@graph":[{"@type":"WebPage","@id":"https:\/\/www.right2city.org\/fr\/organizations\/aucm\/","url":"https:\/\/www.right2city.org\/fr\/organizations\/aucm\/","name":"AUCM - Right to the city","isPartOf":{"@id":"https:\/\/www.right2city.org\/fr\/#website"},"primaryImageOfPage":{"@id":"https:\/\/www.right2city.org\/fr\/organizations\/aucm\/#primaryimage"},"image":{"@id":"https:\/\/www.right2city.org\/fr\/organizations\/aucm\/#primaryimage"},"thumbnailUrl":"https:\/\/www.right2city.org\/wp-content\/uploads\/2019\/10\/71310246_960987410919847_671565003412733952_o.jpg","datePublished":"2019-10-02T09:00:04+00:00","dateModified":"2020-03-04T15:50:57+00:00","breadcrumb":{"@id":"https:\/\/www.right2city.org\/fr\/organizations\/aucm\/#breadcrumb"},"inLanguage":"fr-FR","potentialAction":[{"@type":"ReadAction","target":["https:\/\/www.right2city.org\/fr\/organizations\/aucm\/"]}]},{"@type":"ImageObject","inLanguage":"fr-FR","@id":"https:\/\/www.right2city.org\/fr\/organizations\/aucm\/#primaryimage","url":"https:\/\/www.right2city.org\/wp-content\/uploads\/2019\/10\/71310246_960987410919847_671565003412733952_o.jpg","contentUrl":"https:\/\/www.right2city.org\/wp-content\/uploads\/2019\/10\/71310246_960987410919847_671565003412733952_o.jpg","width":960,"height":960},{"@type":"BreadcrumbList","@id":"https:\/\/www.right2city.org\/fr\/organizations\/aucm\/#breadcrumb","itemListElement":[{"@type":"ListItem","position":1,"name":"Home","item":"https:\/\/www.right2city.org\/fr\/"},{"@type":"ListItem","position":2,"name":"AUCM"}]},{"@type":"WebSite","@id":"https:\/\/www.right2city.org\/fr\/#website","url":"https:\/\/www.right2city.org\/fr\/","name":"Right to the city","description":"Global Platform for the Right to the City","potentialAction":[{"@type":"SearchAction","target":{"@type":"EntryPoint","urlTemplate":"https:\/\/www.right2city.org\/fr\/?s={search_term_string}"},"query-input":{"@type":"PropertyValueSpecification","valueRequired":true,"valueName":"search_term_string"}}],"inLanguage":"fr-FR"}]}</script>
<!-- / Yoast SEO plugin. -->

Description: L&rsquo;Asamblea de Unidad Cantonal de Montufar (AUCM) est une organization de la société civile qui encourage la participation active des citoyens dans la sphère publique Mission: Être un canton modèle dans la promotion de la participation active des citoyens aux affaires publiques pour un impact permanent sur la prise de décision en fonction des besoins [&hellip;]
