{"id":56509,"date":"2020-08-26T10:48:13","date_gmt":"2020-08-26T08:48:13","guid":{"rendered":"https:\/\/www.right2city.org\/?post_type=organizations&#038;p=56509"},"modified":"2020-08-26T10:48:13","modified_gmt":"2020-08-26T08:48:13","slug":"un-centre-ville-pour-tous-cvpt","status":"publish","type":"organizations","link":"https:\/\/www.right2city.org\/fr\/organizations\/un-centre-ville-pour-tous-cvpt\/","title":{"rendered":"Un Centre Ville Pour Tous-CVPT"},"content":{"rendered":"<p><img loading=\"lazy\" decoding=\"async\" class=\"alignleft wp-image-56491 size-medium\" src=\"https:\/\/www.right2city.org\/wp-content\/uploads\/2020\/08\/uncentrevillepourtous-300x75.jpg\" alt=\"\" width=\"300\" height=\"75\" \/><\/p>\n<p>&nbsp;<\/p>\n<p>&nbsp;<\/p>\n<p><strong>Description :<\/strong> L&rsquo;association Un Centre Ville Pour Tous lutte depuis bient\u00f4t 20 ans pour un droit \u00e0 la Ville \u00e0 Marseille (acc\u00e8s au logement, lutte contre l&rsquo;habitat indigne, plaidoyer et revendications envers les institutions).<\/p>\n<p><strong>Missions<\/strong> : Expertise de documents institutionnels li\u00e9s \u00e0 l&rsquo;habitat (Plan local d&rsquo;Urbanisme Intercommunal, Plan local de l&rsquo;habitat, Projet partenarial d&rsquo;Am\u00e9nagement&#8230;), interpellation des institutions sur le respect des droits des habitants (notamment le droit \u00e0 la concertation), sensibilisation du grand public.<\/p>\n<p><b>Port\u00e9e:<\/b><span style=\"font-weight: 400;\"> International\/ National\/ Local<\/span><\/p>\n<p><b>Composantes du Droit \u00e0 la Ville:<\/b><\/p>\n<ul>\n<li style=\"font-weight: 400;\"><span style=\"font-weight: 400;\">1. Non-discrimination<\/span><\/li>\n<li style=\"font-weight: 400;\"><span style=\"font-weight: 400;\">3. Citoyennet\u00e9 inclusive<\/span><\/li>\n<li style=\"font-weight: 400;\"><span style=\"font-weight: 400;\">5. Fonctions sociales remplies<\/span><\/li>\n<li style=\"font-weight: 400;\"><span style=\"font-weight: 400;\">6. Espaces et services publics de qualit\u00e9<\/span><\/li>\n<\/ul>\n<p><b>Groupes de Travail:<\/b><\/p>\n<ul>\n<li style=\"font-weight: 400;\"><span style=\"font-weight: 400;\">Plaidoyer<\/span><\/li>\n<li style=\"font-weight: 400;\"><span style=\"font-weight: 400;\">R\u00e9gional<\/span><\/li>\n<\/ul>\n<p><b>Site web: <\/b><a href=\"https:\/\/centrevillepourtous.fr\/\">https:\/\/centrevillepourtous.fr\/<\/a><\/p>\n<p><b>Facebook:<\/b><span style=\"font-weight: 400;\">\u00a0<\/span> <a href=\"https:\/\/www.facebook.com\/centrevillepourtousmarseille\/\">https:\/\/www.facebook.com\/centrevillepourtousmarseille\/<\/a><\/p>\n","protected":false},"featured_media":56491,"template":"","meta":{"_acf_changed":false,"_et_pb_use_builder":"","_et_pb_old_content":"","_et_gb_content_width":"","cybocfi_hide_featured_image":""},"categories":[],"tags":[],"themes":[170,177,164,175],"agendas_globales":[],"class_list":["post-56509","organizations","type-organizations","status-publish","has-post-thumbnail","hentry","themes-citoyennete-inclusive","themes-espaces-publics-de-qualite","themes-fonctions-sociales-remplies","themes-non-discrimination"],"acf":[],"yoast_head":"<!-- This site is optimized with the Yoast SEO plugin v27.4 - https:\/\/yoast.com\/product\/yoast-seo-wordpress\/ -->\n<title>Un Centre Ville Pour Tous-CVPT - Right to the city<\/title>\n<meta name=\"robots\" content=\"index, follow, max-snippet:-1, max-image-preview:large, max-video-preview:-1\" \/>\n<link rel=\"canonical\" href=\"https:\/\/www.right2city.org\/fr\/organizations\/un-centre-ville-pour-tous-cvpt\/\" \/>\n<meta property=\"og:locale\" content=\"fr_FR\" \/>\n<meta property=\"og:type\" content=\"article\" \/>\n<meta property=\"og:title\" content=\"Un Centre Ville Pour Tous-CVPT - Right to the city\" \/>\n<meta property=\"og:description\" content=\"&nbsp; &nbsp; Description : L&rsquo;association Un Centre Ville Pour Tous lutte depuis bient\u00f4t 20 ans pour un droit \u00e0 la Ville \u00e0 Marseille (acc\u00e8s au logement, lutte contre l&rsquo;habitat indigne, plaidoyer et revendications envers les institutions). Missions : Expertise de documents institutionnels li\u00e9s \u00e0 l&rsquo;habitat (Plan local d&rsquo;Urbanisme Intercommunal, Plan local de l&rsquo;habitat, Projet partenarial [&hellip;]\" \/>\n<meta property=\"og:url\" content=\"https:\/\/www.right2city.org\/fr\/organizations\/un-centre-ville-pour-tous-cvpt\/\" \/>\n<meta property=\"og:site_name\" content=\"Right to the city\" \/>\n<meta property=\"og:image\" content=\"https:\/\/www.right2city.org\/wp-content\/uploads\/2020\/08\/uncentrevillepourtous.jpg\" \/>\n\t<meta property=\"og:image:width\" content=\"1920\" \/>\n\t<meta property=\"og:image:height\" content=\"479\" \/>\n\t<meta property=\"og:image:type\" content=\"image\/jpeg\" \/>\n<meta name=\"twitter:card\" content=\"summary_large_image\" \/>\n<meta name=\"twitter:label1\" content=\"Dur\u00e9e de lecture estim\u00e9e\" \/>\n\t<meta name=\"twitter:data1\" content=\"1 minute\" \/>\n<script type=\"application\/ld+json\" class=\"yoast-schema-graph\">{\"@context\":\"https:\\\/\\\/schema.org\",\"@graph\":[{\"@type\":\"WebPage\",\"@id\":\"https:\\\/\\\/www.right2city.org\\\/fr\\\/organizations\\\/un-centre-ville-pour-tous-cvpt\\\/\",\"url\":\"https:\\\/\\\/www.right2city.org\\\/fr\\\/organizations\\\/un-centre-ville-pour-tous-cvpt\\\/\",\"name\":\"Un Centre Ville Pour Tous-CVPT - Right to the city\",\"isPartOf\":{\"@id\":\"https:\\\/\\\/www.right2city.org\\\/fr\\\/#website\"},\"primaryImageOfPage\":{\"@id\":\"https:\\\/\\\/www.right2city.org\\\/fr\\\/organizations\\\/un-centre-ville-pour-tous-cvpt\\\/#primaryimage\"},\"image\":{\"@id\":\"https:\\\/\\\/www.right2city.org\\\/fr\\\/organizations\\\/un-centre-ville-pour-tous-cvpt\\\/#primaryimage\"},\"thumbnailUrl\":\"https:\\\/\\\/www.right2city.org\\\/wp-content\\\/uploads\\\/2020\\\/08\\\/uncentrevillepourtous.jpg\",\"datePublished\":\"2020-08-26T08:48:13+00:00\",\"breadcrumb\":{\"@id\":\"https:\\\/\\\/www.right2city.org\\\/fr\\\/organizations\\\/un-centre-ville-pour-tous-cvpt\\\/#breadcrumb\"},\"inLanguage\":\"fr-FR\",\"potentialAction\":[{\"@type\":\"ReadAction\",\"target\":[\"https:\\\/\\\/www.right2city.org\\\/fr\\\/organizations\\\/un-centre-ville-pour-tous-cvpt\\\/\"]}]},{\"@type\":\"ImageObject\",\"inLanguage\":\"fr-FR\",\"@id\":\"https:\\\/\\\/www.right2city.org\\\/fr\\\/organizations\\\/un-centre-ville-pour-tous-cvpt\\\/#primaryimage\",\"url\":\"https:\\\/\\\/www.right2city.org\\\/wp-content\\\/uploads\\\/2020\\\/08\\\/uncentrevillepourtous.jpg\",\"contentUrl\":\"https:\\\/\\\/www.right2city.org\\\/wp-content\\\/uploads\\\/2020\\\/08\\\/uncentrevillepourtous.jpg\",\"width\":1920,\"height\":479},{\"@type\":\"BreadcrumbList\",\"@id\":\"https:\\\/\\\/www.right2city.org\\\/fr\\\/organizations\\\/un-centre-ville-pour-tous-cvpt\\\/#breadcrumb\",\"itemListElement\":[{\"@type\":\"ListItem\",\"position\":1,\"name\":\"Home\",\"item\":\"https:\\\/\\\/www.right2city.org\\\/fr\\\/\"},{\"@type\":\"ListItem\",\"position\":2,\"name\":\"Un Centre Ville Pour Tous-CVPT\"}]},{\"@type\":\"WebSite\",\"@id\":\"https:\\\/\\\/www.right2city.org\\\/fr\\\/#website\",\"url\":\"https:\\\/\\\/www.right2city.org\\\/fr\\\/\",\"name\":\"Right to the city\",\"description\":\"Global Platform for the Right to the City\",\"potentialAction\":[{\"@type\":\"SearchAction\",\"target\":{\"@type\":\"EntryPoint\",\"urlTemplate\":\"https:\\\/\\\/www.right2city.org\\\/fr\\\/?s={search_term_string}\"},\"query-input\":{\"@type\":\"PropertyValueSpecification\",\"valueRequired\":true,\"valueName\":\"search_term_string\"}}],\"inLanguage\":\"fr-FR\"}]}<\/script>\n<!-- \/ Yoast SEO plugin. -->","yoast_head_json":{"title":"Un Centre Ville Pour Tous-CVPT - Right to the city","robots":{"index":"index","follow":"follow","max-snippet":"max-snippet:-1","max-image-preview":"max-image-preview:large","max-video-preview":"max-video-preview:-1"},"canonical":"https:\/\/www.right2city.org\/fr\/organizations\/un-centre-ville-pour-tous-cvpt\/","og_locale":"fr_FR","og_type":"article","og_title":"Un Centre Ville Pour Tous-CVPT - Right to the city","og_description":"&nbsp; &nbsp; Description : L&rsquo;association Un Centre Ville Pour Tous lutte depuis bient\u00f4t 20 ans pour un droit \u00e0 la Ville \u00e0 Marseille (acc\u00e8s au logement, lutte contre l&rsquo;habitat indigne, plaidoyer et revendications envers les institutions). Missions : Expertise de documents institutionnels li\u00e9s \u00e0 l&rsquo;habitat (Plan local d&rsquo;Urbanisme Intercommunal, Plan local de l&rsquo;habitat, Projet partenarial [&hellip;]","og_url":"https:\/\/www.right2city.org\/fr\/organizations\/un-centre-ville-pour-tous-cvpt\/","og_site_name":"Right to the city","og_image":[{"width":1920,"height":479,"url":"https:\/\/www.right2city.org\/wp-content\/uploads\/2020\/08\/uncentrevillepourtous.jpg","type":"image\/jpeg"}],"twitter_card":"summary_large_image","twitter_misc":{"Dur\u00e9e de lecture estim\u00e9e":"1 minute"},"schema":{"@context":"https:\/\/schema.org","@graph":[{"@type":"WebPage","@id":"https:\/\/www.right2city.org\/fr\/organizations\/un-centre-ville-pour-tous-cvpt\/","url":"https:\/\/www.right2city.org\/fr\/organizations\/un-centre-ville-pour-tous-cvpt\/","name":"Un Centre Ville Pour Tous-CVPT - Right to the city","isPartOf":{"@id":"https:\/\/www.right2city.org\/fr\/#website"},"primaryImageOfPage":{"@id":"https:\/\/www.right2city.org\/fr\/organizations\/un-centre-ville-pour-tous-cvpt\/#primaryimage"},"image":{"@id":"https:\/\/www.right2city.org\/fr\/organizations\/un-centre-ville-pour-tous-cvpt\/#primaryimage"},"thumbnailUrl":"https:\/\/www.right2city.org\/wp-content\/uploads\/2020\/08\/uncentrevillepourtous.jpg","datePublished":"2020-08-26T08:48:13+00:00","breadcrumb":{"@id":"https:\/\/www.right2city.org\/fr\/organizations\/un-centre-ville-pour-tous-cvpt\/#breadcrumb"},"inLanguage":"fr-FR","potentialAction":[{"@type":"ReadAction","target":["https:\/\/www.right2city.org\/fr\/organizations\/un-centre-ville-pour-tous-cvpt\/"]}]},{"@type":"ImageObject","inLanguage":"fr-FR","@id":"https:\/\/www.right2city.org\/fr\/organizations\/un-centre-ville-pour-tous-cvpt\/#primaryimage","url":"https:\/\/www.right2city.org\/wp-content\/uploads\/2020\/08\/uncentrevillepourtous.jpg","contentUrl":"https:\/\/www.right2city.org\/wp-content\/uploads\/2020\/08\/uncentrevillepourtous.jpg","width":1920,"height":479},{"@type":"BreadcrumbList","@id":"https:\/\/www.right2city.org\/fr\/organizations\/un-centre-ville-pour-tous-cvpt\/#breadcrumb","itemListElement":[{"@type":"ListItem","position":1,"name":"Home","item":"https:\/\/www.right2city.org\/fr\/"},{"@type":"ListItem","position":2,"name":"Un Centre Ville Pour Tous-CVPT"}]},{"@type":"WebSite","@id":"https:\/\/www.right2city.org\/fr\/#website","url":"https:\/\/www.right2city.org\/fr\/","name":"Right to the city","description":"Global Platform for the Right to the City","potentialAction":[{"@type":"SearchAction","target":{"@type":"EntryPoint","urlTemplate":"https:\/\/www.right2city.org\/fr\/?s={search_term_string}"},"query-input":{"@type":"PropertyValueSpecification","valueRequired":true,"valueName":"search_term_string"}}],"inLanguage":"fr-FR"}]}},"_links":{"self":[{"href":"https:\/\/www.right2city.org\/fr\/wp-json\/wp\/v2\/organizations\/56509","targetHints":{"allow":["GET"]}}],"collection":[{"href":"https:\/\/www.right2city.org\/fr\/wp-json\/wp\/v2\/organizations"}],"about":[{"href":"https:\/\/www.right2city.org\/fr\/wp-json\/wp\/v2\/types\/organizations"}],"wp:featuredmedia":[{"embeddable":true,"href":"https:\/\/www.right2city.org\/fr\/wp-json\/wp\/v2\/media\/56491"}],"wp:attachment":[{"href":"https:\/\/www.right2city.org\/fr\/wp-json\/wp\/v2\/media?parent=56509"}],"wp:term":[{"taxonomy":"category","embeddable":true,"href":"https:\/\/www.right2city.org\/fr\/wp-json\/wp\/v2\/categories?post=56509"},{"taxonomy":"post_tag","embeddable":true,"href":"https:\/\/www.right2city.org\/fr\/wp-json\/wp\/v2\/tags?post=56509"},{"taxonomy":"themes","embeddable":true,"href":"https:\/\/www.right2city.org\/fr\/wp-json\/wp\/v2\/themes?post=56509"},{"taxonomy":"agendas_globales","embeddable":true,"href":"https:\/\/www.right2city.org\/fr\/wp-json\/wp\/v2\/agendas_globales?post=56509"}],"curies":[{"name":"wp","href":"https:\/\/api.w.org\/{rel}","templated":true}]}}

<p><img loading="lazy" decoding="async" class="alignleft wp-image-56491 size-medium" src="https://www.right2city.org/wp-content/uploads/2020/08/uncentrevillepourtous-300x75.jpg" alt="" width="300" height="75" /></p>
<p>&nbsp;</p>
<p>&nbsp;</p>
<p><strong>Description :</strong> L&rsquo;association Un Centre Ville Pour Tous lutte depuis bientôt 20 ans pour un droit à la Ville à Marseille (accès au logement, lutte contre l&rsquo;habitat indigne, plaidoyer et revendications envers les institutions).</p>
<p><strong>Missions</strong> : Expertise de documents institutionnels liés à l&rsquo;habitat (Plan local d&rsquo;Urbanisme Intercommunal, Plan local de l&rsquo;habitat, Projet partenarial d&rsquo;Aménagement&#8230;), interpellation des institutions sur le respect des droits des habitants (notamment le droit à la concertation), sensibilisation du grand public.</p>
<p><b>Portée:</b><span style="font-weight: 400;"> International/ National/ Local</span></p>
<p><b>Composantes du Droit à la Ville:</b></p>
<ul>
<li style="font-weight: 400;"><span style="font-weight: 400;">1. Non-discrimination</span></li>
<li style="font-weight: 400;"><span style="font-weight: 400;">3. Citoyenneté inclusive</span></li>
<li style="font-weight: 400;"><span style="font-weight: 400;">5. Fonctions sociales remplies</span></li>
<li style="font-weight: 400;"><span style="font-weight: 400;">6. Espaces et services publics de qualité</span></li>
</ul>
<p><b>Groupes de Travail:</b></p>
<ul>
<li style="font-weight: 400;"><span style="font-weight: 400;">Plaidoyer</span></li>
<li style="font-weight: 400;"><span style="font-weight: 400;">Régional</span></li>
</ul>
<p><b>Site web: </b><a href="https://centrevillepourtous.fr/">https://centrevillepourtous.fr/</a></p>
<p><b>Facebook:</b><span style="font-weight: 400;"> </span> <a href="https://www.facebook.com/centrevillepourtousmarseille/">https://www.facebook.com/centrevillepourtousmarseille/</a></p>

<!-- This site is optimized with the Yoast SEO plugin v27.4 - https://yoast.com/product/yoast-seo-wordpress/ -->
<title>Un Centre Ville Pour Tous-CVPT - Right to the city</title>
<meta name="robots" content="index, follow, max-snippet:-1, max-image-preview:large, max-video-preview:-1" />
<link rel="canonical" href="https://www.right2city.org/fr/organizations/un-centre-ville-pour-tous-cvpt/" />
<meta property="og:locale" content="fr_FR" />
<meta property="og:type" content="article" />
<meta property="og:title" content="Un Centre Ville Pour Tous-CVPT - Right to the city" />
<meta property="og:description" content="&nbsp; &nbsp; Description : L&rsquo;association Un Centre Ville Pour Tous lutte depuis bientôt 20 ans pour un droit à la Ville à Marseille (accès au logement, lutte contre l&rsquo;habitat indigne, plaidoyer et revendications envers les institutions). Missions : Expertise de documents institutionnels liés à l&rsquo;habitat (Plan local d&rsquo;Urbanisme Intercommunal, Plan local de l&rsquo;habitat, Projet partenarial [&hellip;]" />
<meta property="og:url" content="https://www.right2city.org/fr/organizations/un-centre-ville-pour-tous-cvpt/" />
<meta property="og:site_name" content="Right to the city" />
<meta property="og:image" content="https://www.right2city.org/wp-content/uploads/2020/08/uncentrevillepourtous.jpg" />
	<meta property="og:image:width" content="1920" />
	<meta property="og:image:height" content="479" />
	<meta property="og:image:type" content="image/jpeg" />
<meta name="twitter:card" content="summary_large_image" />
<meta name="twitter:label1" content="Durée de lecture estimée" />
	<meta name="twitter:data1" content="1 minute" />
<script type="application/ld+json" class="yoast-schema-graph">{"@context":"https:\/\/schema.org","@graph":[{"@type":"WebPage","@id":"https:\/\/www.right2city.org\/fr\/organizations\/un-centre-ville-pour-tous-cvpt\/","url":"https:\/\/www.right2city.org\/fr\/organizations\/un-centre-ville-pour-tous-cvpt\/","name":"Un Centre Ville Pour Tous-CVPT - Right to the city","isPartOf":{"@id":"https:\/\/www.right2city.org\/fr\/#website"},"primaryImageOfPage":{"@id":"https:\/\/www.right2city.org\/fr\/organizations\/un-centre-ville-pour-tous-cvpt\/#primaryimage"},"image":{"@id":"https:\/\/www.right2city.org\/fr\/organizations\/un-centre-ville-pour-tous-cvpt\/#primaryimage"},"thumbnailUrl":"https:\/\/www.right2city.org\/wp-content\/uploads\/2020\/08\/uncentrevillepourtous.jpg","datePublished":"2020-08-26T08:48:13+00:00","breadcrumb":{"@id":"https:\/\/www.right2city.org\/fr\/organizations\/un-centre-ville-pour-tous-cvpt\/#breadcrumb"},"inLanguage":"fr-FR","potentialAction":[{"@type":"ReadAction","target":["https:\/\/www.right2city.org\/fr\/organizations\/un-centre-ville-pour-tous-cvpt\/"]}]},{"@type":"ImageObject","inLanguage":"fr-FR","@id":"https:\/\/www.right2city.org\/fr\/organizations\/un-centre-ville-pour-tous-cvpt\/#primaryimage","url":"https:\/\/www.right2city.org\/wp-content\/uploads\/2020\/08\/uncentrevillepourtous.jpg","contentUrl":"https:\/\/www.right2city.org\/wp-content\/uploads\/2020\/08\/uncentrevillepourtous.jpg","width":1920,"height":479},{"@type":"BreadcrumbList","@id":"https:\/\/www.right2city.org\/fr\/organizations\/un-centre-ville-pour-tous-cvpt\/#breadcrumb","itemListElement":[{"@type":"ListItem","position":1,"name":"Home","item":"https:\/\/www.right2city.org\/fr\/"},{"@type":"ListItem","position":2,"name":"Un Centre Ville Pour Tous-CVPT"}]},{"@type":"WebSite","@id":"https:\/\/www.right2city.org\/fr\/#website","url":"https:\/\/www.right2city.org\/fr\/","name":"Right to the city","description":"Global Platform for the Right to the City","potentialAction":[{"@type":"SearchAction","target":{"@type":"EntryPoint","urlTemplate":"https:\/\/www.right2city.org\/fr\/?s={search_term_string}"},"query-input":{"@type":"PropertyValueSpecification","valueRequired":true,"valueName":"search_term_string"}}],"inLanguage":"fr-FR"}]}</script>
<!-- / Yoast SEO plugin. -->

&nbsp; &nbsp; Description : L&rsquo;association Un Centre Ville Pour Tous lutte depuis bientôt 20 ans pour un droit à la Ville à Marseille (accès au logement, lutte contre l&rsquo;habitat indigne, plaidoyer et revendications envers les institutions). Missions : Expertise de documents institutionnels liés à l&rsquo;habitat (Plan local d&rsquo;Urbanisme Intercommunal, Plan local de l&rsquo;habitat, Projet partenarial [&hellip;]
