{"id":56567,"date":"2020-08-28T10:22:20","date_gmt":"2020-08-28T08:22:20","guid":{"rendered":"https:\/\/www.right2city.org\/?post_type=organizations&#038;p=56567"},"modified":"2020-08-28T10:22:20","modified_gmt":"2020-08-28T08:22:20","slug":"atelier-populaire-durbanisme-apu","status":"publish","type":"organizations","link":"https:\/\/www.right2city.org\/fr\/organizations\/atelier-populaire-durbanisme-apu\/","title":{"rendered":"Atelier Populaire d&rsquo;Urbanisme-APU"},"content":{"rendered":"<p><img loading=\"lazy\" decoding=\"async\" class=\"size-full wp-image-56568 alignleft\" src=\"https:\/\/www.right2city.org\/wp-content\/uploads\/2020\/08\/Capture-d\u2019e\u0301cran-2020-08-28-a\u0300-10.18.42.png\" alt=\"\" width=\"208\" height=\"128\" \/><\/p>\n<p>&nbsp;<\/p>\n<p>&nbsp;<\/p>\n<p>&nbsp;<\/p>\n<p><b>Description: <\/b>Atelier Populaire d&rsquo;Urbanisme : mobilisation des habitants de la Villeneuve pour le Droit \u00e0 la Ville<\/p>\n<p><b>Mission:\u00a0<\/b>D\u00e9fendre les int\u00e9r\u00eats des habitants de la Villeneuve de Grenoble dans le projet de r\u00e9novation urbaine<\/p>\n<p><b>Port\u00e9e:<\/b><span style=\"font-weight: 400;\"> Locale<\/span><\/p>\n<p><b>Composantes du Droit \u00e0 la Ville:<\/b><\/p>\n<ul>\n<li style=\"font-weight: 400;\"><span style=\"font-weight: 400;\">1. Non-discrimination<\/span><\/li>\n<li style=\"font-weight: 400;\"><span style=\"font-weight: 400;\">2. \u00c9galit\u00e9 de genre<\/span><\/li>\n<li style=\"font-weight: 400;\"><span style=\"font-weight: 400;\">3. Citoyennet\u00e9 inclusive<\/span><\/li>\n<li style=\"font-weight: 400;\"><span style=\"font-weight: 400;\">4. Participation politique<\/span><\/li>\n<li style=\"font-weight: 400;\"><span style=\"font-weight: 400;\">5. Fonctions sociales remplies<\/span><\/li>\n<li style=\"font-weight: 400;\"><span style=\"font-weight: 400;\">6. Espaces et services publics de qualit\u00e9<\/span><\/li>\n<li style=\"font-weight: 400;\"><span style=\"font-weight: 400;\">7. Des \u00e9conomies diversifi\u00e9es et inclusives<\/span><\/li>\n<\/ul>\n<p>&nbsp;<\/p>\n<p><b>Groupes de Travail:<\/b><\/p>\n<ul>\n<li style=\"font-weight: 400;\"><span style=\"font-weight: 400;\">Plaidoyer<\/span><\/li>\n<li style=\"font-weight: 400;\"><span style=\"font-weight: 400;\">Recherche et formation<\/span><\/li>\n<li style=\"font-weight: 400;\"><span style=\"font-weight: 400;\">Communication<\/span><\/li>\n<li style=\"font-weight: 400;\"><span style=\"font-weight: 400;\">R\u00e9gional<\/span><\/li>\n<\/ul>\n<p>&nbsp;<\/p>\n<p><b>Site web: <\/b><a href=\"http:\/\/www.assoplanning.org\">http:\/\/www.assoplanning.org\u00a0<\/a><\/p>\n<p><b>Facebook:<\/b><a href=\"https:\/\/www.facebook.com\/APUvilleneuve\/\"><span style=\"font-weight: 400;\"> https:\/\/www.facebook.com\/APUvilleneuve\/ <\/span><\/a><\/p>\n<p><b>Twitter:<\/b><a href=\"https:\/\/twitter.com\/reseau_urbain\"><span style=\"font-weight: 400;\"> https:\/\/twitter.com\/reseau_urbain<\/span><\/a><\/p>\n<p>&nbsp;<\/p>\n","protected":false},"featured_media":56568,"template":"","meta":{"_acf_changed":false,"_et_pb_use_builder":"","_et_pb_old_content":"","_et_gb_content_width":"","cybocfi_hide_featured_image":""},"categories":[],"tags":[],"themes":[170,161,169,177,164,175,118],"agendas_globales":[],"class_list":["post-56567","organizations","type-organizations","status-publish","has-post-thumbnail","hentry","themes-citoyennete-inclusive","themes-economies-diversifiees-et-inclusives","themes-egalite-de-genre","themes-espaces-publics-de-qualite","themes-fonctions-sociales-remplies","themes-non-discrimination","themes-participation-politique"],"acf":[],"yoast_head":"<!-- This site is optimized with the Yoast SEO plugin v27.5 - https:\/\/yoast.com\/product\/yoast-seo-wordpress\/ -->\n<title>Atelier Populaire d&#039;Urbanisme-APU - Right to the city<\/title>\n<meta name=\"robots\" content=\"index, follow, max-snippet:-1, max-image-preview:large, max-video-preview:-1\" \/>\n<link rel=\"canonical\" href=\"https:\/\/www.right2city.org\/fr\/organizations\/atelier-populaire-durbanisme-apu\/\" \/>\n<meta property=\"og:locale\" content=\"fr_FR\" \/>\n<meta property=\"og:type\" content=\"article\" \/>\n<meta property=\"og:title\" content=\"Atelier Populaire d&#039;Urbanisme-APU - Right to the city\" \/>\n<meta property=\"og:description\" content=\"&nbsp; &nbsp; &nbsp; Description: Atelier Populaire d&rsquo;Urbanisme : mobilisation des habitants de la Villeneuve pour le Droit \u00e0 la Ville Mission:\u00a0D\u00e9fendre les int\u00e9r\u00eats des habitants de la Villeneuve de Grenoble dans le projet de r\u00e9novation urbaine Port\u00e9e: Locale Composantes du Droit \u00e0 la Ville: 1. Non-discrimination 2. \u00c9galit\u00e9 de genre 3. Citoyennet\u00e9 inclusive 4. Participation [&hellip;]\" \/>\n<meta property=\"og:url\" content=\"https:\/\/www.right2city.org\/fr\/organizations\/atelier-populaire-durbanisme-apu\/\" \/>\n<meta property=\"og:site_name\" content=\"Right to the city\" \/>\n<meta property=\"og:image\" content=\"https:\/\/www.right2city.org\/wp-content\/uploads\/2020\/08\/Capture-d\u2019e\u0301cran-2020-08-28-a\u0300-10.18.42.png\" \/>\n\t<meta property=\"og:image:width\" content=\"208\" \/>\n\t<meta property=\"og:image:height\" content=\"128\" \/>\n\t<meta property=\"og:image:type\" content=\"image\/png\" \/>\n<meta name=\"twitter:card\" content=\"summary_large_image\" \/>\n<meta name=\"twitter:label1\" content=\"Dur\u00e9e de lecture estim\u00e9e\" \/>\n\t<meta name=\"twitter:data1\" content=\"1 minute\" \/>\n<script type=\"application\/ld+json\" class=\"yoast-schema-graph\">{\"@context\":\"https:\\\/\\\/schema.org\",\"@graph\":[{\"@type\":\"WebPage\",\"@id\":\"https:\\\/\\\/www.right2city.org\\\/fr\\\/organizations\\\/atelier-populaire-durbanisme-apu\\\/\",\"url\":\"https:\\\/\\\/www.right2city.org\\\/fr\\\/organizations\\\/atelier-populaire-durbanisme-apu\\\/\",\"name\":\"Atelier Populaire d'Urbanisme-APU - Right to the city\",\"isPartOf\":{\"@id\":\"https:\\\/\\\/www.right2city.org\\\/fr\\\/#website\"},\"primaryImageOfPage\":{\"@id\":\"https:\\\/\\\/www.right2city.org\\\/fr\\\/organizations\\\/atelier-populaire-durbanisme-apu\\\/#primaryimage\"},\"image\":{\"@id\":\"https:\\\/\\\/www.right2city.org\\\/fr\\\/organizations\\\/atelier-populaire-durbanisme-apu\\\/#primaryimage\"},\"thumbnailUrl\":\"https:\\\/\\\/www.right2city.org\\\/wp-content\\\/uploads\\\/2020\\\/08\\\/Capture-d\u2019e\u0301cran-2020-08-28-a\u0300-10.18.42.png\",\"datePublished\":\"2020-08-28T08:22:20+00:00\",\"breadcrumb\":{\"@id\":\"https:\\\/\\\/www.right2city.org\\\/fr\\\/organizations\\\/atelier-populaire-durbanisme-apu\\\/#breadcrumb\"},\"inLanguage\":\"fr-FR\",\"potentialAction\":[{\"@type\":\"ReadAction\",\"target\":[\"https:\\\/\\\/www.right2city.org\\\/fr\\\/organizations\\\/atelier-populaire-durbanisme-apu\\\/\"]}]},{\"@type\":\"ImageObject\",\"inLanguage\":\"fr-FR\",\"@id\":\"https:\\\/\\\/www.right2city.org\\\/fr\\\/organizations\\\/atelier-populaire-durbanisme-apu\\\/#primaryimage\",\"url\":\"https:\\\/\\\/www.right2city.org\\\/wp-content\\\/uploads\\\/2020\\\/08\\\/Capture-d\u2019e\u0301cran-2020-08-28-a\u0300-10.18.42.png\",\"contentUrl\":\"https:\\\/\\\/www.right2city.org\\\/wp-content\\\/uploads\\\/2020\\\/08\\\/Capture-d\u2019e\u0301cran-2020-08-28-a\u0300-10.18.42.png\",\"width\":208,\"height\":128},{\"@type\":\"BreadcrumbList\",\"@id\":\"https:\\\/\\\/www.right2city.org\\\/fr\\\/organizations\\\/atelier-populaire-durbanisme-apu\\\/#breadcrumb\",\"itemListElement\":[{\"@type\":\"ListItem\",\"position\":1,\"name\":\"Home\",\"item\":\"https:\\\/\\\/www.right2city.org\\\/fr\\\/\"},{\"@type\":\"ListItem\",\"position\":2,\"name\":\"Atelier Populaire d&rsquo;Urbanisme-APU\"}]},{\"@type\":\"WebSite\",\"@id\":\"https:\\\/\\\/www.right2city.org\\\/fr\\\/#website\",\"url\":\"https:\\\/\\\/www.right2city.org\\\/fr\\\/\",\"name\":\"Right to the city\",\"description\":\"Global Platform for the Right to the City\",\"potentialAction\":[{\"@type\":\"SearchAction\",\"target\":{\"@type\":\"EntryPoint\",\"urlTemplate\":\"https:\\\/\\\/www.right2city.org\\\/fr\\\/?s={search_term_string}\"},\"query-input\":{\"@type\":\"PropertyValueSpecification\",\"valueRequired\":true,\"valueName\":\"search_term_string\"}}],\"inLanguage\":\"fr-FR\"}]}<\/script>\n<!-- \/ Yoast SEO plugin. -->","yoast_head_json":{"title":"Atelier Populaire d'Urbanisme-APU - Right to the city","robots":{"index":"index","follow":"follow","max-snippet":"max-snippet:-1","max-image-preview":"max-image-preview:large","max-video-preview":"max-video-preview:-1"},"canonical":"https:\/\/www.right2city.org\/fr\/organizations\/atelier-populaire-durbanisme-apu\/","og_locale":"fr_FR","og_type":"article","og_title":"Atelier Populaire d'Urbanisme-APU - Right to the city","og_description":"&nbsp; &nbsp; &nbsp; Description: Atelier Populaire d&rsquo;Urbanisme : mobilisation des habitants de la Villeneuve pour le Droit \u00e0 la Ville Mission:\u00a0D\u00e9fendre les int\u00e9r\u00eats des habitants de la Villeneuve de Grenoble dans le projet de r\u00e9novation urbaine Port\u00e9e: Locale Composantes du Droit \u00e0 la Ville: 1. Non-discrimination 2. \u00c9galit\u00e9 de genre 3. Citoyennet\u00e9 inclusive 4. Participation [&hellip;]","og_url":"https:\/\/www.right2city.org\/fr\/organizations\/atelier-populaire-durbanisme-apu\/","og_site_name":"Right to the city","og_image":[{"width":208,"height":128,"url":"https:\/\/www.right2city.org\/wp-content\/uploads\/2020\/08\/Capture-d\u2019e\u0301cran-2020-08-28-a\u0300-10.18.42.png","type":"image\/png"}],"twitter_card":"summary_large_image","twitter_misc":{"Dur\u00e9e de lecture estim\u00e9e":"1 minute"},"schema":{"@context":"https:\/\/schema.org","@graph":[{"@type":"WebPage","@id":"https:\/\/www.right2city.org\/fr\/organizations\/atelier-populaire-durbanisme-apu\/","url":"https:\/\/www.right2city.org\/fr\/organizations\/atelier-populaire-durbanisme-apu\/","name":"Atelier Populaire d'Urbanisme-APU - Right to the city","isPartOf":{"@id":"https:\/\/www.right2city.org\/fr\/#website"},"primaryImageOfPage":{"@id":"https:\/\/www.right2city.org\/fr\/organizations\/atelier-populaire-durbanisme-apu\/#primaryimage"},"image":{"@id":"https:\/\/www.right2city.org\/fr\/organizations\/atelier-populaire-durbanisme-apu\/#primaryimage"},"thumbnailUrl":"https:\/\/www.right2city.org\/wp-content\/uploads\/2020\/08\/Capture-d\u2019e\u0301cran-2020-08-28-a\u0300-10.18.42.png","datePublished":"2020-08-28T08:22:20+00:00","breadcrumb":{"@id":"https:\/\/www.right2city.org\/fr\/organizations\/atelier-populaire-durbanisme-apu\/#breadcrumb"},"inLanguage":"fr-FR","potentialAction":[{"@type":"ReadAction","target":["https:\/\/www.right2city.org\/fr\/organizations\/atelier-populaire-durbanisme-apu\/"]}]},{"@type":"ImageObject","inLanguage":"fr-FR","@id":"https:\/\/www.right2city.org\/fr\/organizations\/atelier-populaire-durbanisme-apu\/#primaryimage","url":"https:\/\/www.right2city.org\/wp-content\/uploads\/2020\/08\/Capture-d\u2019e\u0301cran-2020-08-28-a\u0300-10.18.42.png","contentUrl":"https:\/\/www.right2city.org\/wp-content\/uploads\/2020\/08\/Capture-d\u2019e\u0301cran-2020-08-28-a\u0300-10.18.42.png","width":208,"height":128},{"@type":"BreadcrumbList","@id":"https:\/\/www.right2city.org\/fr\/organizations\/atelier-populaire-durbanisme-apu\/#breadcrumb","itemListElement":[{"@type":"ListItem","position":1,"name":"Home","item":"https:\/\/www.right2city.org\/fr\/"},{"@type":"ListItem","position":2,"name":"Atelier Populaire d&rsquo;Urbanisme-APU"}]},{"@type":"WebSite","@id":"https:\/\/www.right2city.org\/fr\/#website","url":"https:\/\/www.right2city.org\/fr\/","name":"Right to the city","description":"Global Platform for the Right to the City","potentialAction":[{"@type":"SearchAction","target":{"@type":"EntryPoint","urlTemplate":"https:\/\/www.right2city.org\/fr\/?s={search_term_string}"},"query-input":{"@type":"PropertyValueSpecification","valueRequired":true,"valueName":"search_term_string"}}],"inLanguage":"fr-FR"}]}},"_links":{"self":[{"href":"https:\/\/www.right2city.org\/fr\/wp-json\/wp\/v2\/organizations\/56567","targetHints":{"allow":["GET"]}}],"collection":[{"href":"https:\/\/www.right2city.org\/fr\/wp-json\/wp\/v2\/organizations"}],"about":[{"href":"https:\/\/www.right2city.org\/fr\/wp-json\/wp\/v2\/types\/organizations"}],"wp:featuredmedia":[{"embeddable":true,"href":"https:\/\/www.right2city.org\/fr\/wp-json\/wp\/v2\/media\/56568"}],"wp:attachment":[{"href":"https:\/\/www.right2city.org\/fr\/wp-json\/wp\/v2\/media?parent=56567"}],"wp:term":[{"taxonomy":"category","embeddable":true,"href":"https:\/\/www.right2city.org\/fr\/wp-json\/wp\/v2\/categories?post=56567"},{"taxonomy":"post_tag","embeddable":true,"href":"https:\/\/www.right2city.org\/fr\/wp-json\/wp\/v2\/tags?post=56567"},{"taxonomy":"themes","embeddable":true,"href":"https:\/\/www.right2city.org\/fr\/wp-json\/wp\/v2\/themes?post=56567"},{"taxonomy":"agendas_globales","embeddable":true,"href":"https:\/\/www.right2city.org\/fr\/wp-json\/wp\/v2\/agendas_globales?post=56567"}],"curies":[{"name":"wp","href":"https:\/\/api.w.org\/{rel}","templated":true}]}}

<p><img loading="lazy" decoding="async" class="size-full wp-image-56568 alignleft" src="https://www.right2city.org/wp-content/uploads/2020/08/Capture-d’écran-2020-08-28-à-10.18.42.png" alt="" width="208" height="128" /></p>
<p>&nbsp;</p>
<p>&nbsp;</p>
<p>&nbsp;</p>
<p><b>Description: </b>Atelier Populaire d&rsquo;Urbanisme : mobilisation des habitants de la Villeneuve pour le Droit à la Ville</p>
<p><b>Mission: </b>Défendre les intérêts des habitants de la Villeneuve de Grenoble dans le projet de rénovation urbaine</p>
<p><b>Portée:</b><span style="font-weight: 400;"> Locale</span></p>
<p><b>Composantes du Droit à la Ville:</b></p>
<ul>
<li style="font-weight: 400;"><span style="font-weight: 400;">1. Non-discrimination</span></li>
<li style="font-weight: 400;"><span style="font-weight: 400;">2. Égalité de genre</span></li>
<li style="font-weight: 400;"><span style="font-weight: 400;">3. Citoyenneté inclusive</span></li>
<li style="font-weight: 400;"><span style="font-weight: 400;">4. Participation politique</span></li>
<li style="font-weight: 400;"><span style="font-weight: 400;">5. Fonctions sociales remplies</span></li>
<li style="font-weight: 400;"><span style="font-weight: 400;">6. Espaces et services publics de qualité</span></li>
<li style="font-weight: 400;"><span style="font-weight: 400;">7. Des économies diversifiées et inclusives</span></li>
</ul>
<p>&nbsp;</p>
<p><b>Groupes de Travail:</b></p>
<ul>
<li style="font-weight: 400;"><span style="font-weight: 400;">Plaidoyer</span></li>
<li style="font-weight: 400;"><span style="font-weight: 400;">Recherche et formation</span></li>
<li style="font-weight: 400;"><span style="font-weight: 400;">Communication</span></li>
<li style="font-weight: 400;"><span style="font-weight: 400;">Régional</span></li>
</ul>
<p>&nbsp;</p>
<p><b>Site web: </b><a href="http://www.assoplanning.org">http://www.assoplanning.org </a></p>
<p><b>Facebook:</b><a href="https://www.facebook.com/APUvilleneuve/"><span style="font-weight: 400;"> https://www.facebook.com/APUvilleneuve/ </span></a></p>
<p><b>Twitter:</b><a href="https://twitter.com/reseau_urbain"><span style="font-weight: 400;"> https://twitter.com/reseau_urbain</span></a></p>
<p>&nbsp;</p>

<!-- This site is optimized with the Yoast SEO plugin v27.5 - https://yoast.com/product/yoast-seo-wordpress/ -->
<title>Atelier Populaire d&#039;Urbanisme-APU - Right to the city</title>
<meta name="robots" content="index, follow, max-snippet:-1, max-image-preview:large, max-video-preview:-1" />
<link rel="canonical" href="https://www.right2city.org/fr/organizations/atelier-populaire-durbanisme-apu/" />
<meta property="og:locale" content="fr_FR" />
<meta property="og:type" content="article" />
<meta property="og:title" content="Atelier Populaire d&#039;Urbanisme-APU - Right to the city" />
<meta property="og:description" content="&nbsp; &nbsp; &nbsp; Description: Atelier Populaire d&rsquo;Urbanisme : mobilisation des habitants de la Villeneuve pour le Droit à la Ville Mission: Défendre les intérêts des habitants de la Villeneuve de Grenoble dans le projet de rénovation urbaine Portée: Locale Composantes du Droit à la Ville: 1. Non-discrimination 2. Égalité de genre 3. Citoyenneté inclusive 4. Participation [&hellip;]" />
<meta property="og:url" content="https://www.right2city.org/fr/organizations/atelier-populaire-durbanisme-apu/" />
<meta property="og:site_name" content="Right to the city" />
<meta property="og:image" content="https://www.right2city.org/wp-content/uploads/2020/08/Capture-d’écran-2020-08-28-à-10.18.42.png" />
	<meta property="og:image:width" content="208" />
	<meta property="og:image:height" content="128" />
	<meta property="og:image:type" content="image/png" />
<meta name="twitter:card" content="summary_large_image" />
<meta name="twitter:label1" content="Durée de lecture estimée" />
	<meta name="twitter:data1" content="1 minute" />
<script type="application/ld+json" class="yoast-schema-graph">{"@context":"https:\/\/schema.org","@graph":[{"@type":"WebPage","@id":"https:\/\/www.right2city.org\/fr\/organizations\/atelier-populaire-durbanisme-apu\/","url":"https:\/\/www.right2city.org\/fr\/organizations\/atelier-populaire-durbanisme-apu\/","name":"Atelier Populaire d'Urbanisme-APU - Right to the city","isPartOf":{"@id":"https:\/\/www.right2city.org\/fr\/#website"},"primaryImageOfPage":{"@id":"https:\/\/www.right2city.org\/fr\/organizations\/atelier-populaire-durbanisme-apu\/#primaryimage"},"image":{"@id":"https:\/\/www.right2city.org\/fr\/organizations\/atelier-populaire-durbanisme-apu\/#primaryimage"},"thumbnailUrl":"https:\/\/www.right2city.org\/wp-content\/uploads\/2020\/08\/Capture-d’écran-2020-08-28-à-10.18.42.png","datePublished":"2020-08-28T08:22:20+00:00","breadcrumb":{"@id":"https:\/\/www.right2city.org\/fr\/organizations\/atelier-populaire-durbanisme-apu\/#breadcrumb"},"inLanguage":"fr-FR","potentialAction":[{"@type":"ReadAction","target":["https:\/\/www.right2city.org\/fr\/organizations\/atelier-populaire-durbanisme-apu\/"]}]},{"@type":"ImageObject","inLanguage":"fr-FR","@id":"https:\/\/www.right2city.org\/fr\/organizations\/atelier-populaire-durbanisme-apu\/#primaryimage","url":"https:\/\/www.right2city.org\/wp-content\/uploads\/2020\/08\/Capture-d’écran-2020-08-28-à-10.18.42.png","contentUrl":"https:\/\/www.right2city.org\/wp-content\/uploads\/2020\/08\/Capture-d’écran-2020-08-28-à-10.18.42.png","width":208,"height":128},{"@type":"BreadcrumbList","@id":"https:\/\/www.right2city.org\/fr\/organizations\/atelier-populaire-durbanisme-apu\/#breadcrumb","itemListElement":[{"@type":"ListItem","position":1,"name":"Home","item":"https:\/\/www.right2city.org\/fr\/"},{"@type":"ListItem","position":2,"name":"Atelier Populaire d&rsquo;Urbanisme-APU"}]},{"@type":"WebSite","@id":"https:\/\/www.right2city.org\/fr\/#website","url":"https:\/\/www.right2city.org\/fr\/","name":"Right to the city","description":"Global Platform for the Right to the City","potentialAction":[{"@type":"SearchAction","target":{"@type":"EntryPoint","urlTemplate":"https:\/\/www.right2city.org\/fr\/?s={search_term_string}"},"query-input":{"@type":"PropertyValueSpecification","valueRequired":true,"valueName":"search_term_string"}}],"inLanguage":"fr-FR"}]}</script>
<!-- / Yoast SEO plugin. -->

&nbsp; &nbsp; &nbsp; Description: Atelier Populaire d&rsquo;Urbanisme : mobilisation des habitants de la Villeneuve pour le Droit à la Ville Mission: Défendre les intérêts des habitants de la Villeneuve de Grenoble dans le projet de rénovation urbaine Portée: Locale Composantes du Droit à la Ville: 1. Non-discrimination 2. Égalité de genre 3. Citoyenneté inclusive 4. Participation [&hellip;]
